{"id":630,"date":"2017-02-16T22:56:30","date_gmt":"2017-02-16T21:56:30","guid":{"rendered":"http:\/\/agora.xtec.cat\/iesverdaguer\/?page_id=630"},"modified":"2026-02-17T13:53:10","modified_gmt":"2026-02-17T12:53:10","slug":"estudis-2","status":"publish","type":"page","link":"https:\/\/agora.xtec.cat\/iesverdaguer\/linstitut\/estudis-2\/","title":{"rendered":"Estudis"},"content":{"rendered":"<p>A l\u2019institut Verdaguer es pot estudiar:<\/p>\n<p style=\"text-align: justify;\">\u2022 <strong>L\u2019educaci\u00f3 secund\u00e0ria obligat\u00f2ria (ESO)<\/strong> que consta de 4 cursos lectius agrupats en dos cicles. Al final d\u2019aquest per\u00edode els alumnes obtenen el Graduat de Secund\u00e0ria Obligat\u00f2ria que els d\u00f3na acc\u00e9s al Batxillerat, a cicles formatius de grau mitj\u00e0 o al m\u00f3n del treball.<\/p>\n<p style=\"text-align: justify;\">\u2022 <strong>Batxillerat cient\u00edfic-tecnol\u00f2gic i social-human\u00edstic<\/strong>. Aquesta etapa consta de dos cursos i el seu t\u00edtol d\u00f3na acc\u00e9s als cicles formatius de grau superior i a la universitat. En aquest darrer cas cal que facin les proves d\u2019acc\u00e9s a la universitat (PAU).<\/p>\n<p><b>\u2022 Batxillerat sanitari:<\/b> <span style=\"font-weight: 400;\">L\u2019oferta es concreta en un treball conjunt de l\u2019institut de FP Sanit\u00e0ria Hospital del Mar i l\u2019institut Verdaguer i consisteix en uns estudis en 3 anys en que s\u2019obt\u00e9 el t\u00edtol de Batxillerat i el cicle formatiu de grau mitj\u00e0 de farm\u00e0cia. \u00c9s una oferta dirigida a estudiants de batxillerat que, en el futur, volen treballar en el camp sanitari.<\/span><\/p>\n","protected":false},"excerpt":{"rendered":"<p>A l\u2019institut Verdaguer es pot estudiar: \u2022 L\u2019educaci\u00f3 secund\u00e0ria obligat\u00f2ria (ESO) que consta de 4 cursos lectius agrupats en dos cicles. Al final d\u2019aquest per\u00edode els alumnes obtenen el Graduat de Secund\u00e0ria Obligat\u00f2ria que els d\u00f3na acc\u00e9s al Batxillerat, a cicles formatius de grau mitj\u00e0 o al m\u00f3n del treball. \u2022 Batxillerat cient\u00edfic-tecnol\u00f2gic i social-human\u00edstic. [&hellip;]<\/p>\n","protected":false},"author":1,"featured_media":0,"parent":19,"menu_order":0,"comment_status":"closed","ping_status":"closed","template":"","meta":{"_bbp_topic_count":0,"_bbp_reply_count":0,"_bbp_total_topic_count":0,"_bbp_total_reply_count":0,"_bbp_voice_count":0,"_bbp_anonymous_reply_count":0,"_bbp_topic_count_hidden":0,"_bbp_reply_count_hidden":0,"_bbp_forum_subforum_count":0,"site-sidebar-layout":"default","site-content-layout":"","ast-site-content-layout":"default","site-content-style":"default","site-sidebar-style":"default","ast-global-header-display":"","ast-banner-title-visibility":"","ast-main-header-display":"","ast-hfb-above-header-display":"","ast-hfb-below-header-display":"","ast-hfb-mobile-header-display":"","site-post-title":"","ast-breadcrumbs-content":"","ast-featured-img":"","footer-sml-layout":"","theme-transparent-header-meta":"","adv-header-id-meta":"","stick-header-meta":"","header-above-stick-meta":"","header-main-stick-meta":"","header-below-stick-meta":"","astra-migrate-meta-layouts":"set","ast-page-background-enabled":"default","ast-page-background-meta":{"desktop":{"background-color":"var(--ast-global-color-4)","background-image":"","background-repeat":"repeat","background-position":"center center","background-size":"auto","background-attachment":"scroll","background-type":"","background-media":"","overlay-type":"","overlay-color":"","overlay-opacity":"","overlay-gradient":""},"tablet":{"background-color":"","background-image":"","background-repeat":"repeat","background-position":"center center","background-size":"auto","background-attachment":"scroll","background-type":"","background-media":"","overlay-type":"","overlay-color":"","overlay-opacity":"","overlay-gradient":""},"mobile":{"background-color":"","background-image":"","background-repeat":"repeat","background-position":"center center","background-size":"auto","background-attachment":"scroll","background-type":"","background-media":"","overlay-type":"","overlay-color":"","overlay-opacity":"","overlay-gradient":""}},"ast-content-background-meta":{"desktop":{"background-color":"var(--ast-global-color-5)","background-image":"","background-repeat":"repeat","background-position":"center center","background-size":"auto","background-attachment":"scroll","background-type":"","background-media":"","overlay-type":"","overlay-color":"","overlay-opacity":"","overlay-gradient":""},"tablet":{"background-color":"var(--ast-global-color-5)","background-image":"","background-repeat":"repeat","background-position":"center center","background-size":"auto","background-attachment":"scroll","background-type":"","background-media":"","overlay-type":"","overlay-color":"","overlay-opacity":"","overlay-gradient":""},"mobile":{"background-color":"var(--ast-global-color-5)","background-image":"","background-repeat":"repeat","background-position":"center center","background-size":"auto","background-attachment":"scroll","background-type":"","background-media":"","overlay-type":"","overlay-color":"","overlay-opacity":"","overlay-gradient":""}},"footnotes":""},"class_list":["post-630","page","type-page","status-publish","hentry"],"post_mailing_queue_ids":[],"_links":{"self":[{"href":"https:\/\/agora.xtec.cat\/iesverdaguer\/wp-json\/wp\/v2\/pages\/630","targetHints":{"allow":["GET"]}}],"collection":[{"href":"https:\/\/agora.xtec.cat\/iesverdaguer\/wp-json\/wp\/v2\/pages"}],"about":[{"href":"https:\/\/agora.xtec.cat\/iesverdaguer\/wp-json\/wp\/v2\/types\/page"}],"author":[{"embeddable":true,"href":"https:\/\/agora.xtec.cat\/iesverdaguer\/wp-json\/wp\/v2\/users\/1"}],"replies":[{"embeddable":true,"href":"https:\/\/agora.xtec.cat\/iesverdaguer\/wp-json\/wp\/v2\/comments?post=630"}],"version-history":[{"count":4,"href":"https:\/\/agora.xtec.cat\/iesverdaguer\/wp-json\/wp\/v2\/pages\/630\/revisions"}],"predecessor-version":[{"id":11962,"href":"https:\/\/agora.xtec.cat\/iesverdaguer\/wp-json\/wp\/v2\/pages\/630\/revisions\/11962"}],"up":[{"embeddable":true,"href":"https:\/\/agora.xtec.cat\/iesverdaguer\/wp-json\/wp\/v2\/pages\/19"}],"wp:attachment":[{"href":"https:\/\/agora.xtec.cat\/iesverdaguer\/wp-json\/wp\/v2\/media?parent=630"}],"curies":[{"name":"wp","href":"https:\/\/api.w.org\/{rel}","templated":true}]}}