{"id":952,"date":"2020-03-26T13:38:08","date_gmt":"2020-03-26T12:38:08","guid":{"rendered":"http:\/\/agora.xtec.cat\/iesventuragassol\/?page_id=952"},"modified":"2020-04-05T02:02:38","modified_gmt":"2020-04-05T00:02:38","slug":"ambits-didactics","status":"publish","type":"page","link":"https:\/\/agora.xtec.cat\/iesventuragassol\/ambits-didactics\/","title":{"rendered":"\u00c0mbits did\u00e0ctics"},"content":{"rendered":"<p>Els<strong> \u00e0mbits did\u00e0ctics s\u00f3n les distintes agrupacions de les \u00e0rees de coneixement<\/strong> en qu\u00e8 incideix el curr\u00edculum educatiu de l&#8217;alumnat. <strong>Cada \u00e0mbit treballa les compet\u00e8ncies b\u00e0siques pr\u00f2pies<\/strong> de les mat\u00e8ries que aplega, <strong>estableix la metodologia did\u00e0ctica i els criteris d&#8217;avaluaci\u00f3<\/strong>, d&#8217;acord amb els principis que fixa el projecte educatiu de centre.<\/p>\n<table style=\"height: 462px;\">\n<tbody>\n<tr style=\"height: 65px;\">\n<td style=\"text-align: center; height: 65px; width: 193px; background-color: #0eab16;\">\n<h5><strong><span style=\"color: #ffffff;\">Llengua catalana i literatura<\/span><\/strong><\/h5>\n<\/td>\n<td style=\"text-align: center; height: 65px; width: 170px; background-color: #0eab16;\">\n<h5><strong><span style=\"color: #ffffff;\">Llengua castellana i literatura<\/span><\/strong><\/h5>\n<\/td>\n<td style=\"text-align: center; height: 65px; width: 125px; background-color: #0eab16;\">\n<h5><strong><span style=\"color: #ffffff;\">Matem\u00e0tiques<\/span><\/strong><\/h5>\n<\/td>\n<td style=\"text-align: center; height: 65px; width: 110px; background-color: #0eab16;\">\n<h5><strong><span style=\"color: #ffffff;\">Idiomes<\/span><\/strong><\/h5>\n<\/td>\n<td style=\"text-align: center; height: 65px; width: 127px; background-color: #0eab16;\">\n<h5><strong><span style=\"color: #ffffff;\">Ci\u00e8ncies Socials<\/span><\/strong><\/h5>\n<\/td>\n<\/tr>\n<tr style=\"height: 166px;\">\n<td style=\"height: 166px; width: 193px;\"><a href=\"https:\/\/agora.xtec.cat\/iesventuragassol\/ambits-didactics\/llengua-catalana-i-literatura\/\"><img loading=\"lazy\" decoding=\"async\" class=\"aligncenter wp-image-1241 size-thumbnail\" src=\"https:\/\/agora.xtec.cat\/iesventuragassol\/wp-content\/uploads\/usu1243\/2020\/03\/\u00c7-150x150.jpg\" alt=\"\" width=\"150\" height=\"150\" srcset=\"https:\/\/agora.xtec.cat\/iesventuragassol\/wp-content\/uploads\/usu1243\/2020\/03\/\u00c7-150x150.jpg 150w, https:\/\/agora.xtec.cat\/iesventuragassol\/wp-content\/uploads\/usu1243\/2020\/03\/\u00c7-298x300.jpg 298w, https:\/\/agora.xtec.cat\/iesventuragassol\/wp-content\/uploads\/usu1243\/2020\/03\/\u00c7.jpg 324w\" sizes=\"auto, (max-width: 150px) 100vw, 150px\" \/><\/a><\/td>\n<td style=\"height: 166px; width: 170px;\"><a href=\"https:\/\/agora.xtec.cat\/iesventuragassol\/ambits-didactics\/llengua-castellana-i-literatura\/\"><img loading=\"lazy\" decoding=\"async\" class=\"aligncenter wp-image-1242 size-thumbnail\" src=\"https:\/\/agora.xtec.cat\/iesventuragassol\/wp-content\/uploads\/usu1243\/2020\/03\/\u00d1-150x150.jpg\" alt=\"\" width=\"150\" height=\"150\" \/><\/a><\/td>\n<td style=\"height: 166px; width: 125px;\"><a href=\"https:\/\/agora.xtec.cat\/iesventuragassol\/ambits-didactics\/matematiques\/\" target=\"_blank\" rel=\"noopener noreferrer\"><img loading=\"lazy\" decoding=\"async\" class=\"size-thumbnail wp-image-1237 aligncenter\" src=\"https:\/\/agora.xtec.cat\/iesventuragassol\/wp-content\/uploads\/usu1243\/2020\/03\/calculadora-150x150.png\" alt=\"\" width=\"150\" height=\"150\" srcset=\"https:\/\/agora.xtec.cat\/iesventuragassol\/wp-content\/uploads\/usu1243\/2020\/03\/calculadora-150x150.png 150w, https:\/\/agora.xtec.cat\/iesventuragassol\/wp-content\/uploads\/usu1243\/2020\/03\/calculadora-300x300.png 300w, https:\/\/agora.xtec.cat\/iesventuragassol\/wp-content\/uploads\/usu1243\/2020\/03\/calculadora.png 512w\" sizes=\"auto, (max-width: 150px) 100vw, 150px\" \/><\/a><\/td>\n<td style=\"height: 166px; width: 110px;\"><a href=\"https:\/\/agora.xtec.cat\/iesventuragassol\/ambits-didactics\/idiomes\/\"><img loading=\"lazy\" decoding=\"async\" class=\"aligncenter wp-image-1379\" src=\"https:\/\/agora.xtec.cat\/iesventuragassol\/wp-content\/uploads\/usu1243\/2020\/03\/londres-300x300.png\" alt=\"\" width=\"75\" height=\"75\" srcset=\"https:\/\/agora.xtec.cat\/iesventuragassol\/wp-content\/uploads\/usu1243\/2020\/03\/londres-300x300.png 300w, https:\/\/agora.xtec.cat\/iesventuragassol\/wp-content\/uploads\/usu1243\/2020\/03\/londres-150x150.png 150w, https:\/\/agora.xtec.cat\/iesventuragassol\/wp-content\/uploads\/usu1243\/2020\/03\/londres.png 512w\" sizes=\"auto, (max-width: 75px) 100vw, 75px\" \/><\/a> <a href=\"https:\/\/agora.xtec.cat\/iesventuragassol\/ambits-didactics\/idiomes\/\"><img loading=\"lazy\" decoding=\"async\" class=\"aligncenter wp-image-1380\" src=\"https:\/\/agora.xtec.cat\/iesventuragassol\/wp-content\/uploads\/usu1243\/2020\/03\/paris-300x300.png\" alt=\"\" width=\"75\" height=\"75\" srcset=\"https:\/\/agora.xtec.cat\/iesventuragassol\/wp-content\/uploads\/usu1243\/2020\/03\/paris-300x300.png 300w, https:\/\/agora.xtec.cat\/iesventuragassol\/wp-content\/uploads\/usu1243\/2020\/03\/paris-150x150.png 150w, https:\/\/agora.xtec.cat\/iesventuragassol\/wp-content\/uploads\/usu1243\/2020\/03\/paris.png 512w\" sizes=\"auto, (max-width: 75px) 100vw, 75px\" \/><\/a><\/td>\n<td style=\"height: 166px; width: 127px;\"><a href=\"https:\/\/agora.xtec.cat\/iesventuragassol\/ambits-didactics\/ciencies-socials-geografia-i-historia\/\"><img loading=\"lazy\" decoding=\"async\" class=\"alignright wp-image-1386 size-thumbnail\" src=\"https:\/\/agora.xtec.cat\/iesventuragassol\/wp-content\/uploads\/usu1243\/2020\/03\/historia-150x150.png\" alt=\"\" width=\"150\" height=\"150\" srcset=\"https:\/\/agora.xtec.cat\/iesventuragassol\/wp-content\/uploads\/usu1243\/2020\/03\/historia-150x150.png 150w, https:\/\/agora.xtec.cat\/iesventuragassol\/wp-content\/uploads\/usu1243\/2020\/03\/historia-300x300.png 300w, https:\/\/agora.xtec.cat\/iesventuragassol\/wp-content\/uploads\/usu1243\/2020\/03\/historia.png 512w\" sizes=\"auto, (max-width: 150px) 100vw, 150px\" \/><\/a><\/td>\n<\/tr>\n<tr style=\"height: 65px;\">\n<td style=\"text-align: center; height: 65px; width: 193px; background-color: #0eab16;\">\n<h5><strong><span style=\"color: #ffffff;\">Ci\u00e8ncies Naturals i Experimentals<\/span><\/strong><\/h5>\n<\/td>\n<td style=\"text-align: center; height: 65px; width: 170px; background-color: #0eab16;\">\n<h5><strong><span style=\"color: #ffffff;\">Tecnologies<\/span><\/strong><\/h5>\n<\/td>\n<td style=\"text-align: center; height: 65px; width: 125px; background-color: #0eab16;\">\n<h5><strong><span style=\"color: #ffffff;\">Educaci\u00f3 f\u00edsica<\/span><\/strong><\/h5>\n<\/td>\n<td style=\"text-align: center; height: 65px; width: 110px; background-color: #0eab16;\">\n<h5><strong><span style=\"color: #ffffff;\">Expressi\u00f3 art\u00edstica<\/span><\/strong><\/h5>\n<\/td>\n<td style=\"text-align: center; height: 65px; width: 127px; background-color: #0eab16;\">\n<h5><strong><span style=\"color: #ffffff;\">Orientaci\u00f3 i diversitat<\/span><\/strong><\/h5>\n<\/td>\n<\/tr>\n<tr style=\"height: 166px;\">\n<td style=\"height: 166px; width: 193px;\"><a href=\"https:\/\/agora.xtec.cat\/iesventuragassol\/ambits-didactics\/ciencies-naturals\/\" target=\"_blank\" rel=\"noopener noreferrer\"><img loading=\"lazy\" decoding=\"async\" class=\"aligncenter wp-image-1417\" src=\"https:\/\/agora.xtec.cat\/iesventuragassol\/wp-content\/uploads\/usu1243\/2020\/04\/adn-300x300.png\" alt=\"\" width=\"75\" height=\"75\" srcset=\"https:\/\/agora.xtec.cat\/iesventuragassol\/wp-content\/uploads\/usu1243\/2020\/04\/adn-300x300.png 300w, https:\/\/agora.xtec.cat\/iesventuragassol\/wp-content\/uploads\/usu1243\/2020\/04\/adn-150x150.png 150w, https:\/\/agora.xtec.cat\/iesventuragassol\/wp-content\/uploads\/usu1243\/2020\/04\/adn.png 512w\" sizes=\"auto, (max-width: 75px) 100vw, 75px\" \/><\/a> <a href=\"https:\/\/agora.xtec.cat\/iesventuragassol\/ambits-didactics\/ciencies-naturals\/\"><img loading=\"lazy\" decoding=\"async\" class=\"aligncenter wp-image-1437\" src=\"https:\/\/agora.xtec.cat\/iesventuragassol\/wp-content\/uploads\/usu1243\/2020\/04\/ciencias-300x300.png\" alt=\"\" width=\"75\" height=\"75\" srcset=\"https:\/\/agora.xtec.cat\/iesventuragassol\/wp-content\/uploads\/usu1243\/2020\/04\/ciencias-300x300.png 300w, https:\/\/agora.xtec.cat\/iesventuragassol\/wp-content\/uploads\/usu1243\/2020\/04\/ciencias-150x150.png 150w, https:\/\/agora.xtec.cat\/iesventuragassol\/wp-content\/uploads\/usu1243\/2020\/04\/ciencias.png 512w\" sizes=\"auto, (max-width: 75px) 100vw, 75px\" \/><\/a><\/td>\n<td style=\"height: 166px; width: 170px;\"><a href=\"https:\/\/agora.xtec.cat\/iesventuragassol\/ambits-didactics\/tecnologies\/\" target=\"_blank\" rel=\"noopener noreferrer\"><img loading=\"lazy\" decoding=\"async\" class=\"aligncenter wp-image-1809 size-thumbnail\" src=\"https:\/\/agora.xtec.cat\/iesventuragassol\/wp-content\/uploads\/usu1243\/2020\/04\/apoyo-2-150x150.png\" alt=\"\" width=\"150\" height=\"150\" srcset=\"https:\/\/agora.xtec.cat\/iesventuragassol\/wp-content\/uploads\/usu1243\/2020\/04\/apoyo-2-150x150.png 150w, https:\/\/agora.xtec.cat\/iesventuragassol\/wp-content\/uploads\/usu1243\/2020\/04\/apoyo-2-300x300.png 300w, https:\/\/agora.xtec.cat\/iesventuragassol\/wp-content\/uploads\/usu1243\/2020\/04\/apoyo-2.png 512w\" sizes=\"auto, (max-width: 150px) 100vw, 150px\" \/><\/a><\/td>\n<td style=\"height: 166px; width: 125px;\"><a href=\"https:\/\/agora.xtec.cat\/iesventuragassol\/ambits-didactics\/educacio-fisica\/\"><img loading=\"lazy\" decoding=\"async\" class=\"aligncenter wp-image-1240 size-thumbnail\" src=\"https:\/\/agora.xtec.cat\/iesventuragassol\/wp-content\/uploads\/usu1243\/2020\/03\/running-man-150x150.png\" alt=\"\" width=\"150\" height=\"150\" srcset=\"https:\/\/agora.xtec.cat\/iesventuragassol\/wp-content\/uploads\/usu1243\/2020\/03\/running-man-150x150.png 150w, https:\/\/agora.xtec.cat\/iesventuragassol\/wp-content\/uploads\/usu1243\/2020\/03\/running-man-300x300.png 300w, https:\/\/agora.xtec.cat\/iesventuragassol\/wp-content\/uploads\/usu1243\/2020\/03\/running-man.png 512w\" sizes=\"auto, (max-width: 150px) 100vw, 150px\" \/><\/a><\/td>\n<td style=\"height: 166px; width: 110px;\"><a href=\"https:\/\/agora.xtec.cat\/iesventuragassol\/ambits-didactics\/expressio-artistica\/\"><img loading=\"lazy\" decoding=\"async\" class=\"aligncenter wp-image-1476\" src=\"https:\/\/agora.xtec.cat\/iesventuragassol\/wp-content\/uploads\/usu1243\/2020\/04\/pintar-300x300.png\" alt=\"\" width=\"75\" height=\"75\" srcset=\"https:\/\/agora.xtec.cat\/iesventuragassol\/wp-content\/uploads\/usu1243\/2020\/04\/pintar-300x300.png 300w, https:\/\/agora.xtec.cat\/iesventuragassol\/wp-content\/uploads\/usu1243\/2020\/04\/pintar-150x150.png 150w, https:\/\/agora.xtec.cat\/iesventuragassol\/wp-content\/uploads\/usu1243\/2020\/04\/pintar.png 512w\" sizes=\"auto, (max-width: 75px) 100vw, 75px\" \/><\/a> <a href=\"https:\/\/agora.xtec.cat\/iesventuragassol\/ambits-didactics\/expressio-artistica\/\"><img loading=\"lazy\" decoding=\"async\" class=\"aligncenter wp-image-1477\" src=\"https:\/\/agora.xtec.cat\/iesventuragassol\/wp-content\/uploads\/usu1243\/2020\/04\/grabadora-300x300.png\" alt=\"\" width=\"75\" height=\"75\" srcset=\"https:\/\/agora.xtec.cat\/iesventuragassol\/wp-content\/uploads\/usu1243\/2020\/04\/grabadora-300x300.png 300w, https:\/\/agora.xtec.cat\/iesventuragassol\/wp-content\/uploads\/usu1243\/2020\/04\/grabadora-150x150.png 150w, https:\/\/agora.xtec.cat\/iesventuragassol\/wp-content\/uploads\/usu1243\/2020\/04\/grabadora.png 512w\" sizes=\"auto, (max-width: 75px) 100vw, 75px\" \/><\/a><\/td>\n<td style=\"height: 166px; width: 127px;\"><a href=\"https:\/\/agora.xtec.cat\/iesventuragassol\/ambits-didactics\/orientacio-i-diversitat\/\" target=\"_blank\" rel=\"noopener noreferrer\"><img loading=\"lazy\" decoding=\"async\" class=\"aligncenter wp-image-1483 size-thumbnail\" src=\"https:\/\/agora.xtec.cat\/iesventuragassol\/wp-content\/uploads\/usu1243\/2020\/04\/brujula-150x150.png\" alt=\"\" width=\"150\" height=\"150\" srcset=\"https:\/\/agora.xtec.cat\/iesventuragassol\/wp-content\/uploads\/usu1243\/2020\/04\/brujula-150x150.png 150w, https:\/\/agora.xtec.cat\/iesventuragassol\/wp-content\/uploads\/usu1243\/2020\/04\/brujula-300x300.png 300w, https:\/\/agora.xtec.cat\/iesventuragassol\/wp-content\/uploads\/usu1243\/2020\/04\/brujula.png 512w\" sizes=\"auto, (max-width: 150px) 100vw, 150px\" \/><\/a><\/td>\n<\/tr>\n<\/tbody>\n<\/table>\n","protected":false},"excerpt":{"rendered":"<p>Els \u00e0mbits did\u00e0ctics s\u00f3n les distintes agrupacions de les \u00e0rees de coneixement en qu\u00e8 incideix el curr\u00edculum educatiu de l&#8217;alumnat. Cada \u00e0mbit treballa les compet\u00e8ncies b\u00e0siques pr\u00f2pies de les mat\u00e8ries que aplega, estableix la metodologia did\u00e0ctica i els criteris d&#8217;avaluaci\u00f3, d&#8217;acord amb els principis que&hellip;  <a href=\"https:\/\/agora.xtec.cat\/iesventuragassol\/ambits-didactics\/\" title=\"Read \u00c0mbits did\u00e0ctics\">Llegeix m\u00e9s\u00bb<\/a><\/p>\n","protected":false},"author":1,"featured_media":0,"parent":0,"menu_order":0,"comment_status":"closed","ping_status":"closed","template":"page-templates\/side-menu.php","meta":{"_bbp_topic_count":0,"_bbp_reply_count":0,"_bbp_total_topic_count":0,"_bbp_total_reply_count":0,"_bbp_voice_count":0,"_bbp_anonymous_reply_count":0,"_bbp_topic_count_hidden":0,"_bbp_reply_count_hidden":0,"_bbp_forum_subforum_count":0,"footnotes":""},"class_list":["post-952","page","type-page","status-publish","hentry"],"post_mailing_queue_ids":[],"_links":{"self":[{"href":"https:\/\/agora.xtec.cat\/iesventuragassol\/wp-json\/wp\/v2\/pages\/952","targetHints":{"allow":["GET"]}}],"collection":[{"href":"https:\/\/agora.xtec.cat\/iesventuragassol\/wp-json\/wp\/v2\/pages"}],"about":[{"href":"https:\/\/agora.xtec.cat\/iesventuragassol\/wp-json\/wp\/v2\/types\/page"}],"author":[{"embeddable":true,"href":"https:\/\/agora.xtec.cat\/iesventuragassol\/wp-json\/wp\/v2\/users\/1"}],"replies":[{"embeddable":true,"href":"https:\/\/agora.xtec.cat\/iesventuragassol\/wp-json\/wp\/v2\/comments?post=952"}],"version-history":[{"count":4,"href":"https:\/\/agora.xtec.cat\/iesventuragassol\/wp-json\/wp\/v2\/pages\/952\/revisions"}],"predecessor-version":[{"id":1811,"href":"https:\/\/agora.xtec.cat\/iesventuragassol\/wp-json\/wp\/v2\/pages\/952\/revisions\/1811"}],"wp:attachment":[{"href":"https:\/\/agora.xtec.cat\/iesventuragassol\/wp-json\/wp\/v2\/media?parent=952"}],"curies":[{"name":"wp","href":"https:\/\/api.w.org\/{rel}","templated":true}]}}