{"id":805,"date":"2019-02-26T09:44:23","date_gmt":"2019-02-26T08:44:23","guid":{"rendered":"http:\/\/agora.xtec.cat\/iesventuragassol\/?page_id=805"},"modified":"2020-04-05T14:56:53","modified_gmt":"2020-04-05T12:56:53","slug":"linia-pedagogica","status":"publish","type":"page","link":"https:\/\/agora.xtec.cat\/iesventuragassol\/linia-pedagogica\/","title":{"rendered":"L\u00ednia pedag\u00f2gica"},"content":{"rendered":"<p><strong><a href=\"https:\/\/agora.xtec.cat\/iesventuragassol\/wp-content\/uploads\/usu1243\/2020\/04\/ThinkstockPhotos-186294722-580x580.jpg\"><img loading=\"lazy\" decoding=\"async\" class=\"alignright size-medium wp-image-1889\" src=\"https:\/\/agora.xtec.cat\/iesventuragassol\/wp-content\/uploads\/usu1243\/2020\/04\/ThinkstockPhotos-186294722-580x580-300x300.jpg\" alt=\"\" width=\"300\" height=\"300\" srcset=\"https:\/\/agora.xtec.cat\/iesventuragassol\/wp-content\/uploads\/usu1243\/2020\/04\/ThinkstockPhotos-186294722-580x580-300x300.jpg 300w, https:\/\/agora.xtec.cat\/iesventuragassol\/wp-content\/uploads\/usu1243\/2020\/04\/ThinkstockPhotos-186294722-580x580-150x150.jpg 150w, https:\/\/agora.xtec.cat\/iesventuragassol\/wp-content\/uploads\/usu1243\/2020\/04\/ThinkstockPhotos-186294722-580x580.jpg 580w\" sizes=\"auto, (max-width: 300px) 100vw, 300px\" \/><\/a>La l\u00ednia pedag\u00f2gica del centre \u00e9s el cam\u00ed que tra\u00e7a l&#8217;institut per tal d&#8217;assolir els dos grans objectius del sistema educatiu:<\/strong><\/p>\n<ol>\n<li>\n<h4><span style=\"color: #003300;\"><strong>Millorar els resultats acad\u00e8mics.<\/strong><\/span><\/h4>\n<\/li>\n<li>\n<h4><span style=\"color: #003300;\"><strong>Fomentar la cohesi\u00f3 social.<\/strong><\/span><\/h4>\n<\/li>\n<\/ol>\n<p><strong>Per tal d&#8217;arribar-hi el centre escolar en virtud de la seva autonomia concreta i defineix la seva cultura, els ojectius m\u00e9s adients, les estrat\u00e8gies a seguir i les actuacions a dur a terme<\/strong> en els diversos documents de gesti\u00f3: projecte educatiu de centre, projecte ling\u00fc\u00edstic, projecte de direcci\u00f3, normes d\u2019organitzaci\u00f3 i funcionament dels centres, programaci\u00f3 general anual i mem\u00f2ria anual del curs.<\/p>\n","protected":false},"excerpt":{"rendered":"<p><a href=\"https:\/\/agora.xtec.cat\/iesventuragassol\/wp-content\/uploads\/usu1243\/2020\/04\/ThinkstockPhotos-186294722-580x580.jpg\"><\/a>La l\u00ednia pedag\u00f2gica del centre \u00e9s el cam\u00ed que tra\u00e7a l&#8217;institut per tal d&#8217;assolir els dos grans objectius del sistema educatiu:<\/p>\n<ol>\n<li>\nMillorar els resultats acad\u00e8mics.\n<\/li>\n<li>\nFomentar la cohesi\u00f3 social.\n<\/li>\n<\/ol>\n<p>Per tal d&#8217;arribar-hi el centre escolar en virtud de la seva autonomia concreta i defineix la seva cultura,&hellip;  <a href=\"https:\/\/agora.xtec.cat\/iesventuragassol\/linia-pedagogica\/\" title=\"Read L\u00ednia pedag\u00f2gica\">Llegeix m\u00e9s\u00bb<\/a><\/p>\n","protected":false},"author":1,"featured_media":0,"parent":0,"menu_order":0,"comment_status":"closed","ping_status":"closed","template":"page-templates\/side-menu.php","meta":{"_bbp_topic_count":0,"_bbp_reply_count":0,"_bbp_total_topic_count":0,"_bbp_total_reply_count":0,"_bbp_voice_count":0,"_bbp_anonymous_reply_count":0,"_bbp_topic_count_hidden":0,"_bbp_reply_count_hidden":0,"_bbp_forum_subforum_count":0,"footnotes":""},"class_list":["post-805","page","type-page","status-publish","hentry"],"post_mailing_queue_ids":[],"_links":{"self":[{"href":"https:\/\/agora.xtec.cat\/iesventuragassol\/wp-json\/wp\/v2\/pages\/805","targetHints":{"allow":["GET"]}}],"collection":[{"href":"https:\/\/agora.xtec.cat\/iesventuragassol\/wp-json\/wp\/v2\/pages"}],"about":[{"href":"https:\/\/agora.xtec.cat\/iesventuragassol\/wp-json\/wp\/v2\/types\/page"}],"author":[{"embeddable":true,"href":"https:\/\/agora.xtec.cat\/iesventuragassol\/wp-json\/wp\/v2\/users\/1"}],"replies":[{"embeddable":true,"href":"https:\/\/agora.xtec.cat\/iesventuragassol\/wp-json\/wp\/v2\/comments?post=805"}],"version-history":[{"count":4,"href":"https:\/\/agora.xtec.cat\/iesventuragassol\/wp-json\/wp\/v2\/pages\/805\/revisions"}],"predecessor-version":[{"id":1891,"href":"https:\/\/agora.xtec.cat\/iesventuragassol\/wp-json\/wp\/v2\/pages\/805\/revisions\/1891"}],"wp:attachment":[{"href":"https:\/\/agora.xtec.cat\/iesventuragassol\/wp-json\/wp\/v2\/media?parent=805"}],"curies":[{"name":"wp","href":"https:\/\/api.w.org\/{rel}","templated":true}]}}

Línia pedagògica

<p><strong><a href="https://agora.xtec.cat/iesventuragassol/wp-content/uploads/usu1243/2020/04/ThinkstockPhotos-186294722-580x580.jpg"><img loading="lazy" decoding="async" class="alignright size-medium wp-image-1889" src="https://agora.xtec.cat/iesventuragassol/wp-content/uploads/usu1243/2020/04/ThinkstockPhotos-186294722-580x580-300x300.jpg" alt="" width="300" height="300" srcset="https://agora.xtec.cat/iesventuragassol/wp-content/uploads/usu1243/2020/04/ThinkstockPhotos-186294722-580x580-300x300.jpg 300w, https://agora.xtec.cat/iesventuragassol/wp-content/uploads/usu1243/2020/04/ThinkstockPhotos-186294722-580x580-150x150.jpg 150w, https://agora.xtec.cat/iesventuragassol/wp-content/uploads/usu1243/2020/04/ThinkstockPhotos-186294722-580x580.jpg 580w" sizes="auto, (max-width: 300px) 100vw, 300px" /></a>La línia pedagògica del centre és el camí que traça l&#8217;institut per tal d&#8217;assolir els dos grans objectius del sistema educatiu:</strong></p>
<ol>
<li>
<h4><span style="color: #003300;"><strong>Millorar els resultats acadèmics.</strong></span></h4>
</li>
<li>
<h4><span style="color: #003300;"><strong>Fomentar la cohesió social.</strong></span></h4>
</li>
</ol>
<p><strong>Per tal d&#8217;arribar-hi el centre escolar en virtud de la seva autonomia concreta i defineix la seva cultura, els ojectius més adients, les estratègies a seguir i les actuacions a dur a terme</strong> en els diversos documents de gestió: projecte educatiu de centre, projecte lingüístic, projecte de direcció, normes d’organització i funcionament dels centres, programació general anual i memòria anual del curs.</p>

<p><a href="https://agora.xtec.cat/iesventuragassol/wp-content/uploads/usu1243/2020/04/ThinkstockPhotos-186294722-580x580.jpg"></a>La línia pedagògica del centre és el camí que traça l&#8217;institut per tal d&#8217;assolir els dos grans objectius del sistema educatiu:</p>
<ol>
<li>
Millorar els resultats acadèmics.
</li>
<li>
Fomentar la cohesió social.
</li>
</ol>
<p>Per tal d&#8217;arribar-hi el centre escolar en virtud de la seva autonomia concreta i defineix la seva cultura,&hellip;  <a href="https://agora.xtec.cat/iesventuragassol/linia-pedagogica/" title="Read Línia pedagògica">Llegeix més»</a></p>
