{"id":7,"date":"2014-09-12T10:14:31","date_gmt":"2014-09-12T10:14:31","guid":{"rendered":"http:\/\/agora.xtec.cat\/iesventuragassol\/?page_id=7"},"modified":"2026-04-29T14:24:25","modified_gmt":"2026-04-29T12:24:25","slug":"pagines-dinici","status":"publish","type":"page","link":"https:\/\/agora.xtec.cat\/iesventuragassol\/","title":{"rendered":"PREINSCRIPCI\u00d3 CURS 26-27"},"content":{"rendered":"<p><img loading=\"lazy\" decoding=\"async\" class=\"aligncenter size-full wp-image-3842\" src=\"https:\/\/agora.xtec.cat\/iesventuragassol\/wp-content\/uploads\/usu1243\/2026\/02\/imatge-impacte.jpg\" alt=\"\" width=\"1900\" height=\"372\" srcset=\"https:\/\/agora.xtec.cat\/iesventuragassol\/wp-content\/uploads\/usu1243\/2026\/02\/imatge-impacte.jpg 1900w, https:\/\/agora.xtec.cat\/iesventuragassol\/wp-content\/uploads\/usu1243\/2026\/02\/imatge-impacte-300x59.jpg 300w, https:\/\/agora.xtec.cat\/iesventuragassol\/wp-content\/uploads\/usu1243\/2026\/02\/imatge-impacte-1024x200.jpg 1024w, https:\/\/agora.xtec.cat\/iesventuragassol\/wp-content\/uploads\/usu1243\/2026\/02\/imatge-impacte-768x150.jpg 768w, https:\/\/agora.xtec.cat\/iesventuragassol\/wp-content\/uploads\/usu1243\/2026\/02\/imatge-impacte-1536x301.jpg 1536w\" sizes=\"auto, (max-width: 1900px) 100vw, 1900px\" \/><\/p>\n<h4><strong>CALENDARI DE PREINSCRIPCI\u00d3 ESO<\/strong><\/h4>\n<ul>\n<li style=\"list-style-type: none;\">\n<ul>\n<li style=\"list-style-type: none;\">\n<ul>\n<li style=\"list-style-type: none;\">\n<ul>\n<li style=\"list-style-type: none;\">\n<ul>\n<li><a href=\"https:\/\/drive.google.com\/file\/d\/1Zq0WsJXmNEnDPGqwe_-MLaGKDn8e-Y2A\/view?usp=sharing\" target=\"_blank\" rel=\"noopener\">3 de mar\u00e7 de 2026: oferta inicial de places escolars<\/a><\/li>\n<li style=\"text-align: left;\"><a href=\"https:\/\/tramits.gencat.cat\/ca\/tramits\/tramits-temes\/perinscripcio-obligatoris?moda=3\" target=\"_blank\" rel=\"noopener\">Del 6 al 18 de mar\u00e7 de 2026: presentaci\u00f3 de sol\u00b7licituds de preinscripci\u00f3<\/a><\/li>\n<li><a href=\"https:\/\/drive.google.com\/file\/d\/1afN_-uQxpcyxWYGFFXkhT_qFuIB-6bjB\/view?usp=sharing\" target=\"_blank\" rel=\"noopener\">15 d&#8217;abril de 2026: llista de sol\u00b7licituds amb puntuaci\u00f3 provisional<\/a><\/li>\n<li><a href=\"https:\/\/www.youtube.com\/watch?v=Y1HTJ25ueeY&amp;feature=youtu.be\" target=\"_blank\" rel=\"noopener\">Del 15 al 20 d&#8217;abril de 2026: presentaci\u00f3 de reclamacions<\/a> <a style=\"font-family: inherit; font-size: 1em;\" href=\"https:\/\/youtu.be\/Y1HTJ25ueeY?si=IP7owkDrXB6lzUgX\" target=\"_blank\" rel=\"noopener\" data-saferedirecturl=\"https:\/\/www.google.com\/url?q=https:\/\/youtu.be\/Y1HTJ25ueeY?si%3DIP7owkDrXB6lzUgX&amp;source=gmail&amp;ust=1776334782406000&amp;usg=AOvVaw2ES0WQKZG2JSw0ljXIGlRf\">(Video reclamaci\u00f3 preinscripci\u00f3)<\/a><\/li>\n<li><a href=\"https:\/\/drive.google.com\/file\/d\/1IggQEJmiQoTS2VArirtpvBRdZgRQRiZG\/view?usp=sharing\" target=\"_blank\" rel=\"noopener\">23 d\u2019abril de 2026: llista de sol\u00b7licituds amb la puntuaci\u00f3 un cop resoltes les reclamacions<\/a>\n<ul>\n<li>28 d\u2019abril de 2026 a les 11 hores: <b>42.129<\/b><\/li>\n<\/ul>\n<\/li>\n<\/ul>\n<\/li>\n<\/ul>\n<\/li>\n<\/ul>\n<\/li>\n<\/ul>\n<\/li>\n<\/ul>\n<ul>\n<li style=\"list-style-type: none;\">\n<ul>\n<li style=\"list-style-type: none;\">\n<ul>\n<li style=\"list-style-type: none;\">\n<ul>\n<li style=\"list-style-type: none;\">\n<ul>\n<li><a href=\"https:\/\/drive.google.com\/file\/d\/1afN_-uQxpcyxWYGFFXkhT_qFuIB-6bjB\/view?usp=sharing\" target=\"_blank\" rel=\"noopener\"><img loading=\"lazy\" decoding=\"async\" class=\"size-full wp-image-2392 alignleft\" src=\"https:\/\/agora.xtec.cat\/iesventuragassol\/wp-content\/uploads\/usu1243\/2021\/02\/nou3d.gif\" alt=\"\" width=\"60\" height=\"27\" \/><\/a><a href=\"https:\/\/drive.google.com\/file\/d\/1QNpEHi_DvyKSj_U_4sXjfVUeiXhzmRqP\/view?usp=sharing\" target=\"_blank\" rel=\"noopener\">29 d\u2019abril de 2026: : llista ordenada<\/a><\/li>\n<\/ul>\n<\/li>\n<li style=\"list-style-type: none;\">\n<ul>\n<li>De l&#8217;1 al 3 de juny de 2026: ampliaci\u00f3 de peticions de preinscripci\u00f3 per a alumnes sense pla\u00e7a assignada a cap centre<\/li>\n<li>10 de juny de 2026: oferta final de places escolars<\/li>\n<li>10 de juny de 2026: llista d&#8217;alumnes admesos i llista d&#8217;espera<\/li>\n<\/ul>\n<\/li>\n<\/ul>\n<\/li>\n<\/ul>\n<\/li>\n<\/ul>\n<\/li>\n<\/ul>\n","protected":false},"excerpt":{"rendered":"<p>CALENDARI DE PREINSCRIPCI\u00d3 ESO 3 de mar\u00e7 de 2026: oferta inicial de places escolars Del 6 al 18 de mar\u00e7 de 2026: presentaci\u00f3 de sol\u00b7licituds de preinscripci\u00f3 15 d&#8217;abril de 2026: llista de sol\u00b7licituds amb puntuaci\u00f3 provisional Del 15 al 20 d&#8217;abril de 2026: presentaci\u00f3 de reclamacions (Video reclamaci\u00f3 preinscripci\u00f3) 23 d\u2019abril de 2026: llista [&hellip;]<\/p>\n","protected":false},"author":1,"featured_media":0,"parent":0,"menu_order":0,"comment_status":"closed","ping_status":"closed","template":"","meta":{"_bbp_topic_count":0,"_bbp_reply_count":0,"_bbp_total_topic_count":0,"_bbp_total_reply_count":0,"_bbp_voice_count":0,"_bbp_anonymous_reply_count":0,"_bbp_topic_count_hidden":0,"_bbp_reply_count_hidden":0,"_bbp_forum_subforum_count":0,"site-sidebar-layout":"default","site-content-layout":"","ast-site-content-layout":"default","site-content-style":"default","site-sidebar-style":"default","ast-global-header-display":"","ast-banner-title-visibility":"","ast-main-header-display":"","ast-hfb-above-header-display":"","ast-hfb-below-header-display":"","ast-hfb-mobile-header-display":"","site-post-title":"","ast-breadcrumbs-content":"","ast-featured-img":"","footer-sml-layout":"","theme-transparent-header-meta":"default","adv-header-id-meta":"","stick-header-meta":"","header-above-stick-meta":"","header-main-stick-meta":"","header-below-stick-meta":"","astra-migrate-meta-layouts":"set","ast-page-background-enabled":"default","ast-page-background-meta":{"desktop":{"background-color":"var(--ast-global-color-4)","background-image":"","background-repeat":"repeat","background-position":"center center","background-size":"auto","background-attachment":"scroll","background-type":"","background-media":"","overlay-type":"","overlay-color":"","overlay-opacity":"","overlay-gradient":""},"tablet":{"background-color":"","background-image":"","background-repeat":"repeat","background-position":"center center","background-size":"auto","background-attachment":"scroll","background-type":"","background-media":"","overlay-type":"","overlay-color":"","overlay-opacity":"","overlay-gradient":""},"mobile":{"background-color":"","background-image":"","background-repeat":"repeat","background-position":"center center","background-size":"auto","background-attachment":"scroll","background-type":"","background-media":"","overlay-type":"","overlay-color":"","overlay-opacity":"","overlay-gradient":""}},"ast-content-background-meta":{"desktop":{"background-color":"var(--ast-global-color-5)","background-image":"","background-repeat":"repeat","background-position":"center center","background-size":"auto","background-attachment":"scroll","background-type":"","background-media":"","overlay-type":"","overlay-color":"","overlay-opacity":"","overlay-gradient":""},"tablet":{"background-color":"var(--ast-global-color-5)","background-image":"","background-repeat":"repeat","background-position":"center center","background-size":"auto","background-attachment":"scroll","background-type":"","background-media":"","overlay-type":"","overlay-color":"","overlay-opacity":"","overlay-gradient":""},"mobile":{"background-color":"var(--ast-global-color-5)","background-image":"","background-repeat":"repeat","background-position":"center center","background-size":"auto","background-attachment":"scroll","background-type":"","background-media":"","overlay-type":"","overlay-color":"","overlay-opacity":"","overlay-gradient":""}},"footnotes":""},"class_list":["post-7","page","type-page","status-publish","hentry"],"post_mailing_queue_ids":[],"_links":{"self":[{"href":"https:\/\/agora.xtec.cat\/iesventuragassol\/wp-json\/wp\/v2\/pages\/7","targetHints":{"allow":["GET"]}}],"collection":[{"href":"https:\/\/agora.xtec.cat\/iesventuragassol\/wp-json\/wp\/v2\/pages"}],"about":[{"href":"https:\/\/agora.xtec.cat\/iesventuragassol\/wp-json\/wp\/v2\/types\/page"}],"author":[{"embeddable":true,"href":"https:\/\/agora.xtec.cat\/iesventuragassol\/wp-json\/wp\/v2\/users\/1"}],"replies":[{"embeddable":true,"href":"https:\/\/agora.xtec.cat\/iesventuragassol\/wp-json\/wp\/v2\/comments?post=7"}],"version-history":[{"count":7,"href":"https:\/\/agora.xtec.cat\/iesventuragassol\/wp-json\/wp\/v2\/pages\/7\/revisions"}],"predecessor-version":[{"id":4168,"href":"https:\/\/agora.xtec.cat\/iesventuragassol\/wp-json\/wp\/v2\/pages\/7\/revisions\/4168"}],"wp:attachment":[{"href":"https:\/\/agora.xtec.cat\/iesventuragassol\/wp-json\/wp\/v2\/media?parent=7"}],"curies":[{"name":"wp","href":"https:\/\/api.w.org\/{rel}","templated":true}]}}

PREINSCRIPCIÓ CURS 26-27

<p><img loading="lazy" decoding="async" class="aligncenter size-full wp-image-3842" src="https://agora.xtec.cat/iesventuragassol/wp-content/uploads/usu1243/2026/02/imatge-impacte.jpg" alt="" width="1900" height="372" srcset="https://agora.xtec.cat/iesventuragassol/wp-content/uploads/usu1243/2026/02/imatge-impacte.jpg 1900w, https://agora.xtec.cat/iesventuragassol/wp-content/uploads/usu1243/2026/02/imatge-impacte-300x59.jpg 300w, https://agora.xtec.cat/iesventuragassol/wp-content/uploads/usu1243/2026/02/imatge-impacte-1024x200.jpg 1024w, https://agora.xtec.cat/iesventuragassol/wp-content/uploads/usu1243/2026/02/imatge-impacte-768x150.jpg 768w, https://agora.xtec.cat/iesventuragassol/wp-content/uploads/usu1243/2026/02/imatge-impacte-1536x301.jpg 1536w" sizes="auto, (max-width: 1900px) 100vw, 1900px" /></p>
<h4><strong>CALENDARI DE PREINSCRIPCIÓ ESO</strong></h4>
<ul>
<li style="list-style-type: none;">
<ul>
<li style="list-style-type: none;">
<ul>
<li style="list-style-type: none;">
<ul>
<li style="list-style-type: none;">
<ul>
<li><a href="https://drive.google.com/file/d/1Zq0WsJXmNEnDPGqwe_-MLaGKDn8e-Y2A/view?usp=sharing" target="_blank" rel="noopener">3 de març de 2026: oferta inicial de places escolars</a></li>
<li style="text-align: left;"><a href="https://tramits.gencat.cat/ca/tramits/tramits-temes/perinscripcio-obligatoris?moda=3" target="_blank" rel="noopener">Del 6 al 18 de març de 2026: presentació de sol·licituds de preinscripció</a></li>
<li><a href="https://drive.google.com/file/d/1afN_-uQxpcyxWYGFFXkhT_qFuIB-6bjB/view?usp=sharing" target="_blank" rel="noopener">15 d&#8217;abril de 2026: llista de sol·licituds amb puntuació provisional</a></li>
<li><a href="https://www.youtube.com/watch?v=Y1HTJ25ueeY&amp;feature=youtu.be" target="_blank" rel="noopener">Del 15 al 20 d&#8217;abril de 2026: presentació de reclamacions</a> <a style="font-family: inherit; font-size: 1em;" href="https://youtu.be/Y1HTJ25ueeY?si=IP7owkDrXB6lzUgX" target="_blank" rel="noopener" data-saferedirecturl="https://www.google.com/url?q=https://youtu.be/Y1HTJ25ueeY?si%3DIP7owkDrXB6lzUgX&amp;source=gmail&amp;ust=1776334782406000&amp;usg=AOvVaw2ES0WQKZG2JSw0ljXIGlRf">(Video reclamació preinscripció)</a></li>
<li><a href="https://drive.google.com/file/d/1IggQEJmiQoTS2VArirtpvBRdZgRQRiZG/view?usp=sharing" target="_blank" rel="noopener">23 d’abril de 2026: llista de sol·licituds amb la puntuació un cop resoltes les reclamacions</a>
<ul>
<li>28 d’abril de 2026 a les 11 hores: <b>42.129</b></li>
</ul>
</li>
</ul>
</li>
</ul>
</li>
</ul>
</li>
</ul>
</li>
</ul>
<ul>
<li style="list-style-type: none;">
<ul>
<li style="list-style-type: none;">
<ul>
<li style="list-style-type: none;">
<ul>
<li style="list-style-type: none;">
<ul>
<li><a href="https://drive.google.com/file/d/1afN_-uQxpcyxWYGFFXkhT_qFuIB-6bjB/view?usp=sharing" target="_blank" rel="noopener"><img loading="lazy" decoding="async" class="size-full wp-image-2392 alignleft" src="https://agora.xtec.cat/iesventuragassol/wp-content/uploads/usu1243/2021/02/nou3d.gif" alt="" width="60" height="27" /></a><a href="https://drive.google.com/file/d/1QNpEHi_DvyKSj_U_4sXjfVUeiXhzmRqP/view?usp=sharing" target="_blank" rel="noopener">29 d’abril de 2026: : llista ordenada</a></li>
</ul>
</li>
<li style="list-style-type: none;">
<ul>
<li>De l&#8217;1 al 3 de juny de 2026: ampliació de peticions de preinscripció per a alumnes sense plaça assignada a cap centre</li>
<li>10 de juny de 2026: oferta final de places escolars</li>
<li>10 de juny de 2026: llista d&#8217;alumnes admesos i llista d&#8217;espera</li>
</ul>
</li>
</ul>
</li>
</ul>
</li>
</ul>
</li>
</ul>

<p>CALENDARI DE PREINSCRIPCIÓ ESO 3 de març de 2026: oferta inicial de places escolars Del 6 al 18 de març de 2026: presentació de sol·licituds de preinscripció 15 d&#8217;abril de 2026: llista de sol·licituds amb puntuació provisional Del 15 al 20 d&#8217;abril de 2026: presentació de reclamacions (Video reclamació preinscripció) 23 d’abril de 2026: llista [&hellip;]</p>
