{"id":4039,"date":"2026-04-27T17:44:30","date_gmt":"2026-04-27T15:44:30","guid":{"rendered":"https:\/\/agora.xtec.cat\/iesventuragassol\/?page_id=4039"},"modified":"2026-04-27T18:20:28","modified_gmt":"2026-04-27T16:20:28","slug":"biblioteca-2","status":"publish","type":"page","link":"https:\/\/agora.xtec.cat\/iesventuragassol\/serveis\/biblioteca-2\/","title":{"rendered":"Biblioteca"},"content":{"rendered":"<p>L\u2019horari d\u2019obertura \u00e9s cada dia a l\u2019estona del pati (11:30 a 12:00h) i els dilluns a la tarda (16:00 a 18:00h).<\/p>\n<p>Pr\u00e9stec:<\/p>\n<ul style=\"list-style-type: circle;\">\n<li>El per\u00edode normal de pr\u00e9stec \u00e9s de 7 -15 dies.<\/li>\n<li>Es far\u00e0 a l\u2019hora de l\u2019esbarjo, de dilluns a divendres.<\/li>\n<li>La no devoluci\u00f3 del document prestat comporta un av\u00eds a l\u2019alumne la primera vegada, un av\u00eds a la fam\u00edlia la segona, i finalment, a la tercera, la reposici\u00f3 del llibre.<\/li>\n<\/ul>\n<p><a href=\"https:\/\/biblioteca-ins.blogspot.com\/\">BLOG BIBLIOTECA<\/a><\/p>\n","protected":false},"excerpt":{"rendered":"<p>L\u2019horari d\u2019obertura \u00e9s cada dia a l\u2019estona del pati (11:30 a 12:00h) i els dilluns a la tarda (16:00 a 18:00h).<br \/>\nPr\u00e9stec:<\/p>\n<ul style=\"list-style-type: circle;\">\n<li>El per\u00edode normal de pr\u00e9stec \u00e9s de 7 -15 dies.<\/li>\n<li>Es far\u00e0 a l\u2019hora de l\u2019esbarjo, de dilluns a divendres.<\/li>\n<li>La no devoluci\u00f3 del document&hellip;  <a href=\"https:\/\/agora.xtec.cat\/iesventuragassol\/serveis\/biblioteca-2\/\" title=\"Read Biblioteca\">Llegeix m\u00e9s\u00bb<\/a><br \/>\n","protected":false},"author":3,"featured_media":0,"parent":63,"menu_order":0,"comment_status":"closed","ping_status":"closed","template":"page-templates\/side-menu.php","meta":{"_bbp_topic_count":0,"_bbp_reply_count":0,"_bbp_total_topic_count":0,"_bbp_total_reply_count":0,"_bbp_voice_count":0,"_bbp_anonymous_reply_count":0,"_bbp_topic_count_hidden":0,"_bbp_reply_count_hidden":0,"_bbp_forum_subforum_count":0,"footnotes":""},"class_list":["post-4039","page","type-page","status-publish","hentry"],"post_mailing_queue_ids":[],"_links":{"self":[{"href":"https:\/\/agora.xtec.cat\/iesventuragassol\/wp-json\/wp\/v2\/pages\/4039","targetHints":{"allow":["GET"]}}],"collection":[{"href":"https:\/\/agora.xtec.cat\/iesventuragassol\/wp-json\/wp\/v2\/pages"}],"about":[{"href":"https:\/\/agora.xtec.cat\/iesventuragassol\/wp-json\/wp\/v2\/types\/page"}],"author":[{"embeddable":true,"href":"https:\/\/agora.xtec.cat\/iesventuragassol\/wp-json\/wp\/v2\/users\/3"}],"replies":[{"embeddable":true,"href":"https:\/\/agora.xtec.cat\/iesventuragassol\/wp-json\/wp\/v2\/comments?post=4039"}],"version-history":[{"count":3,"href":"https:\/\/agora.xtec.cat\/iesventuragassol\/wp-json\/wp\/v2\/pages\/4039\/revisions"}],"predecessor-version":[{"id":4045,"href":"https:\/\/agora.xtec.cat\/iesventuragassol\/wp-json\/wp\/v2\/pages\/4039\/revisions\/4045"}],"up":[{"embeddable":true,"href":"https:\/\/agora.xtec.cat\/iesventuragassol\/wp-json\/wp\/v2\/pages\/63"}],"wp:attachment":[{"href":"https:\/\/agora.xtec.cat\/iesventuragassol\/wp-json\/wp\/v2\/media?parent=4039"}],"curies":[{"name":"wp","href":"https:\/\/api.w.org\/{rel}","templated":true}]}}