{"id":19,"date":"2014-09-17T14:56:56","date_gmt":"2014-09-17T14:56:56","guid":{"rendered":"http:\/\/agora.xtec.cat\/iesventuragassol\/?page_id=19"},"modified":"2020-03-23T22:00:31","modified_gmt":"2020-03-23T21:00:31","slug":"linstitut","status":"publish","type":"page","link":"https:\/\/agora.xtec.cat\/iesventuragassol\/linstitut\/","title":{"rendered":"L&#8217;institut"},"content":{"rendered":"<p><strong>L&#8217;Institut Ventura Gassol<\/strong> funciona com a centre de secund\u00e0ria des de l&#8217;any 1994.<\/p>\n<p>L&#8217;edifici actual es va concenbre com a escola de prim\u00e0ria [1980]. Aquesta activitat es perllong\u00e0 fins al 1988 en qu\u00e8 passar a centre de secund\u00e0ria com a centre experimental dels nous estudis d&#8217;ESO i Batxillerat.<\/p>\n<h3><span style=\"color: #008000;\">Qui va ser Ventura Gassol?<\/span><\/h3>\n<p><strong><a href=\"https:\/\/www.escriptors.cat\/autors\/gassolv\/portic\" target=\"_blank\" rel=\"noopener noreferrer\"><img loading=\"lazy\" decoding=\"async\" class=\"alignright size-full wp-image-944\" src=\"https:\/\/agora.xtec.cat\/iesventuragassol\/wp-content\/uploads\/usu1243\/2020\/03\/gassol_rovira_ventura.jpg\" alt=\"\" width=\"160\" height=\"160\" srcset=\"https:\/\/agora.xtec.cat\/iesventuragassol\/wp-content\/uploads\/usu1243\/2020\/03\/gassol_rovira_ventura.jpg 160w, https:\/\/agora.xtec.cat\/iesventuragassol\/wp-content\/uploads\/usu1243\/2020\/03\/gassol_rovira_ventura-150x150.jpg 150w\" sizes=\"auto, (max-width: 160px) 100vw, 160px\" \/><\/a>Bonaventura Gassol i Rovira<\/strong>, m\u00e9s conegut com a Ventura Gassol, [La Selva del Camp, 6 d&#8217;octubre de 1893 &#8211; Tarragona, 19 de setembre de 1980] fou un destacat poeta i pol\u00edtic catal\u00e0.<\/p>\n<p>Rep una s\u00f2lida formaci\u00f3 human\u00edstica al Seminari Conciliar de Tarragona que abandona poc abans d&#8217;ordenar-se sacerdot. La seva poesia apareix en ple moviment noucentista per\u00f2 respon m\u00e9s aviat a una est\u00e8tica rom\u00e0ntica i vuitcentista. Publica els reculls <i>\u00c0mfora<\/i> (1917), <i>La nau<\/i> (1920), <i>Les tombes flamejants<\/i> (1923) \u2014amb els seus versos m\u00e9s coneguts\u2014, <i>Mirra<\/i> (1931), <i>Mirages<\/i> (1950) \u2014en edici\u00f3 biling\u00fce en catal\u00e0 i en franc\u00e8s\u2014, i <i>La balada del bressol<\/i> (1977). La seva passi\u00f3 per la poesia i per la m\u00fasica es veuen reflectides en la seva producci\u00f3 teatral, en les obres <i>La can\u00e7\u00f3 del vell Cabr\u00e9s<\/i> (1921), <i>La Dolorosa<\/i> (1928), i <i>La mort de l&#8217;\u00f3s<\/i> (1935), que no s&#8217;arriba a estrenar. Tamb\u00e9 tradueix diversos cl\u00e0ssics de la literatura universal al catal\u00e0 i adapta algunes obres teatrals.<\/p>\n<p>Convertit en una figura p\u00fablica respectada i admirada, amb una orat\u00f2ria capa\u00e7 d&#8217;enfervorir les masses, dedica la seva vida als ideals catalanistes. \u00c9s un dels fundadors del partit pol\u00edtic Acci\u00f3 Catalana i m\u00e9s tard dirigent d&#8217;Estat Catal\u00e0. Esdev\u00e9 el bra\u00e7 dret de Francesc Maci\u00e0, ocupa el c\u00e0rrec de Conseller de Cultura de la Generalitat (1931-34 i 1936) i porta a terme nombroses accions per tal de modernitzar, millorar i fer m\u00e9s genu\u00efna la vida cultural i l&#8217;ensenyament a Catalunya. Tamb\u00e9 exerceix de diputat a les Corts Espanyoles (1932). \u00c9s empresonat en diverses ocasions per raons pol\u00edtiques i s&#8217;ha d&#8217;exiliar durant bona part de la seva vida.<\/p>\n<p>L&#8217;any 1993, en ocasi\u00f3 del centenari del naixement de <b>Ventura Gassol<\/b>, la seva producci\u00f3 liter\u00e0ria es recull en els volums <i>Poesia<\/i> i <i>Teatre<\/i>, amb interessants aportacions cr\u00edtiques, i apareixen estudis i opuscles que estudien la seva vida i la seva obra.<\/p>\n<p>Si en voleu saber m\u00e9s, feu un clic damunt la imatge.<\/p>\n","protected":false},"excerpt":{"rendered":"<p>L&#8217;Institut Ventura Gassol funciona com a centre de secund\u00e0ria des de l&#8217;any 1994.<br \/>\nL&#8217;edifici actual es va concenbre com a escola de prim\u00e0ria [1980]. Aquesta activitat es perllong\u00e0 fins al 1988 en qu\u00e8 passar a centre de secund\u00e0ria com a centre experimental dels nous estudis d&#8217;ESO&hellip;  <a href=\"https:\/\/agora.xtec.cat\/iesventuragassol\/linstitut\/\" title=\"Read L&#8217;institut\">Llegeix m\u00e9s\u00bb<\/a><\/p>\n","protected":false},"author":1,"featured_media":0,"parent":0,"menu_order":0,"comment_status":"closed","ping_status":"closed","template":"page-templates\/side-menu.php","meta":{"_bbp_topic_count":0,"_bbp_reply_count":0,"_bbp_total_topic_count":0,"_bbp_total_reply_count":0,"_bbp_voice_count":0,"_bbp_anonymous_reply_count":0,"_bbp_topic_count_hidden":0,"_bbp_reply_count_hidden":0,"_bbp_forum_subforum_count":0,"footnotes":""},"class_list":["post-19","page","type-page","status-publish","hentry"],"post_mailing_queue_ids":[],"_links":{"self":[{"href":"https:\/\/agora.xtec.cat\/iesventuragassol\/wp-json\/wp\/v2\/pages\/19","targetHints":{"allow":["GET"]}}],"collection":[{"href":"https:\/\/agora.xtec.cat\/iesventuragassol\/wp-json\/wp\/v2\/pages"}],"about":[{"href":"https:\/\/agora.xtec.cat\/iesventuragassol\/wp-json\/wp\/v2\/types\/page"}],"author":[{"embeddable":true,"href":"https:\/\/agora.xtec.cat\/iesventuragassol\/wp-json\/wp\/v2\/users\/1"}],"replies":[{"embeddable":true,"href":"https:\/\/agora.xtec.cat\/iesventuragassol\/wp-json\/wp\/v2\/comments?post=19"}],"version-history":[{"count":4,"href":"https:\/\/agora.xtec.cat\/iesventuragassol\/wp-json\/wp\/v2\/pages\/19\/revisions"}],"predecessor-version":[{"id":947,"href":"https:\/\/agora.xtec.cat\/iesventuragassol\/wp-json\/wp\/v2\/pages\/19\/revisions\/947"}],"wp:attachment":[{"href":"https:\/\/agora.xtec.cat\/iesventuragassol\/wp-json\/wp\/v2\/media?parent=19"}],"curies":[{"name":"wp","href":"https:\/\/api.w.org\/{rel}","templated":true}]}}

<p><strong>L&#8217;Institut Ventura Gassol</strong> funciona com a centre de secundària des de l&#8217;any 1994.</p>
<p>L&#8217;edifici actual es va concenbre com a escola de primària [1980]. Aquesta activitat es perllongà fins al 1988 en què passar a centre de secundària com a centre experimental dels nous estudis d&#8217;ESO i Batxillerat.</p>
<h3><span style="color: #008000;">Qui va ser Ventura Gassol?</span></h3>
<p><strong><a href="https://www.escriptors.cat/autors/gassolv/portic" target="_blank" rel="noopener noreferrer"><img loading="lazy" decoding="async" class="alignright size-full wp-image-944" src="https://agora.xtec.cat/iesventuragassol/wp-content/uploads/usu1243/2020/03/gassol_rovira_ventura.jpg" alt="" width="160" height="160" srcset="https://agora.xtec.cat/iesventuragassol/wp-content/uploads/usu1243/2020/03/gassol_rovira_ventura.jpg 160w, https://agora.xtec.cat/iesventuragassol/wp-content/uploads/usu1243/2020/03/gassol_rovira_ventura-150x150.jpg 150w" sizes="auto, (max-width: 160px) 100vw, 160px" /></a>Bonaventura Gassol i Rovira</strong>, més conegut com a Ventura Gassol, [La Selva del Camp, 6 d&#8217;octubre de 1893 &#8211; Tarragona, 19 de setembre de 1980] fou un destacat poeta i polític català.</p>
<p>Rep una sòlida formació humanística al Seminari Conciliar de Tarragona que abandona poc abans d&#8217;ordenar-se sacerdot. La seva poesia apareix en ple moviment noucentista però respon més aviat a una estètica romàntica i vuitcentista. Publica els reculls <i>Àmfora</i> (1917), <i>La nau</i> (1920), <i>Les tombes flamejants</i> (1923) —amb els seus versos més coneguts—, <i>Mirra</i> (1931), <i>Mirages</i> (1950) —en edició bilingüe en català i en francès—, i <i>La balada del bressol</i> (1977). La seva passió per la poesia i per la música es veuen reflectides en la seva producció teatral, en les obres <i>La cançó del vell Cabrés</i> (1921), <i>La Dolorosa</i> (1928), i <i>La mort de l&#8217;ós</i> (1935), que no s&#8217;arriba a estrenar. També tradueix diversos clàssics de la literatura universal al català i adapta algunes obres teatrals.</p>
<p>Convertit en una figura pública respectada i admirada, amb una oratòria capaç d&#8217;enfervorir les masses, dedica la seva vida als ideals catalanistes. És un dels fundadors del partit polític Acció Catalana i més tard dirigent d&#8217;Estat Català. Esdevé el braç dret de Francesc Macià, ocupa el càrrec de Conseller de Cultura de la Generalitat (1931-34 i 1936) i porta a terme nombroses accions per tal de modernitzar, millorar i fer més genuïna la vida cultural i l&#8217;ensenyament a Catalunya. També exerceix de diputat a les Corts Espanyoles (1932). És empresonat en diverses ocasions per raons polítiques i s&#8217;ha d&#8217;exiliar durant bona part de la seva vida.</p>
<p>L&#8217;any 1993, en ocasió del centenari del naixement de <b>Ventura Gassol</b>, la seva producció literària es recull en els volums <i>Poesia</i> i <i>Teatre</i>, amb interessants aportacions crítiques, i apareixen estudis i opuscles que estudien la seva vida i la seva obra.</p>
<p>Si en voleu saber més, feu un clic damunt la imatge.</p>

<p>L&#8217;Institut Ventura Gassol funciona com a centre de secundària des de l&#8217;any 1994.<br />
L&#8217;edifici actual es va concenbre com a escola de primària [1980]. Aquesta activitat es perllongà fins al 1988 en què passar a centre de secundària com a centre experimental dels nous estudis d&#8217;ESO&hellip;  <a href="https://agora.xtec.cat/iesventuragassol/linstitut/" title="Read L&#8217;institut">Llegeix més»</a></p>
