{"id":1156,"date":"2020-03-27T13:11:58","date_gmt":"2020-03-27T12:11:58","guid":{"rendered":"http:\/\/agora.xtec.cat\/iesventuragassol\/?page_id=1156"},"modified":"2021-09-09T13:48:30","modified_gmt":"2021-09-09T11:48:30","slug":"consell-escolar","status":"publish","type":"page","link":"https:\/\/agora.xtec.cat\/iesventuragassol\/linstitut\/organs-collegiats-i-de-govern\/consell-escolar\/","title":{"rendered":"Consell escolar"},"content":{"rendered":"<p><a href=\"https:\/\/agora.xtec.cat\/iesventuragassol\/wp-content\/uploads\/usu1243\/2020\/03\/consell_escolar.jpg\"><img loading=\"lazy\" decoding=\"async\" class=\"alignright wp-image-1305\" src=\"https:\/\/agora.xtec.cat\/iesventuragassol\/wp-content\/uploads\/usu1243\/2020\/03\/consell_escolar-300x239.jpg\" alt=\"\" width=\"336\" height=\"267\" srcset=\"https:\/\/agora.xtec.cat\/iesventuragassol\/wp-content\/uploads\/usu1243\/2020\/03\/consell_escolar-300x239.jpg 300w, https:\/\/agora.xtec.cat\/iesventuragassol\/wp-content\/uploads\/usu1243\/2020\/03\/consell_escolar.jpg 514w\" sizes=\"auto, (max-width: 336px) 100vw, 336px\" \/><\/a>El Consell escolar \u00e9s <strong>l&#8217;\u00f2rgan de participaci\u00f3 dels diferents sectors de la comunitat educativa en el govern del centre.<\/strong><\/p>\n<p><strong>El formen els i les representants de tota la comunitat educativa<\/strong>, \u00e9s a dir, direcci\u00f3, professorat, alumnat, fam\u00edlies, personal d&#8217;administraci\u00f3 i serveis, representant de l&#8217;administraci\u00f3 local.<\/p>\n<p>El seu funcionament es troba regulat als <em><a href=\"https:\/\/portaljuridic.gencat.cat\/ca\/pjur_ocults\/pjur_resultats_fitxa\/?action=fitxa&amp;documentId=480169&amp;language=ca_ES&amp;searchId=5050627&amp;mode=single#fragment-1182808\" target=\"_blank\" rel=\"noopener noreferrer\">articles 148 i 152 de la Llei 12\/2009<\/a> d&#8217;educaci\u00f3 <\/em>i a\u00a0<em><a href=\"https:\/\/portaljuridic.gencat.cat\/ca\/pjur_ocults\/pjur_resultats_fitxa\/?action=fitxa&amp;mode=single&amp;documentId=545262&amp;language=ca_ES#fragment-1397942\" target=\"_blank\" rel=\"noopener noreferrer\">l&#8217;article 27.1 del Decret 102\/2010<\/a> d&#8217;autonomia de centres.<\/em><\/p>\n<p>&nbsp;<\/p>\n<table style=\"width: 706px;\">\n<tbody>\n<tr style=\"height: 52px;\">\n<td style=\"width: 700px; height: 52px; background-color: #0eab16;\" colspan=\"4\">\n<h3 style=\"text-align: center;\"><strong><span style=\"color: #ffffff;\">CONSELL ESCOLAR<\/span><\/strong><\/h3>\n<\/td>\n<\/tr>\n<tr style=\"height: 165px;\">\n<td style=\"width: 194px; text-align: center; height: 165px; background-color: #5bde40;\">\n<h5><strong><span style=\"color: #ffffff;\">EQUIP DIRECTIU<\/span><\/strong><\/h5>\n<\/td>\n<td style=\"width: 177px; height: 165px;\">\n<ul>\n<li><strong>Empar Llopis<\/strong>\n<ul>\n<li>[directora*]<\/li>\n<\/ul>\n<\/li>\n<li><strong>Esteve Salamero<\/strong>\n<ul>\n<li>[cap d&#8217;estudis]<\/li>\n<\/ul>\n<\/li>\n<li><strong>Rafi Ortega<\/strong>\n<ul>\n<li>[secret\u00e0ria*]<\/li>\n<\/ul>\n<\/li>\n<\/ul>\n<\/td>\n<td style=\"width: 147px; text-align: center; height: 165px; background-color: #5bde40;\">\n<h5><span style=\"color: #ffffff;\"><strong>PROFESSORAT<\/strong><\/span><\/h5>\n<\/td>\n<td style=\"width: 176px; height: 165px;\">\n<ul>\n<li><strong>Benjam\u00edn Gomoll\u00f3n<\/strong><\/li>\n<li><\/li>\n<li><strong>J. Antonio Jim\u00e9nez*<\/strong><\/li>\n<li><strong>\u00c0ngels Morales<\/strong><\/li>\n<li><strong>Ana Navarro*<\/strong><\/li>\n<li><strong>Maite Verd\u00fa*<\/strong><\/li>\n<\/ul>\n<\/td>\n<\/tr>\n<tr style=\"height: 41px;\">\n<td style=\"width: 194px; text-align: center; height: 41px; background-color: #5bde40;\">\n<h5><strong><span style=\"color: #ffffff;\">ALUMNAT<\/span><\/strong><\/h5>\n<\/td>\n<td style=\"width: 177px; height: 41px;\">&nbsp;<\/p>\n<ul>\n<li><strong>Arantxa Fern\u00e1ndez*<\/strong><\/li>\n<li><strong>Soledad Ca\u00f1izares<\/strong><\/li>\n<\/ul>\n<\/td>\n<td style=\"width: 147px; text-align: center; height: 41px; background-color: #5bde40;\">\n<h5><span style=\"color: #ffffff;\"><strong>FAM\u00cdLIES<\/strong><\/span><\/h5>\n<\/td>\n<td style=\"width: 176px; height: 41px;\">\n<ul>\n<li><\/li>\n<li><strong>Susana Sotelo<\/strong><\/li>\n<li><strong>\u00a0\u00a0\u00a0 \u00a0\u00a0\u00a0 \u00a0\u00a0 <\/strong><\/li>\n<li>\n<ul>\n<li>[<em>AMPA<\/em>]<\/li>\n<\/ul>\n<\/li>\n<\/ul>\n<\/td>\n<\/tr>\n<tr style=\"height: 57px;\">\n<td style=\"width: 194px; text-align: center; height: 57px; background-color: #5bde40;\">\n<h5><strong><span style=\"color: #ffffff;\">ADMINISTRACI\u00d3 I SERVEIS<\/span><\/strong><\/h5>\n<\/td>\n<td style=\"width: 177px; height: 57px;\">\n<ul>\n<li><strong>Jose R. Romero<\/strong><\/li>\n<li><strong>Gl\u00f2ria Pe\u00f1a<\/strong><\/li>\n<\/ul>\n<\/td>\n<td style=\"width: 147px; text-align: center; height: 57px; background-color: #5bde40;\">\n<h5><span style=\"color: #ffffff;\"><strong>AJUNTAMENT<\/strong><\/span><\/h5>\n<\/td>\n<td style=\"width: 176px; height: 57px;\"><\/td>\n<\/tr>\n<\/tbody>\n<\/table>\n<p><strong>*<em>El Consell compta amb una comissi\u00f3 permanent<\/em><\/strong><em> amb atribucions executives per tal de debatre i resoldre aspectes urgents o quotidians que puguin sorgir. Tot aix\u00f2 les seves decisions hauran d&#8217;informar-se ei ratificar-se a la seg\u00fcent sessi\u00f3 plen\u00e0ria.<\/em><\/p>\n","protected":false},"excerpt":{"rendered":"<p><a href=\"https:\/\/agora.xtec.cat\/iesventuragassol\/wp-content\/uploads\/usu1243\/2020\/03\/consell_escolar.jpg\"><\/a>El Consell escolar \u00e9s l&#8217;\u00f2rgan de participaci\u00f3 dels diferents sectors de la comunitat educativa en el govern del centre.<br \/>\nEl formen els i les representants de tota la comunitat educativa, \u00e9s a dir, direcci\u00f3, professorat, alumnat, fam\u00edlies, personal d&#8217;administraci\u00f3 i serveis, representant de l&#8217;administraci\u00f3 local.<br \/>\nEl&hellip;  <a href=\"https:\/\/agora.xtec.cat\/iesventuragassol\/linstitut\/organs-collegiats-i-de-govern\/consell-escolar\/\" title=\"Read Consell escolar\">Llegeix m\u00e9s\u00bb<\/a><\/p>\n","protected":false},"author":1,"featured_media":0,"parent":1154,"menu_order":1,"comment_status":"closed","ping_status":"closed","template":"","meta":{"_bbp_topic_count":0,"_bbp_reply_count":0,"_bbp_total_topic_count":0,"_bbp_total_reply_count":0,"_bbp_voice_count":0,"_bbp_anonymous_reply_count":0,"_bbp_topic_count_hidden":0,"_bbp_reply_count_hidden":0,"_bbp_forum_subforum_count":0,"footnotes":""},"class_list":["post-1156","page","type-page","status-publish","hentry"],"post_mailing_queue_ids":[],"_links":{"self":[{"href":"https:\/\/agora.xtec.cat\/iesventuragassol\/wp-json\/wp\/v2\/pages\/1156","targetHints":{"allow":["GET"]}}],"collection":[{"href":"https:\/\/agora.xtec.cat\/iesventuragassol\/wp-json\/wp\/v2\/pages"}],"about":[{"href":"https:\/\/agora.xtec.cat\/iesventuragassol\/wp-json\/wp\/v2\/types\/page"}],"author":[{"embeddable":true,"href":"https:\/\/agora.xtec.cat\/iesventuragassol\/wp-json\/wp\/v2\/users\/1"}],"replies":[{"embeddable":true,"href":"https:\/\/agora.xtec.cat\/iesventuragassol\/wp-json\/wp\/v2\/comments?post=1156"}],"version-history":[{"count":4,"href":"https:\/\/agora.xtec.cat\/iesventuragassol\/wp-json\/wp\/v2\/pages\/1156\/revisions"}],"predecessor-version":[{"id":2568,"href":"https:\/\/agora.xtec.cat\/iesventuragassol\/wp-json\/wp\/v2\/pages\/1156\/revisions\/2568"}],"up":[{"embeddable":true,"href":"https:\/\/agora.xtec.cat\/iesventuragassol\/wp-json\/wp\/v2\/pages\/1154"}],"wp:attachment":[{"href":"https:\/\/agora.xtec.cat\/iesventuragassol\/wp-json\/wp\/v2\/media?parent=1156"}],"curies":[{"name":"wp","href":"https:\/\/api.w.org\/{rel}","templated":true}]}}

<p><a href="https://agora.xtec.cat/iesventuragassol/wp-content/uploads/usu1243/2020/03/consell_escolar.jpg"><img loading="lazy" decoding="async" class="alignright wp-image-1305" src="https://agora.xtec.cat/iesventuragassol/wp-content/uploads/usu1243/2020/03/consell_escolar-300x239.jpg" alt="" width="336" height="267" srcset="https://agora.xtec.cat/iesventuragassol/wp-content/uploads/usu1243/2020/03/consell_escolar-300x239.jpg 300w, https://agora.xtec.cat/iesventuragassol/wp-content/uploads/usu1243/2020/03/consell_escolar.jpg 514w" sizes="auto, (max-width: 336px) 100vw, 336px" /></a>El Consell escolar és <strong>l&#8217;òrgan de participació dels diferents sectors de la comunitat educativa en el govern del centre.</strong></p>
<p><strong>El formen els i les representants de tota la comunitat educativa</strong>, és a dir, direcció, professorat, alumnat, famílies, personal d&#8217;administració i serveis, representant de l&#8217;administració local.</p>
<p>El seu funcionament es troba regulat als <em><a href="https://portaljuridic.gencat.cat/ca/pjur_ocults/pjur_resultats_fitxa/?action=fitxa&amp;documentId=480169&amp;language=ca_ES&amp;searchId=5050627&amp;mode=single#fragment-1182808" target="_blank" rel="noopener noreferrer">articles 148 i 152 de la Llei 12/2009</a> d&#8217;educació </em>i a <em><a href="https://portaljuridic.gencat.cat/ca/pjur_ocults/pjur_resultats_fitxa/?action=fitxa&amp;mode=single&amp;documentId=545262&amp;language=ca_ES#fragment-1397942" target="_blank" rel="noopener noreferrer">l&#8217;article 27.1 del Decret 102/2010</a> d&#8217;autonomia de centres.</em></p>
<p>&nbsp;</p>
<table style="width: 706px;">
<tbody>
<tr style="height: 52px;">
<td style="width: 700px; height: 52px; background-color: #0eab16;" colspan="4">
<h3 style="text-align: center;"><strong><span style="color: #ffffff;">CONSELL ESCOLAR</span></strong></h3>
</td>
</tr>
<tr style="height: 165px;">
<td style="width: 194px; text-align: center; height: 165px; background-color: #5bde40;">
<h5><strong><span style="color: #ffffff;">EQUIP DIRECTIU</span></strong></h5>
</td>
<td style="width: 177px; height: 165px;">
<ul>
<li><strong>Empar Llopis</strong>
<ul>
<li>[directora*]</li>
</ul>
</li>
<li><strong>Esteve Salamero</strong>
<ul>
<li>[cap d&#8217;estudis]</li>
</ul>
</li>
<li><strong>Rafi Ortega</strong>
<ul>
<li>[secretària*]</li>
</ul>
</li>
</ul>
</td>
<td style="width: 147px; text-align: center; height: 165px; background-color: #5bde40;">
<h5><span style="color: #ffffff;"><strong>PROFESSORAT</strong></span></h5>
</td>
<td style="width: 176px; height: 165px;">
<ul>
<li><strong>Benjamín Gomollón</strong></li>
<li></li>
<li><strong>J. Antonio Jiménez*</strong></li>
<li><strong>Àngels Morales</strong></li>
<li><strong>Ana Navarro*</strong></li>
<li><strong>Maite Verdú*</strong></li>
</ul>
</td>
</tr>
<tr style="height: 41px;">
<td style="width: 194px; text-align: center; height: 41px; background-color: #5bde40;">
<h5><strong><span style="color: #ffffff;">ALUMNAT</span></strong></h5>
</td>
<td style="width: 177px; height: 41px;">&nbsp;</p>
<ul>
<li><strong>Arantxa Fernández*</strong></li>
<li><strong>Soledad Cañizares</strong></li>
</ul>
</td>
<td style="width: 147px; text-align: center; height: 41px; background-color: #5bde40;">
<h5><span style="color: #ffffff;"><strong>FAMÍLIES</strong></span></h5>
</td>
<td style="width: 176px; height: 41px;">
<ul>
<li></li>
<li><strong>Susana Sotelo</strong></li>
<li><strong>           </strong></li>
<li>
<ul>
<li>[<em>AMPA</em>]</li>
</ul>
</li>
</ul>
</td>
</tr>
<tr style="height: 57px;">
<td style="width: 194px; text-align: center; height: 57px; background-color: #5bde40;">
<h5><strong><span style="color: #ffffff;">ADMINISTRACIÓ I SERVEIS</span></strong></h5>
</td>
<td style="width: 177px; height: 57px;">
<ul>
<li><strong>Jose R. Romero</strong></li>
<li><strong>Glòria Peña</strong></li>
</ul>
</td>
<td style="width: 147px; text-align: center; height: 57px; background-color: #5bde40;">
<h5><span style="color: #ffffff;"><strong>AJUNTAMENT</strong></span></h5>
</td>
<td style="width: 176px; height: 57px;"></td>
</tr>
</tbody>
</table>
<p><strong>*<em>El Consell compta amb una comissió permanent</em></strong><em> amb atribucions executives per tal de debatre i resoldre aspectes urgents o quotidians que puguin sorgir. Tot això les seves decisions hauran d&#8217;informar-se ei ratificar-se a la següent sessió plenària.</em></p>

<p><a href="https://agora.xtec.cat/iesventuragassol/wp-content/uploads/usu1243/2020/03/consell_escolar.jpg"></a>El Consell escolar és l&#8217;òrgan de participació dels diferents sectors de la comunitat educativa en el govern del centre.<br />
El formen els i les representants de tota la comunitat educativa, és a dir, direcció, professorat, alumnat, famílies, personal d&#8217;administració i serveis, representant de l&#8217;administració local.<br />
El&hellip;  <a href="https://agora.xtec.cat/iesventuragassol/linstitut/organs-collegiats-i-de-govern/consell-escolar/" title="Read Consell escolar">Llegeix més»</a></p>
