{"id":1142,"date":"2020-03-27T12:18:01","date_gmt":"2020-03-27T11:18:01","guid":{"rendered":"http:\/\/agora.xtec.cat\/iesventuragassol\/?page_id=1142"},"modified":"2024-11-21T21:54:06","modified_gmt":"2024-11-21T20:54:06","slug":"accio-tutorial-coordinacions","status":"publish","type":"page","link":"https:\/\/agora.xtec.cat\/iesventuragassol\/linstitut\/organigrama\/accio-tutorial-coordinacions\/","title":{"rendered":"Acci\u00f3 tutorial: coordinacions"},"content":{"rendered":"<p>Els <strong>coordinadors i coordinadores de nivell s&#8217;encarreguen de coordinar l&#8217;exercici de les funcions del tutor\/a i programen l&#8217;aplicaci\u00f3 del Pla d&#8217;acci\u00f3 tutorial<\/strong> de les diferents etapes educatives.<\/p>\n<p>A les reunions de cada curs, juntament amb els tutors i cotutors i la resta de l&#8217;equip docent, planifiquen les actuacions a realitzar amb els grups-classe i presenten la programaci\u00f3 de les sessions de tutoria, aix\u00ed com les activitats i projectes a dur a terme i la planificaci\u00f3 del calendari de treball.<\/p>\n<table>\n<tbody>\n<tr>\n<td style=\"background-color: #0eab16;\" colspan=\"2\">\n<h3><span style=\"color: #ffffff;\"><strong>ACCI\u00d3 TUTORIAL: COORDINACIONS de l&#8217;ESO<\/strong><\/span><\/h3>\n<\/td>\n<\/tr>\n<tr>\n<td style=\"background-color: #5bde40; text-align: center;\">\n<h5><strong><span style=\"color: #ffffff;\">1r ESO<\/span><\/strong><\/h5>\n<\/td>\n<td style=\"text-align: center;\"><strong>Irene G\u00e1mez<\/strong><\/td>\n<\/tr>\n<tr>\n<td style=\"background-color: #5bde40; text-align: center;\">\n<h5><strong><span style=\"color: #ffffff;\">2n ESO<\/span><\/strong><\/h5>\n<\/td>\n<td style=\"text-align: center;\"><strong>Cati Mayolas<\/strong><\/td>\n<\/tr>\n<tr>\n<td style=\"background-color: #5bde40; text-align: center;\">\n<h5><strong><span style=\"color: #ffffff;\">3r ESO<\/span><\/strong><\/h5>\n<\/td>\n<td style=\"text-align: center;\">\n<h6><span style=\"color: #000000;\"><strong>Marina Oliva<\/strong><\/span><\/h6>\n<\/td>\n<\/tr>\n<tr>\n<td style=\"background-color: #5bde40; text-align: center;\">\n<h5><strong><span style=\"color: #ffffff;\">4t ESO<\/span><\/strong><\/h5>\n<\/td>\n<td style=\"text-align: center;\">\n<h6><span style=\"color: #000000;\"><strong>Eric G\u00f3mez<br \/>\n<\/strong><\/span><\/h6>\n<\/td>\n<\/tr>\n<tr>\n<td style=\"background-color: #0eab16;\" colspan=\"2\">\n<h3><strong><span style=\"color: #ffffff;\">ACCI\u00d3 TUTORIAL: COORDINACIONS de Batxillerat<\/span><\/strong><\/h3>\n<\/td>\n<\/tr>\n<tr>\n<td style=\"text-align: center; background-color: #5bde40;\">\n<h5><span style=\"color: #ffffff;\"><strong>1r BATX.<\/strong><\/span><\/h5>\n<\/td>\n<td style=\"text-align: center;\">\n<h6><span style=\"color: #000000;\"><strong>Lina Zamora<br \/>\n<\/strong><\/span><\/h6>\n<\/td>\n<\/tr>\n<tr>\n<td style=\"text-align: center; background-color: #5bde40;\">\n<h5><span style=\"color: #ffffff;\"><strong>2n BATX.<\/strong><\/span><\/h5>\n<\/td>\n<td style=\"text-align: center;\">\n<h6><span style=\"color: #000000;\"><strong>Lina Zamora<br \/>\n<\/strong><\/span><\/h6>\n<\/td>\n<\/tr>\n<\/tbody>\n<\/table>\n","protected":false},"excerpt":{"rendered":"<p>Els coordinadors i coordinadores de nivell s&#8217;encarreguen de coordinar l&#8217;exercici de les funcions del tutor\/a i programen l&#8217;aplicaci\u00f3 del Pla d&#8217;acci\u00f3 tutorial de les diferents etapes educatives.<br \/>\nA les reunions de cada curs, juntament amb els tutors i cotutors i la resta de l&#8217;equip docent, planifiquen&hellip;  <a href=\"https:\/\/agora.xtec.cat\/iesventuragassol\/linstitut\/organigrama\/accio-tutorial-coordinacions\/\" title=\"Read Acci\u00f3 tutorial: coordinacions\">Llegeix m\u00e9s\u00bb<\/a><\/p>\n","protected":false},"author":1,"featured_media":0,"parent":1136,"menu_order":3,"comment_status":"closed","ping_status":"closed","template":"page-templates\/side-menu.php","meta":{"_bbp_topic_count":0,"_bbp_reply_count":0,"_bbp_total_topic_count":0,"_bbp_total_reply_count":0,"_bbp_voice_count":0,"_bbp_anonymous_reply_count":0,"_bbp_topic_count_hidden":0,"_bbp_reply_count_hidden":0,"_bbp_forum_subforum_count":0,"footnotes":""},"class_list":["post-1142","page","type-page","status-publish","hentry"],"post_mailing_queue_ids":[],"_links":{"self":[{"href":"https:\/\/agora.xtec.cat\/iesventuragassol\/wp-json\/wp\/v2\/pages\/1142","targetHints":{"allow":["GET"]}}],"collection":[{"href":"https:\/\/agora.xtec.cat\/iesventuragassol\/wp-json\/wp\/v2\/pages"}],"about":[{"href":"https:\/\/agora.xtec.cat\/iesventuragassol\/wp-json\/wp\/v2\/types\/page"}],"author":[{"embeddable":true,"href":"https:\/\/agora.xtec.cat\/iesventuragassol\/wp-json\/wp\/v2\/users\/1"}],"replies":[{"embeddable":true,"href":"https:\/\/agora.xtec.cat\/iesventuragassol\/wp-json\/wp\/v2\/comments?post=1142"}],"version-history":[{"count":7,"href":"https:\/\/agora.xtec.cat\/iesventuragassol\/wp-json\/wp\/v2\/pages\/1142\/revisions"}],"predecessor-version":[{"id":3142,"href":"https:\/\/agora.xtec.cat\/iesventuragassol\/wp-json\/wp\/v2\/pages\/1142\/revisions\/3142"}],"up":[{"embeddable":true,"href":"https:\/\/agora.xtec.cat\/iesventuragassol\/wp-json\/wp\/v2\/pages\/1136"}],"wp:attachment":[{"href":"https:\/\/agora.xtec.cat\/iesventuragassol\/wp-json\/wp\/v2\/media?parent=1142"}],"curies":[{"name":"wp","href":"https:\/\/api.w.org\/{rel}","templated":true}]}}

Acció tutorial: coordinacions

<p>Els <strong>coordinadors i coordinadores de nivell s&#8217;encarreguen de coordinar l&#8217;exercici de les funcions del tutor/a i programen l&#8217;aplicació del Pla d&#8217;acció tutorial</strong> de les diferents etapes educatives.</p>
<p>A les reunions de cada curs, juntament amb els tutors i cotutors i la resta de l&#8217;equip docent, planifiquen les actuacions a realitzar amb els grups-classe i presenten la programació de les sessions de tutoria, així com les activitats i projectes a dur a terme i la planificació del calendari de treball.</p>
<table>
<tbody>
<tr>
<td style="background-color: #0eab16;" colspan="2">
<h3><span style="color: #ffffff;"><strong>ACCIÓ TUTORIAL: COORDINACIONS de l&#8217;ESO</strong></span></h3>
</td>
</tr>
<tr>
<td style="background-color: #5bde40; text-align: center;">
<h5><strong><span style="color: #ffffff;">1r ESO</span></strong></h5>
</td>
<td style="text-align: center;"><strong>Irene Gámez</strong></td>
</tr>
<tr>
<td style="background-color: #5bde40; text-align: center;">
<h5><strong><span style="color: #ffffff;">2n ESO</span></strong></h5>
</td>
<td style="text-align: center;"><strong>Cati Mayolas</strong></td>
</tr>
<tr>
<td style="background-color: #5bde40; text-align: center;">
<h5><strong><span style="color: #ffffff;">3r ESO</span></strong></h5>
</td>
<td style="text-align: center;">
<h6><span style="color: #000000;"><strong>Marina Oliva</strong></span></h6>
</td>
</tr>
<tr>
<td style="background-color: #5bde40; text-align: center;">
<h5><strong><span style="color: #ffffff;">4t ESO</span></strong></h5>
</td>
<td style="text-align: center;">
<h6><span style="color: #000000;"><strong>Eric Gómez<br />
</strong></span></h6>
</td>
</tr>
<tr>
<td style="background-color: #0eab16;" colspan="2">
<h3><strong><span style="color: #ffffff;">ACCIÓ TUTORIAL: COORDINACIONS de Batxillerat</span></strong></h3>
</td>
</tr>
<tr>
<td style="text-align: center; background-color: #5bde40;">
<h5><span style="color: #ffffff;"><strong>1r BATX.</strong></span></h5>
</td>
<td style="text-align: center;">
<h6><span style="color: #000000;"><strong>Lina Zamora<br />
</strong></span></h6>
</td>
</tr>
<tr>
<td style="text-align: center; background-color: #5bde40;">
<h5><span style="color: #ffffff;"><strong>2n BATX.</strong></span></h5>
</td>
<td style="text-align: center;">
<h6><span style="color: #000000;"><strong>Lina Zamora<br />
</strong></span></h6>
</td>
</tr>
</tbody>
</table>

<p>Els coordinadors i coordinadores de nivell s&#8217;encarreguen de coordinar l&#8217;exercici de les funcions del tutor/a i programen l&#8217;aplicació del Pla d&#8217;acció tutorial de les diferents etapes educatives.<br />
A les reunions de cada curs, juntament amb els tutors i cotutors i la resta de l&#8217;equip docent, planifiquen&hellip;  <a href="https://agora.xtec.cat/iesventuragassol/linstitut/organigrama/accio-tutorial-coordinacions/" title="Read Acció tutorial: coordinacions">Llegeix més»</a></p>
