{"id":1138,"date":"2020-03-27T12:16:37","date_gmt":"2020-03-27T11:16:37","guid":{"rendered":"http:\/\/agora.xtec.cat\/iesventuragassol\/?page_id=1138"},"modified":"2025-09-08T15:31:52","modified_gmt":"2025-09-08T13:31:52","slug":"equip-directiu","status":"publish","type":"page","link":"https:\/\/agora.xtec.cat\/iesventuragassol\/linstitut\/organigrama\/equip-directiu\/","title":{"rendered":"Equip directiu"},"content":{"rendered":"<p align=\"JUSTIFY\"><strong>L&#8217;equip directiu \u00e9s l&#8217;\u00f2rgan executiu de govern del centre p\u00fablic<\/strong> i les persones membres han de treballar coordinadament en l&#8217;exercici de les seves funcions. Correspon a les persones membres de l&#8217;equip directiu la gesti\u00f3 del projecte de direcci\u00f3.<\/p>\n<p align=\"JUSTIFY\">L&#8217;equip directiu del centre est\u00e0 format pel <strong>director o directora<\/strong>, que el presideix, <strong>el o la cap d&#8217;estudis<\/strong>, <strong>el secretari o secret\u00e0ria<\/strong> i <strong>la coordinaci\u00f3 pedag\u00f2gica<\/strong>.<\/p>\n<table>\n<tbody>\n<tr>\n<td style=\"width: 513px; background-color: #0eab16;\" colspan=\"3\">\n<h3 style=\"text-align: center;\"><strong><span style=\"color: #ffffff;\">EQUIP DIRECTIU<\/span><\/strong><\/h3>\n<\/td>\n<\/tr>\n<tr>\n<td style=\"width: 135.95px; background-color: #5bde40;\">\n<h5><strong><span style=\"color: #ffffff;\">Direcci\u00f3<\/span><\/strong><\/h5>\n<\/td>\n<td style=\"width: 156.633px; text-align: center;\"><strong>Empar Llopis<\/strong><\/td>\n<td style=\"width: 216.417px; text-align: left;\"><em>*Perfil i traject\u00f2ria professional<\/em><\/td>\n<\/tr>\n<tr>\n<td style=\"width: 135.95px; background-color: #5bde40;\">\n<h5><strong><span style=\"color: #ffffff;\">Cap d&#8217;estudis<\/span><\/strong><\/h5>\n<\/td>\n<td style=\"width: 156.633px; text-align: center;\"><strong>Esteve Salamero<\/strong><\/td>\n<td style=\"width: 216.417px; text-align: left;\"><em>*Perfil i traject\u00f2ria professional<\/em><\/td>\n<\/tr>\n<tr>\n<td style=\"width: 135.95px; background-color: #5bde40;\">\n<h5><strong><span style=\"color: #ffffff;\">Coordinaci\u00f3 pedag\u00f2gica<\/span><\/strong><\/h5>\n<\/td>\n<td style=\"width: 156.633px; text-align: center;\"><strong>Cristina Nieto<\/strong><\/td>\n<td style=\"width: 216.417px; text-align: left;\"><em>*Perfil i traject\u00f2ria professional<\/em><\/td>\n<\/tr>\n<tr>\n<td style=\"width: 135.95px; background-color: #5bde40;\">\n<h5><strong><span style=\"color: #ffffff;\">Secretaria<\/span><\/strong><\/h5>\n<\/td>\n<td style=\"width: 156.633px; text-align: center;\"><strong>Elsa Garc\u00eda<\/strong><\/td>\n<td style=\"width: 216.417px; text-align: left;\"><em>*Perfil i traject\u00f2ria professional<\/em><\/td>\n<\/tr>\n<tr>\n<td style=\"width: 513px; background-color: #0eab16;\" colspan=\"3\"><em><span style=\"color: #ffffff;\"><strong>*Es publica aquesta informaci\u00f3 d&#8217;acord amb Instrucci\u00f3 2\/2019 de transpar\u00e8ncia del Departament d&#8217;Educaci\u00f3.<\/strong><\/span><br \/>\n<\/em><\/td>\n<\/tr>\n<\/tbody>\n<\/table>\n<ul>\n<li>\n<h4><strong><span style=\"color: #008000;\">DIRECCI\u00d3<\/span><\/strong><\/h4>\n<\/li>\n<\/ul>\n<p><strong> La direcci\u00f3 \u00e9s m\u00e0xim c\u00e0rrec de governan\u00e7a del centre educatiu. S&#8217;<\/strong><strong>encarrega de liderar el projecte educatiu i vetlla per la seva aplicaci\u00f3.\u00a0<\/strong> \u00c9s qui s\u2019encarrega d\u2019orientar, dirigir i supervisar les diferents activitats del centre, de garantir el compliment de les normes de conviv\u00e8ncia i d\u2019adoptar les mesures disciplin\u00e0ries corresponents. A m\u00e9s, t\u00e9 funcions de representaci\u00f3 del centre. La direcci\u00f3 presideix els \u00f2rgans col\u00b7legiats del centre [Claustre i Consell Escolar]\u00a0 i ha de fomentar la participaci\u00f3 de les fam\u00edlies. <strong>Tamb\u00e9 \u00e9s el cap de personal de totes les persones que treballen en el centre.<\/strong><\/p>\n<p>Les seves funcions estan recollides a l\u2019<em>article <a href=\"https:\/\/portaljuridic.gencat.cat\/ca\/pjur_ocults\/pjur_resultats_fitxa\/?action=fitxa&amp;documentId=545262#fragment-1397916\" target=\"_blank\" rel=\"noopener noreferrer\">31.3 del Decret 102\/2010, d\u2019autonomia dels centres educatius<\/a><\/em>, i al <a href=\"https:\/\/portaljuridic.gencat.cat\/ca\/pjur_ocults\/pjur_resultats_fitxa\/?documentId=563091&amp;action=fitxa#fragment-1387878\" target=\"_blank\" rel=\"noopener noreferrer\"><em>cap\u00edtol 2 del Decret 155\/2010, de la direcci\u00f3 dels centres educatius p\u00fablics i del personal directiu professional docent<\/em><\/a>.<\/p>\n<ul>\n<li>\n<h4><span style=\"color: #008000;\"><strong>CAP D&#8217;ESTUDIS<\/strong><\/span><\/h4>\n<\/li>\n<\/ul>\n<p><strong>El o la cap d\u2019estudis \u00e9s\u00a0qui s\u2019ocupa de la coordinaci\u00f3 i la planificaci\u00f3 interna de l\u2019institut.<\/strong>\u00a0Les seves funcions estan recollides a l\u2019<a href=\"https:\/\/portaljuridic.gencat.cat\/ca\/pjur_ocults\/pjur_resultats_fitxa\/?action=fitxa&amp;documentId=545262#fragment-1397899\" target=\"_blank\" rel=\"noopener noreferrer\"><em>article 32 del Decret 102\/2010, d\u2019autonomia dels centres educatius<\/em><\/a> i inclouen:<\/p>\n<ul>\n<li style=\"list-style-type: none;\">\n<ul>\n<li>Confeccionar els horaris.<\/li>\n<li>Vetllar per la conviv\u00e8ncia al centre.<\/li>\n<li>Responsabilitzar-se de la gesti\u00f3 dels curr\u00edculums.<\/li>\n<li>Substituir la direcci\u00f3 quan escaigui.<\/li>\n<li>Coordina la Comissi\u00f3 pedag\u00f2gica.<\/li>\n<\/ul>\n<\/li>\n<\/ul>\n<ul>\n<li>\n<h4><strong><span style=\"color: #008000;\">COORDINACI\u00d3 PEDAG\u00d2GICA<\/span><br \/>\n<\/strong><\/h4>\n<\/li>\n<\/ul>\n<p><strong>La <\/strong><strong>coordinaci\u00f3 pedag\u00f2gica s\u2019ocupa de l\u2019acci\u00f3 tutorial, la planificaci\u00f3 dels equips docents, i coordina les actuacions que es fan amb l\u2019alumnat amb dificultats en l\u2019aprenentatge o amb problem\u00e0tiques de tipus social.<\/strong> Les accions de coordinaci\u00f3 docent queden establertes a l\u2019<a href=\"https:\/\/portaljuridic.gencat.cat\/ca\/pjur_ocults\/pjur_resultats_fitxa\/?action=fitxa&amp;documentId=545262#fragment-1397943\" target=\"_blank\" rel=\"noopener noreferrer\"><em>article 40 del Decret 102\/2010, d\u2019autonomia dels centres educatius.<\/em><\/a> Entre d&#8217;altres, cal esmentar:<\/p>\n<ul>\n<li style=\"list-style-type: none;\">\n<ul>\n<li>Vetllar per la implantaci\u00f3 del Pla d&#8217;acci\u00f3 tutorial mitjan\u00e7ant la coordinaci\u00f3 de tutors de nivell.<\/li>\n<li>Coordinar la Comissi\u00f3 d&#8217;Atenci\u00f3 a la Diversitat.<\/li>\n<li>Supervisar les adequacions curriculars i plans individuals.<\/li>\n<li>Centralitzar les recomanacions de llibres de text i material educatiu.<\/li>\n<li>Impulsar l\u2019aplicaci\u00f3 de les innovacions educatives i la formaci\u00f3 continuada del professorat.<\/li>\n<li>Coordinar les sortides de grups d\u2019alumnes.<\/li>\n<\/ul>\n<\/li>\n<\/ul>\n<ul>\n<li>\n<h4><strong><span style=\"color: #008000;\">SECRETARIA<\/span><br \/>\n<\/strong><\/h4>\n<\/li>\n<\/ul>\n<p><strong>El secretari o la secret\u00e0ria es responsabilitza i s&#8217;ocupa dels aspectes, administratius, econ\u00f2mics, de serveis i manteniment; aix\u00ed com el control del personal d\u2019administraci\u00f3 i serveis.<\/strong><\/p>\n<p>Les seves atribucions estan recollides a l\u2019<a href=\"https:\/\/portaljuridic.gencat.cat\/ca\/pjur_ocults\/pjur_resultats_fitxa\/?action=fitxa&amp;documentId=545262#fragment-1397936\" target=\"_blank\" rel=\"noopener noreferrer\"><em>article 33 del Decret 102\/2010, d\u2019autonomia dels centres educatius<\/em> <\/a>i inclouen:<\/p>\n<ul>\n<li>La secretaria del claustre i del consell escolar del centre.<\/li>\n<li>Coordinar el personal d&#8217;administraci\u00f3 i serveis, aix\u00ed com les tasques administratives.<\/li>\n<li>Elaborar el pressupost econ\u00f2mic i vetllar per la seva correcta aplicaci\u00f3.<\/li>\n<li>Supervisar les certificacions administratives i els processos de preinscripci\u00f3 i matr\u00edcula.<\/li>\n<li>Custodiar els expedients acad\u00e8mics i els documents del centre.<\/li>\n<li>Realitzar l\u2019inventari del centre.<\/li>\n<li>Coordinar els equips de manteniment i neteja.<\/li>\n<\/ul>\n<p><!--a=1--><\/p>\n","protected":false},"excerpt":{"rendered":"<p>L&#8217;equip directiu \u00e9s l&#8217;\u00f2rgan executiu de govern del centre p\u00fablic i les persones membres han de treballar coordinadament en l&#8217;exercici de les seves funcions. Correspon a les persones membres de l&#8217;equip directiu la gesti\u00f3 del projecte de direcci\u00f3.<br \/>\nL&#8217;equip directiu del centre est\u00e0 format pel director&hellip;  <a href=\"https:\/\/agora.xtec.cat\/iesventuragassol\/linstitut\/organigrama\/equip-directiu\/\" title=\"Read Equip directiu\">Llegeix m\u00e9s\u00bb<\/a><\/p>\n","protected":false},"author":1,"featured_media":0,"parent":1136,"menu_order":1,"comment_status":"closed","ping_status":"closed","template":"page-templates\/side-menu.php","meta":{"_bbp_topic_count":0,"_bbp_reply_count":0,"_bbp_total_topic_count":0,"_bbp_total_reply_count":0,"_bbp_voice_count":0,"_bbp_anonymous_reply_count":0,"_bbp_topic_count_hidden":0,"_bbp_reply_count_hidden":0,"_bbp_forum_subforum_count":0,"footnotes":""},"class_list":["post-1138","page","type-page","status-publish","hentry"],"post_mailing_queue_ids":[],"_links":{"self":[{"href":"https:\/\/agora.xtec.cat\/iesventuragassol\/wp-json\/wp\/v2\/pages\/1138","targetHints":{"allow":["GET"]}}],"collection":[{"href":"https:\/\/agora.xtec.cat\/iesventuragassol\/wp-json\/wp\/v2\/pages"}],"about":[{"href":"https:\/\/agora.xtec.cat\/iesventuragassol\/wp-json\/wp\/v2\/types\/page"}],"author":[{"embeddable":true,"href":"https:\/\/agora.xtec.cat\/iesventuragassol\/wp-json\/wp\/v2\/users\/1"}],"replies":[{"embeddable":true,"href":"https:\/\/agora.xtec.cat\/iesventuragassol\/wp-json\/wp\/v2\/comments?post=1138"}],"version-history":[{"count":6,"href":"https:\/\/agora.xtec.cat\/iesventuragassol\/wp-json\/wp\/v2\/pages\/1138\/revisions"}],"predecessor-version":[{"id":3629,"href":"https:\/\/agora.xtec.cat\/iesventuragassol\/wp-json\/wp\/v2\/pages\/1138\/revisions\/3629"}],"up":[{"embeddable":true,"href":"https:\/\/agora.xtec.cat\/iesventuragassol\/wp-json\/wp\/v2\/pages\/1136"}],"wp:attachment":[{"href":"https:\/\/agora.xtec.cat\/iesventuragassol\/wp-json\/wp\/v2\/media?parent=1138"}],"curies":[{"name":"wp","href":"https:\/\/api.w.org\/{rel}","templated":true}]}}