{"id":1136,"date":"2020-03-27T12:16:00","date_gmt":"2020-03-27T11:16:00","guid":{"rendered":"http:\/\/agora.xtec.cat\/iesventuragassol\/?page_id=1136"},"modified":"2020-03-29T13:37:41","modified_gmt":"2020-03-29T11:37:41","slug":"organigrama","status":"publish","type":"page","link":"https:\/\/agora.xtec.cat\/iesventuragassol\/linstitut\/organigrama\/","title":{"rendered":"Organigrama"},"content":{"rendered":"<p><strong><a href=\"https:\/\/agora.xtec.cat\/iesventuragassol\/wp-content\/uploads\/usu1243\/2020\/03\/lideres-en-red.jpg\"><img loading=\"lazy\" decoding=\"async\" class=\"alignright wp-image-1267 size-medium\" src=\"https:\/\/agora.xtec.cat\/iesventuragassol\/wp-content\/uploads\/usu1243\/2020\/03\/lideres-en-red-300x225.jpg\" alt=\"\" width=\"300\" height=\"225\" srcset=\"https:\/\/agora.xtec.cat\/iesventuragassol\/wp-content\/uploads\/usu1243\/2020\/03\/lideres-en-red-300x225.jpg 300w, https:\/\/agora.xtec.cat\/iesventuragassol\/wp-content\/uploads\/usu1243\/2020\/03\/lideres-en-red-200x150.jpg 200w, https:\/\/agora.xtec.cat\/iesventuragassol\/wp-content\/uploads\/usu1243\/2020\/03\/lideres-en-red.jpg 400w\" sizes=\"auto, (max-width: 300px) 100vw, 300px\" \/><\/a>L&#8217;institut \u00e9s una organitzaci\u00f3 ordenada amb l&#8217;objectiu d&#8217;oferir l&#8217;acci\u00f3 educativa adequada que necessita l&#8217;alumnat, l&#8217;atenci\u00f3 i acompanyament als membres de la comunitat escolar i la bona gesti\u00f3 dels serveis i l&#8217;equipament.<\/strong><\/p>\n<p>Per aquesta ra\u00f3 <strong>intentem distribuir tasques i responsabilitats per tal de ser eficients i efica\u00e7os i donar un bon servei.<\/strong><\/p>\n<p>Podeu consultar com ens organitzem i quines tasques desenvolupem mitjan\u00e7ant <strong>el men\u00fa desplegable<\/strong>.<\/p>\n","protected":false},"excerpt":{"rendered":"<p><a href=\"https:\/\/agora.xtec.cat\/iesventuragassol\/wp-content\/uploads\/usu1243\/2020\/03\/lideres-en-red.jpg\"><\/a>L&#8217;institut \u00e9s una organitzaci\u00f3 ordenada amb l&#8217;objectiu d&#8217;oferir l&#8217;acci\u00f3 educativa adequada que necessita l&#8217;alumnat, l&#8217;atenci\u00f3 i acompanyament als membres de la comunitat escolar i la bona gesti\u00f3 dels serveis i l&#8217;equipament.<br \/>\nPer aquesta ra\u00f3 intentem distribuir tasques i responsabilitats per tal de ser eficients i&hellip;  <a href=\"https:\/\/agora.xtec.cat\/iesventuragassol\/linstitut\/organigrama\/\" title=\"Read Organigrama\">Llegeix m\u00e9s\u00bb<\/a><\/p>\n","protected":false},"author":1,"featured_media":0,"parent":19,"menu_order":5,"comment_status":"closed","ping_status":"closed","template":"page-templates\/side-menu.php","meta":{"_bbp_topic_count":0,"_bbp_reply_count":0,"_bbp_total_topic_count":0,"_bbp_total_reply_count":0,"_bbp_voice_count":0,"_bbp_anonymous_reply_count":0,"_bbp_topic_count_hidden":0,"_bbp_reply_count_hidden":0,"_bbp_forum_subforum_count":0,"footnotes":""},"class_list":["post-1136","page","type-page","status-publish","hentry"],"post_mailing_queue_ids":[],"_links":{"self":[{"href":"https:\/\/agora.xtec.cat\/iesventuragassol\/wp-json\/wp\/v2\/pages\/1136","targetHints":{"allow":["GET"]}}],"collection":[{"href":"https:\/\/agora.xtec.cat\/iesventuragassol\/wp-json\/wp\/v2\/pages"}],"about":[{"href":"https:\/\/agora.xtec.cat\/iesventuragassol\/wp-json\/wp\/v2\/types\/page"}],"author":[{"embeddable":true,"href":"https:\/\/agora.xtec.cat\/iesventuragassol\/wp-json\/wp\/v2\/users\/1"}],"replies":[{"embeddable":true,"href":"https:\/\/agora.xtec.cat\/iesventuragassol\/wp-json\/wp\/v2\/comments?post=1136"}],"version-history":[{"count":3,"href":"https:\/\/agora.xtec.cat\/iesventuragassol\/wp-json\/wp\/v2\/pages\/1136\/revisions"}],"predecessor-version":[{"id":1269,"href":"https:\/\/agora.xtec.cat\/iesventuragassol\/wp-json\/wp\/v2\/pages\/1136\/revisions\/1269"}],"up":[{"embeddable":true,"href":"https:\/\/agora.xtec.cat\/iesventuragassol\/wp-json\/wp\/v2\/pages\/19"}],"wp:attachment":[{"href":"https:\/\/agora.xtec.cat\/iesventuragassol\/wp-json\/wp\/v2\/media?parent=1136"}],"curies":[{"name":"wp","href":"https:\/\/api.w.org\/{rel}","templated":true}]}}

<p><strong><a href="https://agora.xtec.cat/iesventuragassol/wp-content/uploads/usu1243/2020/03/lideres-en-red.jpg"><img loading="lazy" decoding="async" class="alignright wp-image-1267 size-medium" src="https://agora.xtec.cat/iesventuragassol/wp-content/uploads/usu1243/2020/03/lideres-en-red-300x225.jpg" alt="" width="300" height="225" srcset="https://agora.xtec.cat/iesventuragassol/wp-content/uploads/usu1243/2020/03/lideres-en-red-300x225.jpg 300w, https://agora.xtec.cat/iesventuragassol/wp-content/uploads/usu1243/2020/03/lideres-en-red-200x150.jpg 200w, https://agora.xtec.cat/iesventuragassol/wp-content/uploads/usu1243/2020/03/lideres-en-red.jpg 400w" sizes="auto, (max-width: 300px) 100vw, 300px" /></a>L&#8217;institut és una organització ordenada amb l&#8217;objectiu d&#8217;oferir l&#8217;acció educativa adequada que necessita l&#8217;alumnat, l&#8217;atenció i acompanyament als membres de la comunitat escolar i la bona gestió dels serveis i l&#8217;equipament.</strong></p>
<p>Per aquesta raó <strong>intentem distribuir tasques i responsabilitats per tal de ser eficients i eficaços i donar un bon servei.</strong></p>
<p>Podeu consultar com ens organitzem i quines tasques desenvolupem mitjançant <strong>el menú desplegable</strong>.</p>

<p><a href="https://agora.xtec.cat/iesventuragassol/wp-content/uploads/usu1243/2020/03/lideres-en-red.jpg"></a>L&#8217;institut és una organització ordenada amb l&#8217;objectiu d&#8217;oferir l&#8217;acció educativa adequada que necessita l&#8217;alumnat, l&#8217;atenció i acompanyament als membres de la comunitat escolar i la bona gestió dels serveis i l&#8217;equipament.<br />
Per aquesta raó intentem distribuir tasques i responsabilitats per tal de ser eficients i&hellip;  <a href="https://agora.xtec.cat/iesventuragassol/linstitut/organigrama/" title="Read Organigrama">Llegeix més»</a></p>
