{"id":1088,"date":"2020-03-26T20:02:03","date_gmt":"2020-03-26T19:02:03","guid":{"rendered":"http:\/\/agora.xtec.cat\/iesventuragassol\/?page_id=1088"},"modified":"2020-03-30T12:37:08","modified_gmt":"2020-03-30T10:37:08","slug":"programacio-general-anual-pga","status":"publish","type":"page","link":"https:\/\/agora.xtec.cat\/iesventuragassol\/linia-pedagogica\/programacio-general-anual-pga\/","title":{"rendered":"Programaci\u00f3 general anual [PGA]"},"content":{"rendered":"<p><a href=\"https:\/\/agora.xtec.cat\/iesventuragassol\/wp-content\/uploads\/usu1243\/2020\/03\/9aa9121517f0376f9aa3e60659a18ca7.jpg\"><img loading=\"lazy\" decoding=\"async\" class=\"alignright size-medium wp-image-1115\" src=\"https:\/\/agora.xtec.cat\/iesventuragassol\/wp-content\/uploads\/usu1243\/2020\/03\/9aa9121517f0376f9aa3e60659a18ca7-300x225.jpg\" alt=\"\" width=\"300\" height=\"225\" srcset=\"https:\/\/agora.xtec.cat\/iesventuragassol\/wp-content\/uploads\/usu1243\/2020\/03\/9aa9121517f0376f9aa3e60659a18ca7-300x225.jpg 300w, https:\/\/agora.xtec.cat\/iesventuragassol\/wp-content\/uploads\/usu1243\/2020\/03\/9aa9121517f0376f9aa3e60659a18ca7-200x150.jpg 200w, https:\/\/agora.xtec.cat\/iesventuragassol\/wp-content\/uploads\/usu1243\/2020\/03\/9aa9121517f0376f9aa3e60659a18ca7.jpg 700w\" sizes=\"auto, (max-width: 300px) 100vw, 300px\" \/><\/a>La <strong>Programaci\u00f3 general anual (PGA)<\/strong> explicita les prioritats, objectius i activitats del centre, fent \u00e8mfasi en els seg\u00fcents aspectes:<\/p>\n<ul>\n<li>\n<div><em><strong>Prioritats del curs<\/strong>: <\/em><strong>concrecions d\u2019objectius, actuacions (temporitzaci\u00f3 i\u00a0responsabilitats) i indicadors d\u2019avaluaci\u00f3.\u00a0<\/strong><\/div>\n<ul>\n<li style=\"text-align: left;\">\n<div><em>Objectius del Departament\u00a0d\u2019Educaci\u00f3.<\/em><\/div>\n<\/li>\n<li style=\"text-align: left;\">\n<div><em>Missi\u00f3, visi\u00f3 i valors del Projecte educatiu de centre.<\/em><\/div>\n<\/li>\n<li style=\"text-align: left;\">\n<div><em>Prioritats del Projecte de Direcci\u00f3.<\/em><\/div>\n<\/li>\n<li style=\"text-align: left;\">\n<div><em>Propostes de millora de les valoracions del curs anterior.<\/em><\/div>\n<\/li>\n<li style=\"text-align: left;\">\n<div><em style=\"font-family: inherit; font-size: 1em; line-height: 1.6;\">Necessitats derivades de plans i projectes\u00a0espec\u00edfics del centre.<\/em><\/div>\n<\/li>\n<\/ul>\n<\/li>\n<\/ul>\n<div>\n<ul>\n<li><strong>Funcionament i organitzaci\u00f3 del curs: informacions\u00a0m\u00e9s rellevants que\u00a0conformen la planificaci\u00f3 de l\u2019any escolar.<\/strong><\/li>\n<li>\n<div><em>Marc horari i calendari.<\/em><\/div>\n<\/li>\n<li>\n<div><em>Calendari de reunions i avaluacions.<\/em><\/div>\n<\/li>\n<li>\n<div><em>Organitzaci\u00f3 del professorat.<\/em><\/div>\n<\/li>\n<li><em>C\u00e0rrecs i responsabilitats.<\/em><\/li>\n<li><em><span style=\"font-family: inherit; font-size: 1em; line-height: 1.6;\">Organitzaci\u00f3 dels alumnes.<\/span><\/em><\/li>\n<li>\n<div><em>Participaci\u00f3 de la comunitat.<\/em><\/div>\n<\/li>\n<li>\n<div><em>Suports i recursos espec\u00edfics.<\/em><\/div>\n<\/li>\n<li>\n<div><em>Activitats dins i fora del centre.<\/em><\/div>\n<\/li>\n<li>\n<div><em>Relacions amb l\u2019entorn.<\/em><\/div>\n<\/li>\n<li><em>Formaci\u00f3 del professorat.<\/em><\/li>\n<li><em><span style=\"font-family: inherit; font-size: 1em; line-height: 1.6;\">Activitats extraescolars.<\/span><\/em><\/li>\n<li>\n<div><em>Estrat\u00e8gies de comunicaci\u00f3.<\/em><\/div>\n<\/li>\n<li>\n<div><em>Serveis escolars.<\/em><\/div>\n<\/li>\n<li>\n<div><em>Actuacions del Pla de seguretat.<\/em><\/div>\n<\/li>\n<li>\n<div><em>Pla de treball dels Serveis Educatius<\/em><\/div>\n<\/li>\n<\/ul>\n<table>\n<tbody>\n<tr>\n<td style=\"background-color: #0eab16;\">\n<h5><span style=\"color: #ffffff;\"><strong>PROGRAMACI\u00d3 GENERAL ANUAL\u00a0<\/strong><\/span><span style=\"color: #ffffff;\"><strong>[PGA]<\/strong><\/span><\/h5>\n<\/td>\n<td><img loading=\"lazy\" decoding=\"async\" class=\"wp-image-983 alignnone\" src=\"https:\/\/agora.xtec.cat\/iesventuragassol\/wp-content\/uploads\/usu1243\/2020\/03\/cuaderno-150x150.png\" alt=\"\" width=\"71\" height=\"71\" srcset=\"https:\/\/agora.xtec.cat\/iesventuragassol\/wp-content\/uploads\/usu1243\/2020\/03\/cuaderno-150x150.png 150w, https:\/\/agora.xtec.cat\/iesventuragassol\/wp-content\/uploads\/usu1243\/2020\/03\/cuaderno-300x300.png 300w, https:\/\/agora.xtec.cat\/iesventuragassol\/wp-content\/uploads\/usu1243\/2020\/03\/cuaderno.png 512w\" sizes=\"auto, (max-width: 71px) 100vw, 71px\" \/><\/td>\n<\/tr>\n<\/tbody>\n<\/table>\n<\/div>\n","protected":false},"excerpt":{"rendered":"<p><a href=\"https:\/\/agora.xtec.cat\/iesventuragassol\/wp-content\/uploads\/usu1243\/2020\/03\/9aa9121517f0376f9aa3e60659a18ca7.jpg\"><\/a>La Programaci\u00f3 general anual (PGA) explicita les prioritats, objectius i activitats del centre, fent \u00e8mfasi en els seg\u00fcents aspectes:<\/p>\n<ul>\n<li>\nPrioritats del curs: concrecions d\u2019objectius, actuacions (temporitzaci\u00f3 i\u00a0responsabilitats) i indicadors d\u2019avaluaci\u00f3.\u00a0<\/p>\n<ul>\n<li style=\"text-align: left;\">\nObjectius del Departament\u00a0d\u2019Educaci\u00f3.\n<\/li>\n<li style=\"text-align: left;\">\nMissi\u00f3, visi\u00f3 i valors del Projecte educatiu de centre.\n<\/li>\n<li style=\"text-align:&hellip;  <a href=\"https:\/\/agora.xtec.cat\/iesventuragassol\/linia-pedagogica\/programacio-general-anual-pga\/\" title=\"Read Programaci\u00f3 general anual [PGA]\">Llegeix m\u00e9s\u00bb<\/a><br \/>\n","protected":false},"author":1,"featured_media":0,"parent":805,"menu_order":4,"comment_status":"closed","ping_status":"closed","template":"page-templates\/side-menu.php","meta":{"_bbp_topic_count":0,"_bbp_reply_count":0,"_bbp_total_topic_count":0,"_bbp_total_reply_count":0,"_bbp_voice_count":0,"_bbp_anonymous_reply_count":0,"_bbp_topic_count_hidden":0,"_bbp_reply_count_hidden":0,"_bbp_forum_subforum_count":0,"footnotes":""},"class_list":["post-1088","page","type-page","status-publish","hentry"],"post_mailing_queue_ids":[],"_links":{"self":[{"href":"https:\/\/agora.xtec.cat\/iesventuragassol\/wp-json\/wp\/v2\/pages\/1088","targetHints":{"allow":["GET"]}}],"collection":[{"href":"https:\/\/agora.xtec.cat\/iesventuragassol\/wp-json\/wp\/v2\/pages"}],"about":[{"href":"https:\/\/agora.xtec.cat\/iesventuragassol\/wp-json\/wp\/v2\/types\/page"}],"author":[{"embeddable":true,"href":"https:\/\/agora.xtec.cat\/iesventuragassol\/wp-json\/wp\/v2\/users\/1"}],"replies":[{"embeddable":true,"href":"https:\/\/agora.xtec.cat\/iesventuragassol\/wp-json\/wp\/v2\/comments?post=1088"}],"version-history":[{"count":4,"href":"https:\/\/agora.xtec.cat\/iesventuragassol\/wp-json\/wp\/v2\/pages\/1088\/revisions"}],"predecessor-version":[{"id":1289,"href":"https:\/\/agora.xtec.cat\/iesventuragassol\/wp-json\/wp\/v2\/pages\/1088\/revisions\/1289"}],"up":[{"embeddable":true,"href":"https:\/\/agora.xtec.cat\/iesventuragassol\/wp-json\/wp\/v2\/pages\/805"}],"wp:attachment":[{"href":"https:\/\/agora.xtec.cat\/iesventuragassol\/wp-json\/wp\/v2\/media?parent=1088"}],"curies":[{"name":"wp","href":"https:\/\/api.w.org\/{rel}","templated":true}]}}

Programació general anual [PGA]

<p><a href="https://agora.xtec.cat/iesventuragassol/wp-content/uploads/usu1243/2020/03/9aa9121517f0376f9aa3e60659a18ca7.jpg"><img loading="lazy" decoding="async" class="alignright size-medium wp-image-1115" src="https://agora.xtec.cat/iesventuragassol/wp-content/uploads/usu1243/2020/03/9aa9121517f0376f9aa3e60659a18ca7-300x225.jpg" alt="" width="300" height="225" srcset="https://agora.xtec.cat/iesventuragassol/wp-content/uploads/usu1243/2020/03/9aa9121517f0376f9aa3e60659a18ca7-300x225.jpg 300w, https://agora.xtec.cat/iesventuragassol/wp-content/uploads/usu1243/2020/03/9aa9121517f0376f9aa3e60659a18ca7-200x150.jpg 200w, https://agora.xtec.cat/iesventuragassol/wp-content/uploads/usu1243/2020/03/9aa9121517f0376f9aa3e60659a18ca7.jpg 700w" sizes="auto, (max-width: 300px) 100vw, 300px" /></a>La <strong>Programació general anual (PGA)</strong> explicita les prioritats, objectius i activitats del centre, fent èmfasi en els següents aspectes:</p>
<ul>
<li>
<div><em><strong>Prioritats del curs</strong>: </em><strong>concrecions d’objectius, actuacions (temporització i responsabilitats) i indicadors d’avaluació. </strong></div>
<ul>
<li style="text-align: left;">
<div><em>Objectius del Departament d’Educació.</em></div>
</li>
<li style="text-align: left;">
<div><em>Missió, visió i valors del Projecte educatiu de centre.</em></div>
</li>
<li style="text-align: left;">
<div><em>Prioritats del Projecte de Direcció.</em></div>
</li>
<li style="text-align: left;">
<div><em>Propostes de millora de les valoracions del curs anterior.</em></div>
</li>
<li style="text-align: left;">
<div><em style="font-family: inherit; font-size: 1em; line-height: 1.6;">Necessitats derivades de plans i projectes específics del centre.</em></div>
</li>
</ul>
</li>
</ul>
<div>
<ul>
<li><strong>Funcionament i organització del curs: informacions més rellevants que conformen la planificació de l’any escolar.</strong></li>
<li>
<div><em>Marc horari i calendari.</em></div>
</li>
<li>
<div><em>Calendari de reunions i avaluacions.</em></div>
</li>
<li>
<div><em>Organització del professorat.</em></div>
</li>
<li><em>Càrrecs i responsabilitats.</em></li>
<li><em><span style="font-family: inherit; font-size: 1em; line-height: 1.6;">Organització dels alumnes.</span></em></li>
<li>
<div><em>Participació de la comunitat.</em></div>
</li>
<li>
<div><em>Suports i recursos específics.</em></div>
</li>
<li>
<div><em>Activitats dins i fora del centre.</em></div>
</li>
<li>
<div><em>Relacions amb l’entorn.</em></div>
</li>
<li><em>Formació del professorat.</em></li>
<li><em><span style="font-family: inherit; font-size: 1em; line-height: 1.6;">Activitats extraescolars.</span></em></li>
<li>
<div><em>Estratègies de comunicació.</em></div>
</li>
<li>
<div><em>Serveis escolars.</em></div>
</li>
<li>
<div><em>Actuacions del Pla de seguretat.</em></div>
</li>
<li>
<div><em>Pla de treball dels Serveis Educatius</em></div>
</li>
</ul>
<table>
<tbody>
<tr>
<td style="background-color: #0eab16;">
<h5><span style="color: #ffffff;"><strong>PROGRAMACIÓ GENERAL ANUAL </strong></span><span style="color: #ffffff;"><strong>[PGA]</strong></span></h5>
</td>
<td><img loading="lazy" decoding="async" class="wp-image-983 alignnone" src="https://agora.xtec.cat/iesventuragassol/wp-content/uploads/usu1243/2020/03/cuaderno-150x150.png" alt="" width="71" height="71" srcset="https://agora.xtec.cat/iesventuragassol/wp-content/uploads/usu1243/2020/03/cuaderno-150x150.png 150w, https://agora.xtec.cat/iesventuragassol/wp-content/uploads/usu1243/2020/03/cuaderno-300x300.png 300w, https://agora.xtec.cat/iesventuragassol/wp-content/uploads/usu1243/2020/03/cuaderno.png 512w" sizes="auto, (max-width: 71px) 100vw, 71px" /></td>
</tr>
</tbody>
</table>
</div>

<p><a href="https://agora.xtec.cat/iesventuragassol/wp-content/uploads/usu1243/2020/03/9aa9121517f0376f9aa3e60659a18ca7.jpg"></a>La Programació general anual (PGA) explicita les prioritats, objectius i activitats del centre, fent èmfasi en els següents aspectes:</p>
<ul>
<li>
Prioritats del curs: concrecions d’objectius, actuacions (temporització i responsabilitats) i indicadors d’avaluació. </p>
<ul>
<li style="text-align: left;">
Objectius del Departament d’Educació.
</li>
<li style="text-align: left;">
Missió, visió i valors del Projecte educatiu de centre.
</li>
<li style="text-align:&hellip;  <a href="https://agora.xtec.cat/iesventuragassol/linia-pedagogica/programacio-general-anual-pga/" title="Read Programació general anual [PGA]">Llegeix més»</a><br />
