{"id":1086,"date":"2020-03-26T20:01:30","date_gmt":"2020-03-26T19:01:30","guid":{"rendered":"http:\/\/agora.xtec.cat\/iesventuragassol\/?page_id=1086"},"modified":"2024-04-29T13:04:01","modified_gmt":"2024-04-29T11:04:01","slug":"projecte-linguistic-de-centre-plc","status":"publish","type":"page","link":"https:\/\/agora.xtec.cat\/iesventuragassol\/linia-pedagogica\/projecte-linguistic-de-centre-plc\/","title":{"rendered":"Projecte ling\u00fc\u00edstic de centre [PLC]"},"content":{"rendered":"<div class=\"basic_text_peq col-xs-12\">\n<div class=\"pd-15x\">\n<p><a href=\"https:\/\/agora.xtec.cat\/iesventuragassol\/wp-content\/uploads\/usu1243\/2020\/03\/subgent.jpg\"><img loading=\"lazy\" decoding=\"async\" class=\"alignright size-full wp-image-1108\" src=\"https:\/\/agora.xtec.cat\/iesventuragassol\/wp-content\/uploads\/usu1243\/2020\/03\/subgent.jpg\" alt=\"\" width=\"425\" height=\"282\" srcset=\"https:\/\/agora.xtec.cat\/iesventuragassol\/wp-content\/uploads\/usu1243\/2020\/03\/subgent.jpg 425w, https:\/\/agora.xtec.cat\/iesventuragassol\/wp-content\/uploads\/usu1243\/2020\/03\/subgent-300x199.jpg 300w\" sizes=\"auto, (max-width: 425px) 100vw, 425px\" \/><\/a>El <strong>projecte ling\u00fc\u00edstic<\/strong> \u00e9s el document que recull els<strong> aspectes relatius a l&#8217;ensenyament i a l&#8217;\u00fas de les lleng\u00fces en el centre educatiu.<\/strong><\/p>\n<p>En aquest document queden definits el <strong>tractament de la llengua catalana\u00a0com a llengua vehicular i d&#8217;aprenentatge<\/strong>, el proc\u00e9s d&#8217;ensenyament i aprenentatge de la llengua castellana, les diferents opcions amb refer\u00e8ncia a les lleng\u00fces estrangeres i els criteris generals per a les adequacions de les lleng\u00fces a la realitat socioling\u00fc\u00edstica del centre.<\/p>\n<p>El projecte ling\u00fc\u00edstic forma part del projecte educatiu de centre.<\/p>\n<p>&nbsp;<\/p>\n<p><strong>PENDENT D&#8217;ACTUALITZAR\u00a0<\/strong><\/p>\n<\/div>\n<div class=\"pd-15x\">\n<p>&nbsp;<\/p>\n<table>\n<tbody>\n<tr>\n<td style=\"background-color: #0eab16;\">\n<h5><a href=\"https:\/\/agora.xtec.cat\/iesventuragassol\/wp-content\/uploads\/usu1243\/2019\/02\/PLC_INS_VENTURA_GASSOL_08046751_Badalona_SSTT_BCN_COMARQUES.pdf\" target=\"_blank\" rel=\"noopener noreferrer\"><span style=\"color: #ffffff;\"><strong>PROJECTE LING\u00dc\u00cdSTIC DE CENTRE<\/strong><strong> [PLC]<\/strong><\/span><\/a><\/h5>\n<\/td>\n<td><a href=\"https:\/\/agora.xtec.cat\/iesventuragassol\/wp-content\/uploads\/usu1243\/2019\/02\/PLC_INS_VENTURA_GASSOL_08046751_Badalona_SSTT_BCN_COMARQUES.pdf\" target=\"_blank\" rel=\"noopener noreferrer\"><img loading=\"lazy\" decoding=\"async\" class=\"wp-image-983 alignnone\" src=\"https:\/\/agora.xtec.cat\/iesventuragassol\/wp-content\/uploads\/usu1243\/2020\/03\/cuaderno-150x150.png\" alt=\"\" width=\"71\" height=\"71\" srcset=\"https:\/\/agora.xtec.cat\/iesventuragassol\/wp-content\/uploads\/usu1243\/2020\/03\/cuaderno-150x150.png 150w, https:\/\/agora.xtec.cat\/iesventuragassol\/wp-content\/uploads\/usu1243\/2020\/03\/cuaderno-300x300.png 300w, https:\/\/agora.xtec.cat\/iesventuragassol\/wp-content\/uploads\/usu1243\/2020\/03\/cuaderno.png 512w\" sizes=\"auto, (max-width: 71px) 100vw, 71px\" \/><\/a><\/td>\n<\/tr>\n<\/tbody>\n<\/table>\n<p>&nbsp;<\/p>\n<\/div>\n<\/div>\n","protected":false},"excerpt":{"rendered":"<p><a href=\"https:\/\/agora.xtec.cat\/iesventuragassol\/wp-content\/uploads\/usu1243\/2020\/03\/subgent.jpg\"><\/a>El projecte ling\u00fc\u00edstic \u00e9s el document que recull els aspectes relatius a l&#8217;ensenyament i a l&#8217;\u00fas de les lleng\u00fces en el centre educatiu.<br \/>\nEn aquest document queden definits el tractament de la llengua catalana\u00a0com a llengua vehicular i d&#8217;aprenentatge, el proc\u00e9s d&#8217;ensenyament i aprenentatge de&hellip;  <a href=\"https:\/\/agora.xtec.cat\/iesventuragassol\/linia-pedagogica\/projecte-linguistic-de-centre-plc\/\" title=\"Read Projecte ling\u00fc\u00edstic de centre [PLC]\">Llegeix m\u00e9s\u00bb<\/a><\/p>\n","protected":false},"author":1,"featured_media":0,"parent":805,"menu_order":3,"comment_status":"closed","ping_status":"closed","template":"page-templates\/side-menu.php","meta":{"_bbp_topic_count":0,"_bbp_reply_count":0,"_bbp_total_topic_count":0,"_bbp_total_reply_count":0,"_bbp_voice_count":0,"_bbp_anonymous_reply_count":0,"_bbp_topic_count_hidden":0,"_bbp_reply_count_hidden":0,"_bbp_forum_subforum_count":0,"footnotes":""},"class_list":["post-1086","page","type-page","status-publish","hentry"],"post_mailing_queue_ids":[],"_links":{"self":[{"href":"https:\/\/agora.xtec.cat\/iesventuragassol\/wp-json\/wp\/v2\/pages\/1086","targetHints":{"allow":["GET"]}}],"collection":[{"href":"https:\/\/agora.xtec.cat\/iesventuragassol\/wp-json\/wp\/v2\/pages"}],"about":[{"href":"https:\/\/agora.xtec.cat\/iesventuragassol\/wp-json\/wp\/v2\/types\/page"}],"author":[{"embeddable":true,"href":"https:\/\/agora.xtec.cat\/iesventuragassol\/wp-json\/wp\/v2\/users\/1"}],"replies":[{"embeddable":true,"href":"https:\/\/agora.xtec.cat\/iesventuragassol\/wp-json\/wp\/v2\/comments?post=1086"}],"version-history":[{"count":4,"href":"https:\/\/agora.xtec.cat\/iesventuragassol\/wp-json\/wp\/v2\/pages\/1086\/revisions"}],"predecessor-version":[{"id":3074,"href":"https:\/\/agora.xtec.cat\/iesventuragassol\/wp-json\/wp\/v2\/pages\/1086\/revisions\/3074"}],"up":[{"embeddable":true,"href":"https:\/\/agora.xtec.cat\/iesventuragassol\/wp-json\/wp\/v2\/pages\/805"}],"wp:attachment":[{"href":"https:\/\/agora.xtec.cat\/iesventuragassol\/wp-json\/wp\/v2\/media?parent=1086"}],"curies":[{"name":"wp","href":"https:\/\/api.w.org\/{rel}","templated":true}]}}

Projecte lingüístic de centre [PLC]

<div class="basic_text_peq col-xs-12">
<div class="pd-15x">
<p><a href="https://agora.xtec.cat/iesventuragassol/wp-content/uploads/usu1243/2020/03/subgent.jpg"><img loading="lazy" decoding="async" class="alignright size-full wp-image-1108" src="https://agora.xtec.cat/iesventuragassol/wp-content/uploads/usu1243/2020/03/subgent.jpg" alt="" width="425" height="282" srcset="https://agora.xtec.cat/iesventuragassol/wp-content/uploads/usu1243/2020/03/subgent.jpg 425w, https://agora.xtec.cat/iesventuragassol/wp-content/uploads/usu1243/2020/03/subgent-300x199.jpg 300w" sizes="auto, (max-width: 425px) 100vw, 425px" /></a>El <strong>projecte lingüístic</strong> és el document que recull els<strong> aspectes relatius a l&#8217;ensenyament i a l&#8217;ús de les llengües en el centre educatiu.</strong></p>
<p>En aquest document queden definits el <strong>tractament de la llengua catalana com a llengua vehicular i d&#8217;aprenentatge</strong>, el procés d&#8217;ensenyament i aprenentatge de la llengua castellana, les diferents opcions amb referència a les llengües estrangeres i els criteris generals per a les adequacions de les llengües a la realitat sociolingüística del centre.</p>
<p>El projecte lingüístic forma part del projecte educatiu de centre.</p>
<p>&nbsp;</p>
<p><strong>PENDENT D&#8217;ACTUALITZAR </strong></p>
</div>
<div class="pd-15x">
<p>&nbsp;</p>
<table>
<tbody>
<tr>
<td style="background-color: #0eab16;">
<h5><a href="https://agora.xtec.cat/iesventuragassol/wp-content/uploads/usu1243/2019/02/PLC_INS_VENTURA_GASSOL_08046751_Badalona_SSTT_BCN_COMARQUES.pdf" target="_blank" rel="noopener noreferrer"><span style="color: #ffffff;"><strong>PROJECTE LINGÜÍSTIC DE CENTRE</strong><strong> [PLC]</strong></span></a></h5>
</td>
<td><a href="https://agora.xtec.cat/iesventuragassol/wp-content/uploads/usu1243/2019/02/PLC_INS_VENTURA_GASSOL_08046751_Badalona_SSTT_BCN_COMARQUES.pdf" target="_blank" rel="noopener noreferrer"><img loading="lazy" decoding="async" class="wp-image-983 alignnone" src="https://agora.xtec.cat/iesventuragassol/wp-content/uploads/usu1243/2020/03/cuaderno-150x150.png" alt="" width="71" height="71" srcset="https://agora.xtec.cat/iesventuragassol/wp-content/uploads/usu1243/2020/03/cuaderno-150x150.png 150w, https://agora.xtec.cat/iesventuragassol/wp-content/uploads/usu1243/2020/03/cuaderno-300x300.png 300w, https://agora.xtec.cat/iesventuragassol/wp-content/uploads/usu1243/2020/03/cuaderno.png 512w" sizes="auto, (max-width: 71px) 100vw, 71px" /></a></td>
</tr>
</tbody>
</table>
<p>&nbsp;</p>
</div>
</div>

<p><a href="https://agora.xtec.cat/iesventuragassol/wp-content/uploads/usu1243/2020/03/subgent.jpg"></a>El projecte lingüístic és el document que recull els aspectes relatius a l&#8217;ensenyament i a l&#8217;ús de les llengües en el centre educatiu.<br />
En aquest document queden definits el tractament de la llengua catalana com a llengua vehicular i d&#8217;aprenentatge, el procés d&#8217;ensenyament i aprenentatge de&hellip;  <a href="https://agora.xtec.cat/iesventuragassol/linia-pedagogica/projecte-linguistic-de-centre-plc/" title="Read Projecte lingüístic de centre [PLC]">Llegeix més»</a></p>
