{"id":1084,"date":"2020-03-26T20:00:51","date_gmt":"2020-03-26T19:00:51","guid":{"rendered":"http:\/\/agora.xtec.cat\/iesventuragassol\/?page_id=1084"},"modified":"2025-10-06T22:16:12","modified_gmt":"2025-10-06T20:16:12","slug":"normes-dorganitzacio-i-funcionament-nofc","status":"publish","type":"page","link":"https:\/\/agora.xtec.cat\/iesventuragassol\/linia-pedagogica\/normes-dorganitzacio-i-funcionament-nofc\/","title":{"rendered":"Normes d&#8217;organitzaci\u00f3 i funcionament [NOFC]"},"content":{"rendered":"<p align=\"justify\"><a href=\"https:\/\/agora.xtec.cat\/iesventuragassol\/wp-content\/uploads\/usu1243\/2020\/03\/9467955_web1_school_group_102517.jpg\"><img loading=\"lazy\" decoding=\"async\" class=\"alignright wp-image-1101 \" src=\"https:\/\/agora.xtec.cat\/iesventuragassol\/wp-content\/uploads\/usu1243\/2020\/03\/9467955_web1_school_group_102517-1024x683.jpg\" alt=\"\" width=\"437\" height=\"291\" srcset=\"https:\/\/agora.xtec.cat\/iesventuragassol\/wp-content\/uploads\/usu1243\/2020\/03\/9467955_web1_school_group_102517-1024x683.jpg 1024w, https:\/\/agora.xtec.cat\/iesventuragassol\/wp-content\/uploads\/usu1243\/2020\/03\/9467955_web1_school_group_102517-300x200.jpg 300w, https:\/\/agora.xtec.cat\/iesventuragassol\/wp-content\/uploads\/usu1243\/2020\/03\/9467955_web1_school_group_102517-768x512.jpg 768w, https:\/\/agora.xtec.cat\/iesventuragassol\/wp-content\/uploads\/usu1243\/2020\/03\/9467955_web1_school_group_102517.jpg 1050w\" sizes=\"auto, (max-width: 437px) 100vw, 437px\" \/><\/a>Les <strong>Normes d\u2019Organitzaci\u00f3 i Funcionament del Centre [NOFC]<\/strong>, que formen part del projecte educatiu, \u00e9s el document que <strong>recull de manera ordenada els principis organitzatius que regeixen el centre educatiu \u00a0i les interrelacions que s&#8217;hi produeixen<\/strong>: explicita l\u2019estructura organitzatica; defineix els vincles; recull les funcions, els drets i els deures dels diferents sectors, aix\u00ed com regula la conviv\u00e8ncia de la comunitat educativa de l&#8217;institut; fixa els processos; adapta el marc legislatiu a la nostra realitat i estableix l\u2019espec\u00edfica pel nostre centre educatiu, d&#8217;acord amb el principia b\u00e0sic de l&#8217;autonomia de centre<\/p>\n<p align=\"justify\">Les normes d\u2019organitzaci\u00f3 i funcionament del centre \u00e9s un document viu amb constant renovaci\u00f3 a proposta de tots els sectors, per a la millora i compliment de la seva funci\u00f3 i s\u00f3n aprovades pel Claustre i i el Consell Escolar.<\/p>\n<table>\n<tbody>\n<tr style=\"height: 83px;\">\n<td style=\"text-align: center; width: 446px; height: 83px; background-color: #0eab16;\">\n<h5><a href=\"https:\/\/drive.google.com\/file\/d\/1i6VEph7-KoSafkyj1VxK7jbCuZ19gE5U\/view?usp=sharing\" target=\"_blank\" rel=\"noopener noreferrer\"><span style=\"color: #ffffff;\"><strong>NORMES D&#8217;ORGANITZACI\u00d3 I FUNCIONAMENT<\/strong><\/span><span style=\"color: #ffffff;\"><strong> [NOFC]<\/strong><\/span><\/a><\/h5>\n<\/td>\n<td style=\"width: 87px; height: 83px;\"><a href=\"https:\/\/drive.google.com\/file\/d\/1i6VEph7-KoSafkyj1VxK7jbCuZ19gE5U\/view?usp=sharing\" target=\"_blank\" rel=\"noopener noreferrer\"><img loading=\"lazy\" decoding=\"async\" class=\"wp-image-983 alignnone\" src=\"https:\/\/agora.xtec.cat\/iesventuragassol\/wp-content\/uploads\/usu1243\/2020\/03\/cuaderno-150x150.png\" alt=\"\" width=\"71\" height=\"71\" srcset=\"https:\/\/agora.xtec.cat\/iesventuragassol\/wp-content\/uploads\/usu1243\/2020\/03\/cuaderno-150x150.png 150w, https:\/\/agora.xtec.cat\/iesventuragassol\/wp-content\/uploads\/usu1243\/2020\/03\/cuaderno-300x300.png 300w, https:\/\/agora.xtec.cat\/iesventuragassol\/wp-content\/uploads\/usu1243\/2020\/03\/cuaderno.png 512w\" sizes=\"auto, (max-width: 71px) 100vw, 71px\" \/><\/a><\/td>\n<\/tr>\n<\/tbody>\n<\/table>\n<p>&nbsp;<\/p>\n<p><!--a=1--><\/p>\n","protected":false},"excerpt":{"rendered":"<p><a href=\"https:\/\/agora.xtec.cat\/iesventuragassol\/wp-content\/uploads\/usu1243\/2020\/03\/9467955_web1_school_group_102517.jpg\"><\/a>Les Normes d\u2019Organitzaci\u00f3 i Funcionament del Centre [NOFC], que formen part del projecte educatiu, \u00e9s el document que recull de manera ordenada els principis organitzatius que regeixen el centre educatiu \u00a0i les interrelacions que s&#8217;hi produeixen: explicita l\u2019estructura organitzatica; defineix els vincles; recull les&hellip;  <a href=\"https:\/\/agora.xtec.cat\/iesventuragassol\/linia-pedagogica\/normes-dorganitzacio-i-funcionament-nofc\/\" title=\"Read Normes d&#8217;organitzaci\u00f3 i funcionament [NOFC]\">Llegeix m\u00e9s\u00bb<\/a><\/p>\n","protected":false},"author":1,"featured_media":0,"parent":805,"menu_order":2,"comment_status":"closed","ping_status":"closed","template":"page-templates\/side-menu.php","meta":{"_bbp_topic_count":0,"_bbp_reply_count":0,"_bbp_total_topic_count":0,"_bbp_total_reply_count":0,"_bbp_voice_count":0,"_bbp_anonymous_reply_count":0,"_bbp_topic_count_hidden":0,"_bbp_reply_count_hidden":0,"_bbp_forum_subforum_count":0,"footnotes":""},"class_list":["post-1084","page","type-page","status-publish","hentry"],"post_mailing_queue_ids":[],"_links":{"self":[{"href":"https:\/\/agora.xtec.cat\/iesventuragassol\/wp-json\/wp\/v2\/pages\/1084","targetHints":{"allow":["GET"]}}],"collection":[{"href":"https:\/\/agora.xtec.cat\/iesventuragassol\/wp-json\/wp\/v2\/pages"}],"about":[{"href":"https:\/\/agora.xtec.cat\/iesventuragassol\/wp-json\/wp\/v2\/types\/page"}],"author":[{"embeddable":true,"href":"https:\/\/agora.xtec.cat\/iesventuragassol\/wp-json\/wp\/v2\/users\/1"}],"replies":[{"embeddable":true,"href":"https:\/\/agora.xtec.cat\/iesventuragassol\/wp-json\/wp\/v2\/comments?post=1084"}],"version-history":[{"count":5,"href":"https:\/\/agora.xtec.cat\/iesventuragassol\/wp-json\/wp\/v2\/pages\/1084\/revisions"}],"predecessor-version":[{"id":3660,"href":"https:\/\/agora.xtec.cat\/iesventuragassol\/wp-json\/wp\/v2\/pages\/1084\/revisions\/3660"}],"up":[{"embeddable":true,"href":"https:\/\/agora.xtec.cat\/iesventuragassol\/wp-json\/wp\/v2\/pages\/805"}],"wp:attachment":[{"href":"https:\/\/agora.xtec.cat\/iesventuragassol\/wp-json\/wp\/v2\/media?parent=1084"}],"curies":[{"name":"wp","href":"https:\/\/api.w.org\/{rel}","templated":true}]}}

Normes d&#8217;organització i funcionament [NOFC]

<p align="justify"><a href="https://agora.xtec.cat/iesventuragassol/wp-content/uploads/usu1243/2020/03/9467955_web1_school_group_102517.jpg"><img loading="lazy" decoding="async" class="alignright wp-image-1101 " src="https://agora.xtec.cat/iesventuragassol/wp-content/uploads/usu1243/2020/03/9467955_web1_school_group_102517-1024x683.jpg" alt="" width="437" height="291" srcset="https://agora.xtec.cat/iesventuragassol/wp-content/uploads/usu1243/2020/03/9467955_web1_school_group_102517-1024x683.jpg 1024w, https://agora.xtec.cat/iesventuragassol/wp-content/uploads/usu1243/2020/03/9467955_web1_school_group_102517-300x200.jpg 300w, https://agora.xtec.cat/iesventuragassol/wp-content/uploads/usu1243/2020/03/9467955_web1_school_group_102517-768x512.jpg 768w, https://agora.xtec.cat/iesventuragassol/wp-content/uploads/usu1243/2020/03/9467955_web1_school_group_102517.jpg 1050w" sizes="auto, (max-width: 437px) 100vw, 437px" /></a>Les <strong>Normes d’Organització i Funcionament del Centre [NOFC]</strong>, que formen part del projecte educatiu, és el document que <strong>recull de manera ordenada els principis organitzatius que regeixen el centre educatiu  i les interrelacions que s&#8217;hi produeixen</strong>: explicita l’estructura organitzatica; defineix els vincles; recull les funcions, els drets i els deures dels diferents sectors, així com regula la convivència de la comunitat educativa de l&#8217;institut; fixa els processos; adapta el marc legislatiu a la nostra realitat i estableix l’específica pel nostre centre educatiu, d&#8217;acord amb el principia bàsic de l&#8217;autonomia de centre</p>
<p align="justify">Les normes d’organització i funcionament del centre és un document viu amb constant renovació a proposta de tots els sectors, per a la millora i compliment de la seva funció i són aprovades pel Claustre i i el Consell Escolar.</p>
<table>
<tbody>
<tr style="height: 83px;">
<td style="text-align: center; width: 446px; height: 83px; background-color: #0eab16;">
<h5><a href="https://drive.google.com/file/d/1i6VEph7-KoSafkyj1VxK7jbCuZ19gE5U/view?usp=sharing" target="_blank" rel="noopener noreferrer"><span style="color: #ffffff;"><strong>NORMES D&#8217;ORGANITZACIÓ I FUNCIONAMENT</strong></span><span style="color: #ffffff;"><strong> [NOFC]</strong></span></a></h5>
</td>
<td style="width: 87px; height: 83px;"><a href="https://drive.google.com/file/d/1i6VEph7-KoSafkyj1VxK7jbCuZ19gE5U/view?usp=sharing" target="_blank" rel="noopener noreferrer"><img loading="lazy" decoding="async" class="wp-image-983 alignnone" src="https://agora.xtec.cat/iesventuragassol/wp-content/uploads/usu1243/2020/03/cuaderno-150x150.png" alt="" width="71" height="71" srcset="https://agora.xtec.cat/iesventuragassol/wp-content/uploads/usu1243/2020/03/cuaderno-150x150.png 150w, https://agora.xtec.cat/iesventuragassol/wp-content/uploads/usu1243/2020/03/cuaderno-300x300.png 300w, https://agora.xtec.cat/iesventuragassol/wp-content/uploads/usu1243/2020/03/cuaderno.png 512w" sizes="auto, (max-width: 71px) 100vw, 71px" /></a></td>
</tr>
</tbody>
</table>
<p>&nbsp;</p>
<p><!--a=1--></p>

<p><a href="https://agora.xtec.cat/iesventuragassol/wp-content/uploads/usu1243/2020/03/9467955_web1_school_group_102517.jpg"></a>Les Normes d’Organització i Funcionament del Centre [NOFC], que formen part del projecte educatiu, és el document que recull de manera ordenada els principis organitzatius que regeixen el centre educatiu  i les interrelacions que s&#8217;hi produeixen: explicita l’estructura organitzatica; defineix els vincles; recull les&hellip;  <a href="https://agora.xtec.cat/iesventuragassol/linia-pedagogica/normes-dorganitzacio-i-funcionament-nofc/" title="Read Normes d&#8217;organització i funcionament [NOFC]">Llegeix més»</a></p>
