{"id":1040,"date":"2020-03-26T18:49:47","date_gmt":"2020-03-26T17:49:47","guid":{"rendered":"http:\/\/agora.xtec.cat\/iesventuragassol\/?page_id=1040"},"modified":"2020-04-05T01:08:21","modified_gmt":"2020-04-04T23:08:21","slug":"aula-dacollida","status":"publish","type":"page","link":"https:\/\/agora.xtec.cat\/iesventuragassol\/ambits-didactics\/orientacio-i-diversitat\/aula-dacollida\/","title":{"rendered":"Aula d&#8217;acollida"},"content":{"rendered":"<p><strong><a href=\"https:\/\/agora.xtec.cat\/iesventuragassol\/wp-content\/uploads\/usu1243\/2020\/04\/equipo.png\"><img loading=\"lazy\" decoding=\"async\" class=\"alignright size-thumbnail wp-image-1518\" src=\"https:\/\/agora.xtec.cat\/iesventuragassol\/wp-content\/uploads\/usu1243\/2020\/04\/equipo-150x150.png\" alt=\"\" width=\"150\" height=\"150\" srcset=\"https:\/\/agora.xtec.cat\/iesventuragassol\/wp-content\/uploads\/usu1243\/2020\/04\/equipo-150x150.png 150w, https:\/\/agora.xtec.cat\/iesventuragassol\/wp-content\/uploads\/usu1243\/2020\/04\/equipo-300x300.png 300w, https:\/\/agora.xtec.cat\/iesventuragassol\/wp-content\/uploads\/usu1243\/2020\/04\/equipo.png 512w\" sizes=\"auto, (max-width: 150px) 100vw, 150px\" \/><\/a>L\u2019aula d\u2019acollida \u00e9s l&#8217;espai refer\u00e8ncia, que permet una atenci\u00f3 emocional i curricular personalitzada i un aprenentatge intensiu de la llengua catalana a l&#8217;alumnat nouvingut que procedeix d&#8217;altres pa\u00efsos i cultures i que acaben d&#8217;incorpar-se a la nostra societat.<\/strong><\/p>\n<p>Proporciona a l\u2019alumnat nouvingut una atenci\u00f3 adequada a les necessitats i als progressos relacionals i ling\u00fc\u00edstics, sense perdre el contacte amb la resta de grup classe al qual estigui adscrit.<\/p>\n<p>El per\u00edode d&#8217;estada i atenci\u00f3 l&#8217;aula d&#8217;acollida \u00e9s de dos cursos. Ara b\u00e9 per l&#8217;alumnat que t\u00e9 com a llengua materna un idioma que no \u00e9s de la fam\u00edlia de les lleng\u00fces rom\u00e0niques pot perllongar-se un curs m\u00e9s.<\/p>\n<ul>\n<li>\n<h2><strong><span style=\"color: #008000;\">L&#8217;\u00c0MBIT<\/span><\/strong><\/h2>\n<\/li>\n<\/ul>\n<table>\n<tbody>\n<tr>\n<td style=\"width: 410px; background-color: #0eab16;\">\n<h3><span style=\"color: #ffffff;\"><strong>PROFESSORAT<\/strong><\/span><\/h3>\n<\/td>\n<td style=\"width: 120px;\"><a href=\"https:\/\/agora.xtec.cat\/iesventuragassol\/categoria\/dic\/or\/aa\/\" target=\"_blank\" rel=\"noopener noreferrer\"><img loading=\"lazy\" decoding=\"async\" class=\"alignnone wp-image-982 size-thumbnail\" src=\"https:\/\/agora.xtec.cat\/iesventuragassol\/wp-content\/uploads\/usu1243\/2020\/03\/graduacion-150x150.png\" alt=\"\" width=\"150\" height=\"150\" srcset=\"https:\/\/agora.xtec.cat\/iesventuragassol\/wp-content\/uploads\/usu1243\/2020\/03\/graduacion-150x150.png 150w, https:\/\/agora.xtec.cat\/iesventuragassol\/wp-content\/uploads\/usu1243\/2020\/03\/graduacion-300x300.png 300w, https:\/\/agora.xtec.cat\/iesventuragassol\/wp-content\/uploads\/usu1243\/2020\/03\/graduacion.png 512w\" sizes=\"auto, (max-width: 150px) 100vw, 150px\" \/><\/a><\/td>\n<\/tr>\n<tr>\n<td style=\"width: 410px; background-color: #0eab16;\">\n<h3><strong><span style=\"color: #ffffff;\">BLOG DE NOT\u00cdCIES I PROJECTES<\/span><\/strong><\/h3>\n<\/td>\n<td style=\"width: 120px;\"><a href=\"https:\/\/agora.xtec.cat\/iesventuragassol\/categoria\/dic\/or\/aa\/\"><img loading=\"lazy\" decoding=\"async\" class=\"alignnone wp-image-1245 size-thumbnail\" src=\"https:\/\/agora.xtec.cat\/iesventuragassol\/wp-content\/uploads\/usu1243\/2020\/03\/globe-150x150.png\" alt=\"\" width=\"150\" height=\"150\" srcset=\"https:\/\/agora.xtec.cat\/iesventuragassol\/wp-content\/uploads\/usu1243\/2020\/03\/globe-150x150.png 150w, https:\/\/agora.xtec.cat\/iesventuragassol\/wp-content\/uploads\/usu1243\/2020\/03\/globe-300x300.png 300w, https:\/\/agora.xtec.cat\/iesventuragassol\/wp-content\/uploads\/usu1243\/2020\/03\/globe.png 512w\" sizes=\"auto, (max-width: 150px) 100vw, 150px\" \/><\/a><\/td>\n<\/tr>\n<\/tbody>\n<\/table>\n<ul>\n<li>\n<h2><strong><span style=\"color: #008000;\">PROJECTES I PLANS D&#8217;ACTUACI\u00d3<\/span><\/strong><\/h2>\n<\/li>\n<\/ul>\n<table>\n<tbody>\n<tr>\n<td style=\"width: 410px; background-color: #0eab16;\">\n<h3><span style=\"color: #ffffff;\"><strong>PLA D&#8217;ACOLLIDA DEL CENTRE<\/strong><\/span><\/h3>\n<\/td>\n<td style=\"width: 120px;\"><img loading=\"lazy\" decoding=\"async\" class=\"alignright size-thumbnail wp-image-1530\" src=\"https:\/\/agora.xtec.cat\/iesventuragassol\/wp-content\/uploads\/usu1243\/2020\/04\/abrazo-150x150.png\" alt=\"\" width=\"150\" height=\"150\" srcset=\"https:\/\/agora.xtec.cat\/iesventuragassol\/wp-content\/uploads\/usu1243\/2020\/04\/abrazo-150x150.png 150w, https:\/\/agora.xtec.cat\/iesventuragassol\/wp-content\/uploads\/usu1243\/2020\/04\/abrazo-300x300.png 300w, https:\/\/agora.xtec.cat\/iesventuragassol\/wp-content\/uploads\/usu1243\/2020\/04\/abrazo.png 512w\" sizes=\"auto, (max-width: 150px) 100vw, 150px\" \/><\/td>\n<\/tr>\n<tr>\n<td style=\"width: 410px; background-color: #0eab16;\">\n<h3><strong><span style=\"color: #ffffff;\">PROJECTE CURRICULAR i PLA D&#8217;ACCI\u00d3: aula d&#8217;acollida<\/span><\/strong><\/h3>\n<\/td>\n<td style=\"width: 120px;\"><img loading=\"lazy\" decoding=\"async\" class=\"alignright size-thumbnail wp-image-1519\" src=\"https:\/\/agora.xtec.cat\/iesventuragassol\/wp-content\/uploads\/usu1243\/2020\/04\/global-150x150.png\" alt=\"\" width=\"150\" height=\"150\" srcset=\"https:\/\/agora.xtec.cat\/iesventuragassol\/wp-content\/uploads\/usu1243\/2020\/04\/global-150x150.png 150w, https:\/\/agora.xtec.cat\/iesventuragassol\/wp-content\/uploads\/usu1243\/2020\/04\/global-300x300.png 300w, https:\/\/agora.xtec.cat\/iesventuragassol\/wp-content\/uploads\/usu1243\/2020\/04\/global.png 512w\" sizes=\"auto, (max-width: 150px) 100vw, 150px\" \/><\/td>\n<\/tr>\n<\/tbody>\n<\/table>\n","protected":false},"excerpt":{"rendered":"<p><a href=\"https:\/\/agora.xtec.cat\/iesventuragassol\/wp-content\/uploads\/usu1243\/2020\/04\/equipo.png\"><\/a>L\u2019aula d\u2019acollida \u00e9s l&#8217;espai refer\u00e8ncia, que permet una atenci\u00f3 emocional i curricular personalitzada i un aprenentatge intensiu de la llengua catalana a l&#8217;alumnat nouvingut que procedeix d&#8217;altres pa\u00efsos i cultures i que acaben d&#8217;incorpar-se a la nostra societat.<br \/>\nProporciona a l\u2019alumnat nouvingut una atenci\u00f3 adequada&hellip;  <a href=\"https:\/\/agora.xtec.cat\/iesventuragassol\/ambits-didactics\/orientacio-i-diversitat\/aula-dacollida\/\" title=\"Read Aula d&#8217;acollida\">Llegeix m\u00e9s\u00bb<\/a><\/p>\n","protected":false},"author":1,"featured_media":0,"parent":1036,"menu_order":17,"comment_status":"closed","ping_status":"closed","template":"page-templates\/side-menu.php","meta":{"_bbp_topic_count":0,"_bbp_reply_count":0,"_bbp_total_topic_count":0,"_bbp_total_reply_count":0,"_bbp_voice_count":0,"_bbp_anonymous_reply_count":0,"_bbp_topic_count_hidden":0,"_bbp_reply_count_hidden":0,"_bbp_forum_subforum_count":0,"footnotes":""},"class_list":["post-1040","page","type-page","status-publish","hentry"],"post_mailing_queue_ids":[],"_links":{"self":[{"href":"https:\/\/agora.xtec.cat\/iesventuragassol\/wp-json\/wp\/v2\/pages\/1040","targetHints":{"allow":["GET"]}}],"collection":[{"href":"https:\/\/agora.xtec.cat\/iesventuragassol\/wp-json\/wp\/v2\/pages"}],"about":[{"href":"https:\/\/agora.xtec.cat\/iesventuragassol\/wp-json\/wp\/v2\/types\/page"}],"author":[{"embeddable":true,"href":"https:\/\/agora.xtec.cat\/iesventuragassol\/wp-json\/wp\/v2\/users\/1"}],"replies":[{"embeddable":true,"href":"https:\/\/agora.xtec.cat\/iesventuragassol\/wp-json\/wp\/v2\/comments?post=1040"}],"version-history":[{"count":4,"href":"https:\/\/agora.xtec.cat\/iesventuragassol\/wp-json\/wp\/v2\/pages\/1040\/revisions"}],"predecessor-version":[{"id":1803,"href":"https:\/\/agora.xtec.cat\/iesventuragassol\/wp-json\/wp\/v2\/pages\/1040\/revisions\/1803"}],"up":[{"embeddable":true,"href":"https:\/\/agora.xtec.cat\/iesventuragassol\/wp-json\/wp\/v2\/pages\/1036"}],"wp:attachment":[{"href":"https:\/\/agora.xtec.cat\/iesventuragassol\/wp-json\/wp\/v2\/media?parent=1040"}],"curies":[{"name":"wp","href":"https:\/\/api.w.org\/{rel}","templated":true}]}}

<p><strong><a href="https://agora.xtec.cat/iesventuragassol/wp-content/uploads/usu1243/2020/04/equipo.png"><img loading="lazy" decoding="async" class="alignright size-thumbnail wp-image-1518" src="https://agora.xtec.cat/iesventuragassol/wp-content/uploads/usu1243/2020/04/equipo-150x150.png" alt="" width="150" height="150" srcset="https://agora.xtec.cat/iesventuragassol/wp-content/uploads/usu1243/2020/04/equipo-150x150.png 150w, https://agora.xtec.cat/iesventuragassol/wp-content/uploads/usu1243/2020/04/equipo-300x300.png 300w, https://agora.xtec.cat/iesventuragassol/wp-content/uploads/usu1243/2020/04/equipo.png 512w" sizes="auto, (max-width: 150px) 100vw, 150px" /></a>L’aula d’acollida és l&#8217;espai referència, que permet una atenció emocional i curricular personalitzada i un aprenentatge intensiu de la llengua catalana a l&#8217;alumnat nouvingut que procedeix d&#8217;altres països i cultures i que acaben d&#8217;incorpar-se a la nostra societat.</strong></p>
<p>Proporciona a l’alumnat nouvingut una atenció adequada a les necessitats i als progressos relacionals i lingüístics, sense perdre el contacte amb la resta de grup classe al qual estigui adscrit.</p>
<p>El període d&#8217;estada i atenció l&#8217;aula d&#8217;acollida és de dos cursos. Ara bé per l&#8217;alumnat que té com a llengua materna un idioma que no és de la família de les llengües romàniques pot perllongar-se un curs més.</p>
<ul>
<li>
<h2><strong><span style="color: #008000;">L&#8217;ÀMBIT</span></strong></h2>
</li>
</ul>
<table>
<tbody>
<tr>
<td style="width: 410px; background-color: #0eab16;">
<h3><span style="color: #ffffff;"><strong>PROFESSORAT</strong></span></h3>
</td>
<td style="width: 120px;"><a href="https://agora.xtec.cat/iesventuragassol/categoria/dic/or/aa/" target="_blank" rel="noopener noreferrer"><img loading="lazy" decoding="async" class="alignnone wp-image-982 size-thumbnail" src="https://agora.xtec.cat/iesventuragassol/wp-content/uploads/usu1243/2020/03/graduacion-150x150.png" alt="" width="150" height="150" srcset="https://agora.xtec.cat/iesventuragassol/wp-content/uploads/usu1243/2020/03/graduacion-150x150.png 150w, https://agora.xtec.cat/iesventuragassol/wp-content/uploads/usu1243/2020/03/graduacion-300x300.png 300w, https://agora.xtec.cat/iesventuragassol/wp-content/uploads/usu1243/2020/03/graduacion.png 512w" sizes="auto, (max-width: 150px) 100vw, 150px" /></a></td>
</tr>
<tr>
<td style="width: 410px; background-color: #0eab16;">
<h3><strong><span style="color: #ffffff;">BLOG DE NOTÍCIES I PROJECTES</span></strong></h3>
</td>
<td style="width: 120px;"><a href="https://agora.xtec.cat/iesventuragassol/categoria/dic/or/aa/"><img loading="lazy" decoding="async" class="alignnone wp-image-1245 size-thumbnail" src="https://agora.xtec.cat/iesventuragassol/wp-content/uploads/usu1243/2020/03/globe-150x150.png" alt="" width="150" height="150" srcset="https://agora.xtec.cat/iesventuragassol/wp-content/uploads/usu1243/2020/03/globe-150x150.png 150w, https://agora.xtec.cat/iesventuragassol/wp-content/uploads/usu1243/2020/03/globe-300x300.png 300w, https://agora.xtec.cat/iesventuragassol/wp-content/uploads/usu1243/2020/03/globe.png 512w" sizes="auto, (max-width: 150px) 100vw, 150px" /></a></td>
</tr>
</tbody>
</table>
<ul>
<li>
<h2><strong><span style="color: #008000;">PROJECTES I PLANS D&#8217;ACTUACIÓ</span></strong></h2>
</li>
</ul>
<table>
<tbody>
<tr>
<td style="width: 410px; background-color: #0eab16;">
<h3><span style="color: #ffffff;"><strong>PLA D&#8217;ACOLLIDA DEL CENTRE</strong></span></h3>
</td>
<td style="width: 120px;"><img loading="lazy" decoding="async" class="alignright size-thumbnail wp-image-1530" src="https://agora.xtec.cat/iesventuragassol/wp-content/uploads/usu1243/2020/04/abrazo-150x150.png" alt="" width="150" height="150" srcset="https://agora.xtec.cat/iesventuragassol/wp-content/uploads/usu1243/2020/04/abrazo-150x150.png 150w, https://agora.xtec.cat/iesventuragassol/wp-content/uploads/usu1243/2020/04/abrazo-300x300.png 300w, https://agora.xtec.cat/iesventuragassol/wp-content/uploads/usu1243/2020/04/abrazo.png 512w" sizes="auto, (max-width: 150px) 100vw, 150px" /></td>
</tr>
<tr>
<td style="width: 410px; background-color: #0eab16;">
<h3><strong><span style="color: #ffffff;">PROJECTE CURRICULAR i PLA D&#8217;ACCIÓ: aula d&#8217;acollida</span></strong></h3>
</td>
<td style="width: 120px;"><img loading="lazy" decoding="async" class="alignright size-thumbnail wp-image-1519" src="https://agora.xtec.cat/iesventuragassol/wp-content/uploads/usu1243/2020/04/global-150x150.png" alt="" width="150" height="150" srcset="https://agora.xtec.cat/iesventuragassol/wp-content/uploads/usu1243/2020/04/global-150x150.png 150w, https://agora.xtec.cat/iesventuragassol/wp-content/uploads/usu1243/2020/04/global-300x300.png 300w, https://agora.xtec.cat/iesventuragassol/wp-content/uploads/usu1243/2020/04/global.png 512w" sizes="auto, (max-width: 150px) 100vw, 150px" /></td>
</tr>
</tbody>
</table>

<p><a href="https://agora.xtec.cat/iesventuragassol/wp-content/uploads/usu1243/2020/04/equipo.png"></a>L’aula d’acollida és l&#8217;espai referència, que permet una atenció emocional i curricular personalitzada i un aprenentatge intensiu de la llengua catalana a l&#8217;alumnat nouvingut que procedeix d&#8217;altres països i cultures i que acaben d&#8217;incorpar-se a la nostra societat.<br />
Proporciona a l’alumnat nouvingut una atenció adequada&hellip;  <a href="https://agora.xtec.cat/iesventuragassol/ambits-didactics/orientacio-i-diversitat/aula-dacollida/" title="Read Aula d&#8217;acollida">Llegeix més»</a></p>
