{"id":1036,"date":"2020-03-26T18:48:14","date_gmt":"2020-03-26T17:48:14","guid":{"rendered":"http:\/\/agora.xtec.cat\/iesventuragassol\/?page_id=1036"},"modified":"2020-04-02T12:30:29","modified_gmt":"2020-04-02T10:30:29","slug":"orientacio-i-diversitat","status":"publish","type":"page","link":"https:\/\/agora.xtec.cat\/iesventuragassol\/ambits-didactics\/orientacio-i-diversitat\/","title":{"rendered":"Orientaci\u00f3 i diversitat"},"content":{"rendered":"<p>L&#8217;atenci\u00f3 educativa a l&#8217;alumnat compr\u00e8n el conjunt de mesures i suports destinats a tots els alumnes, amb la finalitat d&#8217;afavorir el seu desenvolupament personal i social i perqu\u00e8 avancin en l&#8217;assoliment de les compet\u00e8ncies de cada etapa educativa i la transici\u00f3 a la vida adulta, en el marc d&#8217;un sistema educatiu inclusiu.<\/p>\n<p><strong>Tots i cadascun dels alumnes han de beneficiar-se, en un context ordinari, de les mesures i suports universals, a fi de desenvolupar-se personalment i socialment i avan\u00e7ar en les compet\u00e8ncies de cada etapa educativa.<\/strong><\/p>\n<p><strong>L&#8217;alumnat amb necessitats espec\u00edfiques de suport educatiu, a m\u00e9s de les mesures i els suports universals, poden necessitar mesures i suports addicionals i, o tamb\u00e9, intensius<\/strong>. \u00a0Es consideren alumnes amb necessitats espec\u00edfiques de suport educatiu:<\/p>\n<ol>\n<li><em>Els alumnes amb necessitats educatives especials associades a discapacitats f\u00edsiques, intel\u00b7lectuals o sensorials, trastorns de l&#8217;espectre autista, trastorns greus de conducta, trastorns mentals, i malalties degeneratives greus i minorit\u00e0ries.<\/em><\/li>\n<li><em>Els alumnes d&#8217;origen estranger amb necessitats educatives derivades de la incorporaci\u00f3 tardana al sistema educatiu, de la falta de domini de la llengua vehicular dels aprenentatges i de l&#8217;escolaritat pr\u00e8via deficit\u00e0ria.<\/em><\/li>\n<li><em>Els alumnes amb necessitats educatives derivades de situacions socioecon\u00f2miques i socioculturals especialment desfavorides.<\/em><\/li>\n<li><em>Els alumnes amb trastorns d&#8217;aprenentatge o de comunicaci\u00f3, entesos, aquests \u00faltims, com a trastorns que afecten l&#8217;adquisici\u00f3 i l&#8217;\u00fas funcional del llenguatge.<\/em><\/li>\n<li><em>Els alumnes amb altes capacitats derivades de la superdotaci\u00f3 intel\u00b7lectual, els talents simples i complexos i \u00f1a precocitat.<\/em><\/li>\n<li><em>Els alumnes amb risc d&#8217;abandonament escolar prematur.<\/em><\/li>\n<\/ol>\n<table>\n<tbody>\n<tr style=\"height: 116px;\">\n<td style=\"background-color: #0eab16; width: 334.767px; height: 116px;\">\n<h3><strong><span style=\"color: #ffffff;\">Orientaci\u00f3 i diversitat<\/span><\/strong><\/h3>\n<ul>\n<li>\n<h4><span style=\"color: #ffffff;\"><strong>Suport\u00a0<span class=\"st\">intensiu per a l&#8217;escolaritzaci\u00f3 inclusiva<\/span> [SIEI]<\/strong><\/span><\/h4>\n<\/li>\n<\/ul>\n<\/td>\n<td style=\"width: 102.233px; height: 116px;\"><a href=\"https:\/\/agora.xtec.cat\/iesventuragassol\/ambits-didactics\/orientacio-i-diversitat\/suport-intensiu-escolaritzacio-inclusiva\/\" target=\"_blank\" rel=\"noopener noreferrer\"><img loading=\"lazy\" decoding=\"async\" class=\"size-thumbnail wp-image-1483 aligncenter\" src=\"https:\/\/agora.xtec.cat\/iesventuragassol\/wp-content\/uploads\/usu1243\/2020\/04\/brujula-150x150.png\" alt=\"\" width=\"150\" height=\"150\" srcset=\"https:\/\/agora.xtec.cat\/iesventuragassol\/wp-content\/uploads\/usu1243\/2020\/04\/brujula-150x150.png 150w, https:\/\/agora.xtec.cat\/iesventuragassol\/wp-content\/uploads\/usu1243\/2020\/04\/brujula-300x300.png 300w, https:\/\/agora.xtec.cat\/iesventuragassol\/wp-content\/uploads\/usu1243\/2020\/04\/brujula.png 512w\" sizes=\"auto, (max-width: 150px) 100vw, 150px\" \/><\/a><\/td>\n<\/tr>\n<tr>\n<td style=\"width: 334.767px; background-color: #0eab16;\">\n<h3><strong><span style=\"color: #ffffff;\">Orientaci\u00f3 i diversitat<\/span><\/strong><\/h3>\n<ul>\n<li>\n<h4><span style=\"color: #ffffff;\"><strong>Aula d&#8217;acollida<\/strong><\/span><\/h4>\n<\/li>\n<\/ul>\n<\/td>\n<td style=\"width: 102.233px;\"><a href=\"https:\/\/agora.xtec.cat\/iesventuragassol\/ambits-didactics\/orientacio-i-diversitat\/aula-dacollida\/\" target=\"_blank\" rel=\"noopener noreferrer\"><img loading=\"lazy\" decoding=\"async\" class=\"alignright size-thumbnail wp-image-1518\" src=\"https:\/\/agora.xtec.cat\/iesventuragassol\/wp-content\/uploads\/usu1243\/2020\/04\/equipo-150x150.png\" alt=\"\" width=\"150\" height=\"150\" srcset=\"https:\/\/agora.xtec.cat\/iesventuragassol\/wp-content\/uploads\/usu1243\/2020\/04\/equipo-150x150.png 150w, https:\/\/agora.xtec.cat\/iesventuragassol\/wp-content\/uploads\/usu1243\/2020\/04\/equipo-300x300.png 300w, https:\/\/agora.xtec.cat\/iesventuragassol\/wp-content\/uploads\/usu1243\/2020\/04\/equipo.png 512w\" sizes=\"auto, (max-width: 150px) 100vw, 150px\" \/><\/a><\/td>\n<\/tr>\n<\/tbody>\n<\/table>\n","protected":false},"excerpt":{"rendered":"<p>L&#8217;atenci\u00f3 educativa a l&#8217;alumnat compr\u00e8n el conjunt de mesures i suports destinats a tots els alumnes, amb la finalitat d&#8217;afavorir el seu desenvolupament personal i social i perqu\u00e8 avancin en l&#8217;assoliment de les compet\u00e8ncies de cada etapa educativa i la transici\u00f3 a la vida adulta,&hellip;  <a href=\"https:\/\/agora.xtec.cat\/iesventuragassol\/ambits-didactics\/orientacio-i-diversitat\/\" title=\"Read Orientaci\u00f3 i diversitat\">Llegeix m\u00e9s\u00bb<\/a><\/p>\n","protected":false},"author":1,"featured_media":0,"parent":952,"menu_order":15,"comment_status":"closed","ping_status":"closed","template":"page-templates\/side-menu.php","meta":{"_bbp_topic_count":0,"_bbp_reply_count":0,"_bbp_total_topic_count":0,"_bbp_total_reply_count":0,"_bbp_voice_count":0,"_bbp_anonymous_reply_count":0,"_bbp_topic_count_hidden":0,"_bbp_reply_count_hidden":0,"_bbp_forum_subforum_count":0,"footnotes":""},"class_list":["post-1036","page","type-page","status-publish","hentry"],"post_mailing_queue_ids":[],"_links":{"self":[{"href":"https:\/\/agora.xtec.cat\/iesventuragassol\/wp-json\/wp\/v2\/pages\/1036","targetHints":{"allow":["GET"]}}],"collection":[{"href":"https:\/\/agora.xtec.cat\/iesventuragassol\/wp-json\/wp\/v2\/pages"}],"about":[{"href":"https:\/\/agora.xtec.cat\/iesventuragassol\/wp-json\/wp\/v2\/types\/page"}],"author":[{"embeddable":true,"href":"https:\/\/agora.xtec.cat\/iesventuragassol\/wp-json\/wp\/v2\/users\/1"}],"replies":[{"embeddable":true,"href":"https:\/\/agora.xtec.cat\/iesventuragassol\/wp-json\/wp\/v2\/comments?post=1036"}],"version-history":[{"count":4,"href":"https:\/\/agora.xtec.cat\/iesventuragassol\/wp-json\/wp\/v2\/pages\/1036\/revisions"}],"predecessor-version":[{"id":1528,"href":"https:\/\/agora.xtec.cat\/iesventuragassol\/wp-json\/wp\/v2\/pages\/1036\/revisions\/1528"}],"up":[{"embeddable":true,"href":"https:\/\/agora.xtec.cat\/iesventuragassol\/wp-json\/wp\/v2\/pages\/952"}],"wp:attachment":[{"href":"https:\/\/agora.xtec.cat\/iesventuragassol\/wp-json\/wp\/v2\/media?parent=1036"}],"curies":[{"name":"wp","href":"https:\/\/api.w.org\/{rel}","templated":true}]}}

Orientació i diversitat

<p>L&#8217;atenció educativa a l&#8217;alumnat comprèn el conjunt de mesures i suports destinats a tots els alumnes, amb la finalitat d&#8217;afavorir el seu desenvolupament personal i social i perquè avancin en l&#8217;assoliment de les competències de cada etapa educativa i la transició a la vida adulta, en el marc d&#8217;un sistema educatiu inclusiu.</p>
<p><strong>Tots i cadascun dels alumnes han de beneficiar-se, en un context ordinari, de les mesures i suports universals, a fi de desenvolupar-se personalment i socialment i avançar en les competències de cada etapa educativa.</strong></p>
<p><strong>L&#8217;alumnat amb necessitats específiques de suport educatiu, a més de les mesures i els suports universals, poden necessitar mesures i suports addicionals i, o també, intensius</strong>.  Es consideren alumnes amb necessitats específiques de suport educatiu:</p>
<ol>
<li><em>Els alumnes amb necessitats educatives especials associades a discapacitats físiques, intel·lectuals o sensorials, trastorns de l&#8217;espectre autista, trastorns greus de conducta, trastorns mentals, i malalties degeneratives greus i minoritàries.</em></li>
<li><em>Els alumnes d&#8217;origen estranger amb necessitats educatives derivades de la incorporació tardana al sistema educatiu, de la falta de domini de la llengua vehicular dels aprenentatges i de l&#8217;escolaritat prèvia deficitària.</em></li>
<li><em>Els alumnes amb necessitats educatives derivades de situacions socioeconòmiques i socioculturals especialment desfavorides.</em></li>
<li><em>Els alumnes amb trastorns d&#8217;aprenentatge o de comunicació, entesos, aquests últims, com a trastorns que afecten l&#8217;adquisició i l&#8217;ús funcional del llenguatge.</em></li>
<li><em>Els alumnes amb altes capacitats derivades de la superdotació intel·lectual, els talents simples i complexos i ña precocitat.</em></li>
<li><em>Els alumnes amb risc d&#8217;abandonament escolar prematur.</em></li>
</ol>
<table>
<tbody>
<tr style="height: 116px;">
<td style="background-color: #0eab16; width: 334.767px; height: 116px;">
<h3><strong><span style="color: #ffffff;">Orientació i diversitat</span></strong></h3>
<ul>
<li>
<h4><span style="color: #ffffff;"><strong>Suport <span class="st">intensiu per a l&#8217;escolarització inclusiva</span> [SIEI]</strong></span></h4>
</li>
</ul>
</td>
<td style="width: 102.233px; height: 116px;"><a href="https://agora.xtec.cat/iesventuragassol/ambits-didactics/orientacio-i-diversitat/suport-intensiu-escolaritzacio-inclusiva/" target="_blank" rel="noopener noreferrer"><img loading="lazy" decoding="async" class="size-thumbnail wp-image-1483 aligncenter" src="https://agora.xtec.cat/iesventuragassol/wp-content/uploads/usu1243/2020/04/brujula-150x150.png" alt="" width="150" height="150" srcset="https://agora.xtec.cat/iesventuragassol/wp-content/uploads/usu1243/2020/04/brujula-150x150.png 150w, https://agora.xtec.cat/iesventuragassol/wp-content/uploads/usu1243/2020/04/brujula-300x300.png 300w, https://agora.xtec.cat/iesventuragassol/wp-content/uploads/usu1243/2020/04/brujula.png 512w" sizes="auto, (max-width: 150px) 100vw, 150px" /></a></td>
</tr>
<tr>
<td style="width: 334.767px; background-color: #0eab16;">
<h3><strong><span style="color: #ffffff;">Orientació i diversitat</span></strong></h3>
<ul>
<li>
<h4><span style="color: #ffffff;"><strong>Aula d&#8217;acollida</strong></span></h4>
</li>
</ul>
</td>
<td style="width: 102.233px;"><a href="https://agora.xtec.cat/iesventuragassol/ambits-didactics/orientacio-i-diversitat/aula-dacollida/" target="_blank" rel="noopener noreferrer"><img loading="lazy" decoding="async" class="alignright size-thumbnail wp-image-1518" src="https://agora.xtec.cat/iesventuragassol/wp-content/uploads/usu1243/2020/04/equipo-150x150.png" alt="" width="150" height="150" srcset="https://agora.xtec.cat/iesventuragassol/wp-content/uploads/usu1243/2020/04/equipo-150x150.png 150w, https://agora.xtec.cat/iesventuragassol/wp-content/uploads/usu1243/2020/04/equipo-300x300.png 300w, https://agora.xtec.cat/iesventuragassol/wp-content/uploads/usu1243/2020/04/equipo.png 512w" sizes="auto, (max-width: 150px) 100vw, 150px" /></a></td>
</tr>
</tbody>
</table>

<p>L&#8217;atenció educativa a l&#8217;alumnat comprèn el conjunt de mesures i suports destinats a tots els alumnes, amb la finalitat d&#8217;afavorir el seu desenvolupament personal i social i perquè avancin en l&#8217;assoliment de les competències de cada etapa educativa i la transició a la vida adulta,&hellip;  <a href="https://agora.xtec.cat/iesventuragassol/ambits-didactics/orientacio-i-diversitat/" title="Read Orientació i diversitat">Llegeix més»</a></p>
