{"id":1034,"date":"2020-03-26T18:47:41","date_gmt":"2020-03-26T17:47:41","guid":{"rendered":"http:\/\/agora.xtec.cat\/iesventuragassol\/?page_id=1034"},"modified":"2020-04-05T01:03:10","modified_gmt":"2020-04-04T23:03:10","slug":"musica","status":"publish","type":"page","link":"https:\/\/agora.xtec.cat\/iesventuragassol\/ambits-didactics\/expressio-artistica\/musica\/","title":{"rendered":"M\u00fasica"},"content":{"rendered":"<p><a href=\"https:\/\/agora.xtec.cat\/iesventuragassol\/wp-content\/uploads\/usu1243\/2020\/04\/grabadora.png\"><img loading=\"lazy\" decoding=\"async\" class=\"alignright size-thumbnail wp-image-1477\" src=\"https:\/\/agora.xtec.cat\/iesventuragassol\/wp-content\/uploads\/usu1243\/2020\/04\/grabadora-150x150.png\" alt=\"\" width=\"150\" height=\"150\" srcset=\"https:\/\/agora.xtec.cat\/iesventuragassol\/wp-content\/uploads\/usu1243\/2020\/04\/grabadora-150x150.png 150w, https:\/\/agora.xtec.cat\/iesventuragassol\/wp-content\/uploads\/usu1243\/2020\/04\/grabadora-300x300.png 300w, https:\/\/agora.xtec.cat\/iesventuragassol\/wp-content\/uploads\/usu1243\/2020\/04\/grabadora.png 512w\" sizes=\"auto, (max-width: 150px) 100vw, 150px\" \/><\/a><a href=\"https:\/\/agora.xtec.cat\/iesventuragassol\/wp-content\/uploads\/usu1243\/2020\/03\/guitar.png\"><img loading=\"lazy\" decoding=\"async\" class=\"alignright size-thumbnail wp-image-1239\" src=\"https:\/\/agora.xtec.cat\/iesventuragassol\/wp-content\/uploads\/usu1243\/2020\/03\/guitar-150x150.png\" alt=\"\" width=\"150\" height=\"150\" srcset=\"https:\/\/agora.xtec.cat\/iesventuragassol\/wp-content\/uploads\/usu1243\/2020\/03\/guitar-150x150.png 150w, https:\/\/agora.xtec.cat\/iesventuragassol\/wp-content\/uploads\/usu1243\/2020\/03\/guitar-300x300.png 300w, https:\/\/agora.xtec.cat\/iesventuragassol\/wp-content\/uploads\/usu1243\/2020\/03\/guitar.png 512w\" sizes=\"auto, (max-width: 150px) 100vw, 150px\" \/><\/a>A <strong>m\u00fasica<\/strong>\u00a0es<strong>\u00a0treballen els elements de la m\u00fasica, les maneres com s\u2019escolta , els elements b\u00e0sics que constitueixen el discurs musical i els elements b\u00e0sics d\u2019organitzaci\u00f3 de la m\u00fasica<\/strong>. Tamb\u00e9 s&#8217;incideix en aspectes de <strong>la creaci\u00f3 i interpretaci\u00f3 musical amb la veu, els instruments, el cos i els suports<\/strong>.<\/p>\n<ul>\n<li>\n<h2><strong><span style=\"color: #008000;\">L&#8217;\u00c0MBIT<\/span><\/strong><\/h2>\n<\/li>\n<\/ul>\n<table>\n<tbody>\n<tr style=\"height: 52px;\">\n<td style=\"width: 410px; height: 52px; background-color: #0eab16;\">\n<h3><span style=\"color: #ffffff;\"><strong>PROFESSORAT<\/strong><\/span><\/h3>\n<\/td>\n<td style=\"width: 120px; height: 52px;\"><a href=\"https:\/\/agora.xtec.cat\/iesventuragassol\/categoria\/dic\/ex\/mus\/\" target=\"_blank\" rel=\"noopener noreferrer\"><img loading=\"lazy\" decoding=\"async\" class=\"alignnone wp-image-982 size-thumbnail\" src=\"https:\/\/agora.xtec.cat\/iesventuragassol\/wp-content\/uploads\/usu1243\/2020\/03\/graduacion-150x150.png\" alt=\"\" width=\"150\" height=\"150\" srcset=\"https:\/\/agora.xtec.cat\/iesventuragassol\/wp-content\/uploads\/usu1243\/2020\/03\/graduacion-150x150.png 150w, https:\/\/agora.xtec.cat\/iesventuragassol\/wp-content\/uploads\/usu1243\/2020\/03\/graduacion-300x300.png 300w, https:\/\/agora.xtec.cat\/iesventuragassol\/wp-content\/uploads\/usu1243\/2020\/03\/graduacion.png 512w\" sizes=\"auto, (max-width: 150px) 100vw, 150px\" \/><\/a><\/td>\n<\/tr>\n<tr style=\"height: 101px;\">\n<td style=\"width: 410px; height: 101px; background-color: #0eab16;\">\n<h3><strong><span style=\"color: #ffffff;\">BLOG DE NOT\u00cdCIES I PROJECTES<\/span><\/strong><\/h3>\n<\/td>\n<td style=\"width: 120px; height: 101px;\"><a href=\"https:\/\/agora.xtec.cat\/iesventuragassol\/categoria\/dic\/ex\/mus\/\"><img loading=\"lazy\" decoding=\"async\" class=\"alignnone wp-image-1127 size-full\" src=\"https:\/\/agora.xtec.cat\/iesventuragassol\/wp-content\/uploads\/usu1243\/2020\/03\/depmusica-1.png\" alt=\"\" width=\"150\" height=\"150\" \/><\/a><\/td>\n<\/tr>\n<\/tbody>\n<\/table>\n<ul>\n<li>\n<h2><strong><span style=\"color: #008000;\">ENSENYAMENTS A L&#8217;ESO<\/span><\/strong><\/h2>\n<\/li>\n<\/ul>\n<table>\n<tbody>\n<tr>\n<td style=\"width: 410px; background-color: #0eab16;\">\n<h3><strong><span style=\"color: #ffffff;\">ORDENAMENT CURRICULAR<\/span><\/strong><\/h3>\n<ul>\n<li>\n<h4><strong><span style=\"color: #ffffff;\">M\u00fasica:\u00a0<\/span><\/strong><strong style=\"font-family: inherit; font-size: 1em; line-height: 1.6;\"><span style=\"color: #ffffff;\">[1r i 2n]<\/span><\/strong><\/h4>\n<\/li>\n<li>\n<h4><span style=\"color: #ffffff;\"><strong>M\u00fasica:\u00a0<\/strong><\/span><strong style=\"color: #ffffff; font-family: inherit; font-size: 1em; line-height: 1.6;\">[4t]<\/strong><\/h4>\n<\/li>\n<\/ul>\n<\/td>\n<td style=\"width: 120px;\"><a href=\"http:\/\/xtec.gencat.cat\/web\/.content\/curriculum\/eso\/curriculum2015\/documents\/ANNEX-7-Ambit-artistic.pdf\" target=\"_blank\" rel=\"noopener noreferrer\"><img loading=\"lazy\" decoding=\"async\" class=\"aligncenter wp-image-984\" src=\"https:\/\/agora.xtec.cat\/iesventuragassol\/wp-content\/uploads\/usu1243\/2020\/03\/prueba-150x150.png\" alt=\"\" width=\"95\" height=\"95\" srcset=\"https:\/\/agora.xtec.cat\/iesventuragassol\/wp-content\/uploads\/usu1243\/2020\/03\/prueba-150x150.png 150w, https:\/\/agora.xtec.cat\/iesventuragassol\/wp-content\/uploads\/usu1243\/2020\/03\/prueba-300x300.png 300w, https:\/\/agora.xtec.cat\/iesventuragassol\/wp-content\/uploads\/usu1243\/2020\/03\/prueba.png 512w\" sizes=\"auto, (max-width: 95px) 100vw, 95px\" \/><\/a><\/td>\n<\/tr>\n<tr>\n<td style=\"width: 410px; background-color: #0eeb19;\">\n<h3><strong><span style=\"color: #ffffff;\">CRITERIS D&#8217;AVALUACI\u00d3<\/span><\/strong><\/h3>\n<ul>\n<li>\n<h4><strong><span style=\"color: #ffffff;\">M\u00fasica:\u00a0<\/span><\/strong><strong style=\"font-family: inherit; font-size: 1em; line-height: 1.6;\"><span style=\"color: #ffffff;\">[1r i 2n]<\/span><\/strong><\/h4>\n<\/li>\n<\/ul>\n<\/td>\n<td style=\"width: 120px;\"><img loading=\"lazy\" decoding=\"async\" class=\"aligncenter wp-image-988\" src=\"https:\/\/agora.xtec.cat\/iesventuragassol\/wp-content\/uploads\/usu1243\/2020\/03\/examen-150x150.png\" alt=\"\" width=\"95\" height=\"95\" srcset=\"https:\/\/agora.xtec.cat\/iesventuragassol\/wp-content\/uploads\/usu1243\/2020\/03\/examen-150x150.png 150w, https:\/\/agora.xtec.cat\/iesventuragassol\/wp-content\/uploads\/usu1243\/2020\/03\/examen-300x300.png 300w, https:\/\/agora.xtec.cat\/iesventuragassol\/wp-content\/uploads\/usu1243\/2020\/03\/examen.png 512w\" sizes=\"auto, (max-width: 95px) 100vw, 95px\" \/><\/td>\n<\/tr>\n<tr>\n<td style=\"width: 410px; background-color: #0eeb19;\">\n<h3><strong><span style=\"color: #ffffff;\">CRITERIS D&#8217;AVALUACI\u00d3<\/span><\/strong><\/h3>\n<ul>\n<li>\n<h4><strong><span style=\"color: #ffffff;\">M\u00fasica:\u00a0<\/span><\/strong><strong style=\"font-family: inherit; font-size: 1em; line-height: 1.6;\"><span style=\"color: #ffffff;\">[4t]<\/span><\/strong><\/h4>\n<\/li>\n<\/ul>\n<\/td>\n<td style=\"width: 120px;\"><img loading=\"lazy\" decoding=\"async\" class=\"aligncenter wp-image-988\" src=\"https:\/\/agora.xtec.cat\/iesventuragassol\/wp-content\/uploads\/usu1243\/2020\/03\/examen-150x150.png\" alt=\"\" width=\"95\" height=\"95\" srcset=\"https:\/\/agora.xtec.cat\/iesventuragassol\/wp-content\/uploads\/usu1243\/2020\/03\/examen-150x150.png 150w, https:\/\/agora.xtec.cat\/iesventuragassol\/wp-content\/uploads\/usu1243\/2020\/03\/examen-300x300.png 300w, https:\/\/agora.xtec.cat\/iesventuragassol\/wp-content\/uploads\/usu1243\/2020\/03\/examen.png 512w\" sizes=\"auto, (max-width: 95px) 100vw, 95px\" \/><\/td>\n<\/tr>\n<tr>\n<td style=\"width: 410px; background-color: #5bde40;\">\n<h3><span style=\"color: #ffffff;\"><strong>Llibres de text on line<\/strong><\/span><\/h3>\n<ul>\n<li>\n<h4><strong><span style=\"color: #ffffff;\">1r, 2n, i 4t d&#8217;ESO<\/span><\/strong><\/h4>\n<\/li>\n<\/ul>\n<\/td>\n<td style=\"width: 120px;\"><a href=\"http:\/\/edubook.vicensvives.com\/es\/inicio\" target=\"_blank\" rel=\"noopener noreferrer\"><img loading=\"lazy\" decoding=\"async\" class=\" wp-image-976 aligncenter\" src=\"https:\/\/agora.xtec.cat\/iesventuragassol\/wp-content\/uploads\/usu1243\/2020\/03\/depinformatica.png\" alt=\"\" width=\"100\" height=\"100\" \/><\/a><\/td>\n<\/tr>\n<\/tbody>\n<\/table>\n","protected":false},"excerpt":{"rendered":"<p><a href=\"https:\/\/agora.xtec.cat\/iesventuragassol\/wp-content\/uploads\/usu1243\/2020\/04\/grabadora.png\"><\/a><a href=\"https:\/\/agora.xtec.cat\/iesventuragassol\/wp-content\/uploads\/usu1243\/2020\/03\/guitar.png\"><\/a>A m\u00fasica\u00a0es\u00a0treballen els elements de la m\u00fasica, les maneres com s\u2019escolta , els elements b\u00e0sics que constitueixen el discurs musical i els elements b\u00e0sics d\u2019organitzaci\u00f3 de la m\u00fasica. Tamb\u00e9 s&#8217;incideix en aspectes de la creaci\u00f3 i interpretaci\u00f3 musical amb la veu, els instruments,&hellip;  <a href=\"https:\/\/agora.xtec.cat\/iesventuragassol\/ambits-didactics\/expressio-artistica\/musica\/\" title=\"Read M\u00fasica\">Llegeix m\u00e9s\u00bb<\/a><\/p>\n","protected":false},"author":1,"featured_media":0,"parent":1030,"menu_order":15,"comment_status":"closed","ping_status":"closed","template":"page-templates\/side-menu.php","meta":{"_bbp_topic_count":0,"_bbp_reply_count":0,"_bbp_total_topic_count":0,"_bbp_total_reply_count":0,"_bbp_voice_count":0,"_bbp_anonymous_reply_count":0,"_bbp_topic_count_hidden":0,"_bbp_reply_count_hidden":0,"_bbp_forum_subforum_count":0,"footnotes":""},"class_list":["post-1034","page","type-page","status-publish","hentry"],"post_mailing_queue_ids":[],"_links":{"self":[{"href":"https:\/\/agora.xtec.cat\/iesventuragassol\/wp-json\/wp\/v2\/pages\/1034","targetHints":{"allow":["GET"]}}],"collection":[{"href":"https:\/\/agora.xtec.cat\/iesventuragassol\/wp-json\/wp\/v2\/pages"}],"about":[{"href":"https:\/\/agora.xtec.cat\/iesventuragassol\/wp-json\/wp\/v2\/types\/page"}],"author":[{"embeddable":true,"href":"https:\/\/agora.xtec.cat\/iesventuragassol\/wp-json\/wp\/v2\/users\/1"}],"replies":[{"embeddable":true,"href":"https:\/\/agora.xtec.cat\/iesventuragassol\/wp-json\/wp\/v2\/comments?post=1034"}],"version-history":[{"count":3,"href":"https:\/\/agora.xtec.cat\/iesventuragassol\/wp-json\/wp\/v2\/pages\/1034\/revisions"}],"predecessor-version":[{"id":1799,"href":"https:\/\/agora.xtec.cat\/iesventuragassol\/wp-json\/wp\/v2\/pages\/1034\/revisions\/1799"}],"up":[{"embeddable":true,"href":"https:\/\/agora.xtec.cat\/iesventuragassol\/wp-json\/wp\/v2\/pages\/1030"}],"wp:attachment":[{"href":"https:\/\/agora.xtec.cat\/iesventuragassol\/wp-json\/wp\/v2\/media?parent=1034"}],"curies":[{"name":"wp","href":"https:\/\/api.w.org\/{rel}","templated":true}]}}

Música

<p><a href="https://agora.xtec.cat/iesventuragassol/wp-content/uploads/usu1243/2020/04/grabadora.png"><img loading="lazy" decoding="async" class="alignright size-thumbnail wp-image-1477" src="https://agora.xtec.cat/iesventuragassol/wp-content/uploads/usu1243/2020/04/grabadora-150x150.png" alt="" width="150" height="150" srcset="https://agora.xtec.cat/iesventuragassol/wp-content/uploads/usu1243/2020/04/grabadora-150x150.png 150w, https://agora.xtec.cat/iesventuragassol/wp-content/uploads/usu1243/2020/04/grabadora-300x300.png 300w, https://agora.xtec.cat/iesventuragassol/wp-content/uploads/usu1243/2020/04/grabadora.png 512w" sizes="auto, (max-width: 150px) 100vw, 150px" /></a><a href="https://agora.xtec.cat/iesventuragassol/wp-content/uploads/usu1243/2020/03/guitar.png"><img loading="lazy" decoding="async" class="alignright size-thumbnail wp-image-1239" src="https://agora.xtec.cat/iesventuragassol/wp-content/uploads/usu1243/2020/03/guitar-150x150.png" alt="" width="150" height="150" srcset="https://agora.xtec.cat/iesventuragassol/wp-content/uploads/usu1243/2020/03/guitar-150x150.png 150w, https://agora.xtec.cat/iesventuragassol/wp-content/uploads/usu1243/2020/03/guitar-300x300.png 300w, https://agora.xtec.cat/iesventuragassol/wp-content/uploads/usu1243/2020/03/guitar.png 512w" sizes="auto, (max-width: 150px) 100vw, 150px" /></a>A <strong>música</strong> es<strong> treballen els elements de la música, les maneres com s’escolta , els elements bàsics que constitueixen el discurs musical i els elements bàsics d’organització de la música</strong>. També s&#8217;incideix en aspectes de <strong>la creació i interpretació musical amb la veu, els instruments, el cos i els suports</strong>.</p>
<ul>
<li>
<h2><strong><span style="color: #008000;">L&#8217;ÀMBIT</span></strong></h2>
</li>
</ul>
<table>
<tbody>
<tr style="height: 52px;">
<td style="width: 410px; height: 52px; background-color: #0eab16;">
<h3><span style="color: #ffffff;"><strong>PROFESSORAT</strong></span></h3>
</td>
<td style="width: 120px; height: 52px;"><a href="https://agora.xtec.cat/iesventuragassol/categoria/dic/ex/mus/" target="_blank" rel="noopener noreferrer"><img loading="lazy" decoding="async" class="alignnone wp-image-982 size-thumbnail" src="https://agora.xtec.cat/iesventuragassol/wp-content/uploads/usu1243/2020/03/graduacion-150x150.png" alt="" width="150" height="150" srcset="https://agora.xtec.cat/iesventuragassol/wp-content/uploads/usu1243/2020/03/graduacion-150x150.png 150w, https://agora.xtec.cat/iesventuragassol/wp-content/uploads/usu1243/2020/03/graduacion-300x300.png 300w, https://agora.xtec.cat/iesventuragassol/wp-content/uploads/usu1243/2020/03/graduacion.png 512w" sizes="auto, (max-width: 150px) 100vw, 150px" /></a></td>
</tr>
<tr style="height: 101px;">
<td style="width: 410px; height: 101px; background-color: #0eab16;">
<h3><strong><span style="color: #ffffff;">BLOG DE NOTÍCIES I PROJECTES</span></strong></h3>
</td>
<td style="width: 120px; height: 101px;"><a href="https://agora.xtec.cat/iesventuragassol/categoria/dic/ex/mus/"><img loading="lazy" decoding="async" class="alignnone wp-image-1127 size-full" src="https://agora.xtec.cat/iesventuragassol/wp-content/uploads/usu1243/2020/03/depmusica-1.png" alt="" width="150" height="150" /></a></td>
</tr>
</tbody>
</table>
<ul>
<li>
<h2><strong><span style="color: #008000;">ENSENYAMENTS A L&#8217;ESO</span></strong></h2>
</li>
</ul>
<table>
<tbody>
<tr>
<td style="width: 410px; background-color: #0eab16;">
<h3><strong><span style="color: #ffffff;">ORDENAMENT CURRICULAR</span></strong></h3>
<ul>
<li>
<h4><strong><span style="color: #ffffff;">Música: </span></strong><strong style="font-family: inherit; font-size: 1em; line-height: 1.6;"><span style="color: #ffffff;">[1r i 2n]</span></strong></h4>
</li>
<li>
<h4><span style="color: #ffffff;"><strong>Música: </strong></span><strong style="color: #ffffff; font-family: inherit; font-size: 1em; line-height: 1.6;">[4t]</strong></h4>
</li>
</ul>
</td>
<td style="width: 120px;"><a href="http://xtec.gencat.cat/web/.content/curriculum/eso/curriculum2015/documents/ANNEX-7-Ambit-artistic.pdf" target="_blank" rel="noopener noreferrer"><img loading="lazy" decoding="async" class="aligncenter wp-image-984" src="https://agora.xtec.cat/iesventuragassol/wp-content/uploads/usu1243/2020/03/prueba-150x150.png" alt="" width="95" height="95" srcset="https://agora.xtec.cat/iesventuragassol/wp-content/uploads/usu1243/2020/03/prueba-150x150.png 150w, https://agora.xtec.cat/iesventuragassol/wp-content/uploads/usu1243/2020/03/prueba-300x300.png 300w, https://agora.xtec.cat/iesventuragassol/wp-content/uploads/usu1243/2020/03/prueba.png 512w" sizes="auto, (max-width: 95px) 100vw, 95px" /></a></td>
</tr>
<tr>
<td style="width: 410px; background-color: #0eeb19;">
<h3><strong><span style="color: #ffffff;">CRITERIS D&#8217;AVALUACIÓ</span></strong></h3>
<ul>
<li>
<h4><strong><span style="color: #ffffff;">Música: </span></strong><strong style="font-family: inherit; font-size: 1em; line-height: 1.6;"><span style="color: #ffffff;">[1r i 2n]</span></strong></h4>
</li>
</ul>
</td>
<td style="width: 120px;"><img loading="lazy" decoding="async" class="aligncenter wp-image-988" src="https://agora.xtec.cat/iesventuragassol/wp-content/uploads/usu1243/2020/03/examen-150x150.png" alt="" width="95" height="95" srcset="https://agora.xtec.cat/iesventuragassol/wp-content/uploads/usu1243/2020/03/examen-150x150.png 150w, https://agora.xtec.cat/iesventuragassol/wp-content/uploads/usu1243/2020/03/examen-300x300.png 300w, https://agora.xtec.cat/iesventuragassol/wp-content/uploads/usu1243/2020/03/examen.png 512w" sizes="auto, (max-width: 95px) 100vw, 95px" /></td>
</tr>
<tr>
<td style="width: 410px; background-color: #0eeb19;">
<h3><strong><span style="color: #ffffff;">CRITERIS D&#8217;AVALUACIÓ</span></strong></h3>
<ul>
<li>
<h4><strong><span style="color: #ffffff;">Música: </span></strong><strong style="font-family: inherit; font-size: 1em; line-height: 1.6;"><span style="color: #ffffff;">[4t]</span></strong></h4>
</li>
</ul>
</td>
<td style="width: 120px;"><img loading="lazy" decoding="async" class="aligncenter wp-image-988" src="https://agora.xtec.cat/iesventuragassol/wp-content/uploads/usu1243/2020/03/examen-150x150.png" alt="" width="95" height="95" srcset="https://agora.xtec.cat/iesventuragassol/wp-content/uploads/usu1243/2020/03/examen-150x150.png 150w, https://agora.xtec.cat/iesventuragassol/wp-content/uploads/usu1243/2020/03/examen-300x300.png 300w, https://agora.xtec.cat/iesventuragassol/wp-content/uploads/usu1243/2020/03/examen.png 512w" sizes="auto, (max-width: 95px) 100vw, 95px" /></td>
</tr>
<tr>
<td style="width: 410px; background-color: #5bde40;">
<h3><span style="color: #ffffff;"><strong>Llibres de text on line</strong></span></h3>
<ul>
<li>
<h4><strong><span style="color: #ffffff;">1r, 2n, i 4t d&#8217;ESO</span></strong></h4>
</li>
</ul>
</td>
<td style="width: 120px;"><a href="http://edubook.vicensvives.com/es/inicio" target="_blank" rel="noopener noreferrer"><img loading="lazy" decoding="async" class=" wp-image-976 aligncenter" src="https://agora.xtec.cat/iesventuragassol/wp-content/uploads/usu1243/2020/03/depinformatica.png" alt="" width="100" height="100" /></a></td>
</tr>
</tbody>
</table>

<p><a href="https://agora.xtec.cat/iesventuragassol/wp-content/uploads/usu1243/2020/04/grabadora.png"></a><a href="https://agora.xtec.cat/iesventuragassol/wp-content/uploads/usu1243/2020/03/guitar.png"></a>A música es treballen els elements de la música, les maneres com s’escolta , els elements bàsics que constitueixen el discurs musical i els elements bàsics d’organització de la música. També s&#8217;incideix en aspectes de la creació i interpretació musical amb la veu, els instruments,&hellip;  <a href="https://agora.xtec.cat/iesventuragassol/ambits-didactics/expressio-artistica/musica/" title="Read Música">Llegeix més»</a></p>
