{"id":2748,"date":"2019-04-23T00:13:50","date_gmt":"2019-04-22T22:13:50","guid":{"rendered":"http:\/\/iesvallvera.cat\/?page_id=2748"},"modified":"2026-04-29T10:35:16","modified_gmt":"2026-04-29T08:35:16","slug":"preinscripcio-i-matricula-eso","status":"publish","type":"page","link":"https:\/\/agora.xtec.cat\/iesvallvera\/secretaria\/preinscripcio-i-matricula\/preinscripcio-i-matricula-eso\/","title":{"rendered":"Preinscripci\u00f3 i matr\u00edcula ESO"},"content":{"rendered":"<p><span style=\"text-decoration: underline;\"><strong>Calendari<\/strong><\/span><\/p>\n<div id=\"TextSection\" dir=\"ltr\">\n<table style=\"width: 90.4059%; height: 740px;\" width=\"709\" cellspacing=\"0\" cellpadding=\"5\">\n<tbody>\n<tr style=\"height: 57px;\">\n<td style=\"height: 57px; width: 68.4286%;\" width=\"472\" height=\"20\"><a href=\"https:\/\/drive.google.com\/file\/d\/1VgqRQNZJvhGfIO27QqlXrQaE5X7gRM04\/view?usp=sharing\" target=\"_blank\" rel=\"noopener\">Publicaci\u00f3 oferta inicial<\/a><\/td>\n<td style=\"height: 57px; width: 97.6655%;\" width=\"216\">3 de mar\u00e7<\/td>\n<\/tr>\n<tr style=\"height: 57px;\">\n<td style=\"height: 57px; width: 68.4286%;\" width=\"472\" height=\"21\">Fes la <a href=\"https:\/\/preinscripcio.gencat.cat\/ca\/estudis\/eso\/preinscriute\/sollicitud\/\" target=\"_blank\" rel=\"noopener\">sol\u00b7licitud \u00a0de preinscripci\u00f3<\/a><\/td>\n<td style=\"height: 57px; width: 97.6655%;\" width=\"216\">Del 6 al 18 de mar\u00e7<\/td>\n<\/tr>\n<tr style=\"height: 57px;\">\n<td style=\"height: 57px; width: 68.4286%;\" width=\"472\" height=\"21\">\u00daltim dia per afegir documentaci\u00f3 a la preinscripci\u00f3 (si cal)<\/td>\n<td style=\"height: 57px; width: 97.6655%;\" width=\"216\">19 de mar\u00e7<\/td>\n<\/tr>\n<tr style=\"height: 57px;\">\n<td style=\"height: 57px; width: 68.4286%;\" width=\"472\" height=\"21\"><a href=\"https:\/\/drive.google.com\/file\/d\/1k8G9LEPfQAncZXpOyAj18Y5H-vCEe_8w\/view?usp=sharing\" target=\"_blank\" rel=\"noopener\">Publicaci\u00f3 de la llista de sol\u00b7licituds amb puntuaci\u00f3 provisional<\/a><\/td>\n<td style=\"height: 57px; width: 97.6655%;\" width=\"216\">15 d\u2019abril<\/td>\n<\/tr>\n<tr style=\"height: 57px;\">\n<td style=\"height: 57px; width: 68.4286%;\" width=\"472\" height=\"21\">Per\u00edode de reclamaci\u00f3 a la llista de sol\u00b7licituds amb puntuaci\u00f3 provisional<\/td>\n<td style=\"height: 57px; width: 97.6655%;\" width=\"216\">Del 15 al 20 d\u2019abril<\/td>\n<\/tr>\n<tr style=\"height: 57px;\">\n<td style=\"height: 57px; width: 68.4286%;\" width=\"472\" height=\"21\"><a href=\"https:\/\/drive.google.com\/file\/d\/16FT3vSLQPGfQ2xDfNIrYfXB8P7uLehzR\/view?usp=sharing\" target=\"_blank\" rel=\"noopener\">Publicaci\u00f3 de la llista amb la puntuaci\u00f3, resoltes les reclamacions<\/a><\/td>\n<td style=\"height: 57px; width: 97.6655%;\" width=\"216\">23 d\u2019abril<\/td>\n<\/tr>\n<tr style=\"height: 57px;\">\n<td style=\"height: 57px; width: 68.4286%;\" width=\"472\" height=\"21\"><a href=\"https:\/\/drive.google.com\/file\/d\/1oexPPp4uqv31wJVaORH4IYi3TGS3xPB-\/view?usp=sharing\" target=\"_blank\" rel=\"noopener\">Sorteig<\/a><\/td>\n<td style=\"height: 57px; width: 97.6655%;\" width=\"216\">28 d\u2019abril (11 h)<\/td>\n<\/tr>\n<tr style=\"height: 57px;\">\n<td style=\"height: 57px; width: 68.4286%;\" width=\"472\" height=\"21\"><a href=\"https:\/\/drive.google.com\/file\/d\/1jJ7J9j8skXS1OzuYN3NLngGzfN8ZHvQE\/view?usp=sharing\" target=\"_blank\" rel=\"noopener\">Publicaci\u00f3 de la llista ordenada<\/a><\/td>\n<td style=\"height: 57px; width: 97.6655%;\" width=\"216\">29 d\u2019abril<\/td>\n<\/tr>\n<tr style=\"height: 57px;\">\n<td style=\"height: 56px; width: 68.4286%;\" width=\"472\" height=\"21\">Publicaci\u00f3 oferta final<\/td>\n<td style=\"height: 56px; width: 97.6655%;\" width=\"216\">10 de juny<\/td>\n<\/tr>\n<tr style=\"height: 57px;\">\n<td style=\"height: 57px; width: 68.4286%;\" width=\"472\" height=\"21\">Publicaci\u00f3 de la llista d\u2019admesos i la llista d\u2019espera<\/td>\n<td style=\"height: 57px; width: 97.6655%;\" width=\"216\">10 de juny<\/td>\n<\/tr>\n<tr style=\"height: 57px;\">\n<td style=\"height: 57px; width: 68.4286%;\" width=\"472\" height=\"21\">Per\u00edode de matr\u00edcula<\/td>\n<td style=\"height: 57px; width: 97.6655%;\" width=\"216\">Del 22 al 30 juny<\/td>\n<\/tr>\n<tr style=\"height: 57px;\">\n<td style=\"height: 57px; width: 68.4286%;\" width=\"472\" height=\"21\">Gesti\u00f3 de la llista d\u2019espera<\/td>\n<td style=\"height: 57px; width: 97.6655%;\" width=\"216\">Del l\u20191 de juliol al 2 de setembre<\/td>\n<\/tr>\n<tr style=\"height: 57px;\">\n<td style=\"height: 57px; width: 68.4286%;\" width=\"472\" height=\"20\">Publicaci\u00f3 del llistat d\u2019alumnes matriculats<\/td>\n<td style=\"height: 57px; width: 97.6655%;\" width=\"216\">30 de setembre<\/td>\n<\/tr>\n<\/tbody>\n<\/table>\n<p><strong style=\"font-family: inherit; font-size: 1em;\">Informaci\u00f3 important per a la preinscripci\u00f3:<\/strong><\/p>\n<\/div>\n<ol>\n<li>Nom\u00e9s han de fer la preinscripci\u00f3 els alumnes que comen\u00e7aran 1r d\u2019ESO o els alumnes que ara ja estiguin cursant ESO per\u00f2 vulguin canviar de centre educatiu per al curs 2026\/2027.<\/li>\n<\/ol>\n<ol start=\"2\">\n<li>S\u2019ha de seguir sempre el calendari establert .<\/li>\n<\/ol>\n<ol start=\"3\">\n<li>Les sol\u00b7licituds de preinscripci\u00f3 s\u00f3n \u00fanicament en format telem\u00e0tic: Sol\u00b7licitud Electr\u00f2nica (cal <a href=\"https:\/\/assistent.aoc.cat\/idcatmobil\/\">identificaci\u00f3 digital<\/a>) i sol\u00b7licitud en suport Inform\u00e0tic (no cal identificaci\u00f3 digital per\u00f2 s\u2019hi ha d\u2019adjuntar documentaci\u00f3)<\/li>\n<li>Sempre necessitareu el n\u00famero d\u2019Identificador de l\u2019alumne (Idalu o RALC) que el podeu demanar a l\u2019escola actual . Si no el teniu haureu d\u2019adjuntar a la preinscripci\u00f3 la <a href=\"https:\/\/drive.google.com\/file\/d\/149E1cXi6tIcjGbHQKDvSvOPFSLQYKklz\/view?usp=sharing\">documentaci\u00f3 necess\u00e0ria<\/a><\/li>\n<\/ol>\n<ol start=\"5\">\n<li>Podeu consultar la puntuaci\u00f3 dels criteris de prioritat <a href=\"https:\/\/preinscripcio.gencat.cat\/ca\/estudis\/eso\/informat\/criteris-assignacio\/\">aqu\u00ed<\/a>.<\/li>\n<\/ol>\n<p>Tens dubtes? Pots trucar a la secretaria del centre <strong>972231919 de 10 a 14h<\/strong>.<\/p>\n<p>Per m\u00e9s informaci\u00f3 aqu\u00ed teniu la <a href=\"https:\/\/preinscripcio.gencat.cat\/ca\/inici\/\" target=\"_blank\" rel=\"noopener\">web del Departament d&#8217;Educaci\u00f3<\/a><\/p>\n","protected":false},"excerpt":{"rendered":"<p>Calendari Publicaci\u00f3 oferta inicial 3 de mar\u00e7 Fes la sol\u00b7licitud \u00a0de preinscripci\u00f3 Del 6 al 18 de mar\u00e7 \u00daltim dia per afegir documentaci\u00f3 a la preinscripci\u00f3 (si cal) 19 de mar\u00e7 Publicaci\u00f3 de la llista de sol\u00b7licituds amb puntuaci\u00f3 provisional 15 d\u2019abril Per\u00edode de reclamaci\u00f3 a la llista de sol\u00b7licituds amb puntuaci\u00f3 provisional Del 15 [&hellip;]<\/p>\n","protected":false},"author":4,"featured_media":0,"parent":10358,"menu_order":0,"comment_status":"closed","ping_status":"closed","template":"","meta":{"_bbp_topic_count":0,"_bbp_reply_count":0,"_bbp_total_topic_count":0,"_bbp_total_reply_count":0,"_bbp_voice_count":0,"_bbp_anonymous_reply_count":0,"_bbp_topic_count_hidden":0,"_bbp_reply_count_hidden":0,"_bbp_forum_subforum_count":0,"site-sidebar-layout":"default","site-content-layout":"","ast-site-content-layout":"default","site-content-style":"default","site-sidebar-style":"default","ast-global-header-display":"","ast-banner-title-visibility":"","ast-main-header-display":"","ast-hfb-above-header-display":"","ast-hfb-below-header-display":"","ast-hfb-mobile-header-display":"","site-post-title":"","ast-breadcrumbs-content":"","ast-featured-img":"","footer-sml-layout":"","theme-transparent-header-meta":"","adv-header-id-meta":"","stick-header-meta":"","header-above-stick-meta":"","header-main-stick-meta":"","header-below-stick-meta":"","astra-migrate-meta-layouts":"set","ast-page-background-enabled":"default","ast-page-background-meta":{"desktop":{"background-color":"var(--ast-global-color-4)","background-image":"","background-repeat":"repeat","background-position":"center center","background-size":"auto","background-attachment":"scroll","background-type":"","background-media":"","overlay-type":"","overlay-color":"","overlay-opacity":"","overlay-gradient":""},"tablet":{"background-color":"","background-image":"","background-repeat":"repeat","background-position":"center center","background-size":"auto","background-attachment":"scroll","background-type":"","background-media":"","overlay-type":"","overlay-color":"","overlay-opacity":"","overlay-gradient":""},"mobile":{"background-color":"","background-image":"","background-repeat":"repeat","background-position":"center center","background-size":"auto","background-attachment":"scroll","background-type":"","background-media":"","overlay-type":"","overlay-color":"","overlay-opacity":"","overlay-gradient":""}},"ast-content-background-meta":{"desktop":{"background-color":"var(--ast-global-color-5)","background-image":"","background-repeat":"repeat","background-position":"center center","background-size":"auto","background-attachment":"scroll","background-type":"","background-media":"","overlay-type":"","overlay-color":"","overlay-opacity":"","overlay-gradient":""},"tablet":{"background-color":"var(--ast-global-color-5)","background-image":"","background-repeat":"repeat","background-position":"center center","background-size":"auto","background-attachment":"scroll","background-type":"","background-media":"","overlay-type":"","overlay-color":"","overlay-opacity":"","overlay-gradient":""},"mobile":{"background-color":"var(--ast-global-color-5)","background-image":"","background-repeat":"repeat","background-position":"center center","background-size":"auto","background-attachment":"scroll","background-type":"","background-media":"","overlay-type":"","overlay-color":"","overlay-opacity":"","overlay-gradient":""}},"footnotes":""},"class_list":["post-2748","page","type-page","status-publish","hentry"],"post_mailing_queue_ids":[],"_links":{"self":[{"href":"https:\/\/agora.xtec.cat\/iesvallvera\/wp-json\/wp\/v2\/pages\/2748","targetHints":{"allow":["GET"]}}],"collection":[{"href":"https:\/\/agora.xtec.cat\/iesvallvera\/wp-json\/wp\/v2\/pages"}],"about":[{"href":"https:\/\/agora.xtec.cat\/iesvallvera\/wp-json\/wp\/v2\/types\/page"}],"author":[{"embeddable":true,"href":"https:\/\/agora.xtec.cat\/iesvallvera\/wp-json\/wp\/v2\/users\/4"}],"replies":[{"embeddable":true,"href":"https:\/\/agora.xtec.cat\/iesvallvera\/wp-json\/wp\/v2\/comments?post=2748"}],"version-history":[{"count":6,"href":"https:\/\/agora.xtec.cat\/iesvallvera\/wp-json\/wp\/v2\/pages\/2748\/revisions"}],"predecessor-version":[{"id":13276,"href":"https:\/\/agora.xtec.cat\/iesvallvera\/wp-json\/wp\/v2\/pages\/2748\/revisions\/13276"}],"up":[{"embeddable":true,"href":"https:\/\/agora.xtec.cat\/iesvallvera\/wp-json\/wp\/v2\/pages\/10358"}],"wp:attachment":[{"href":"https:\/\/agora.xtec.cat\/iesvallvera\/wp-json\/wp\/v2\/media?parent=2748"}],"curies":[{"name":"wp","href":"https:\/\/api.w.org\/{rel}","templated":true}]}}