{"id":2729,"date":"2019-04-22T09:55:30","date_gmt":"2019-04-22T07:55:30","guid":{"rendered":"http:\/\/iesvallvera.cat\/?page_id=2729"},"modified":"2026-04-14T11:15:07","modified_gmt":"2026-04-14T09:15:07","slug":"preinscripcio-i-matricula-cfgs","status":"publish","type":"page","link":"https:\/\/agora.xtec.cat\/iesvallvera\/secretaria\/preinscripcio-i-matricula\/preinscripcio-i-matricula-cfgs\/","title":{"rendered":"Preinscripci\u00f3 i matr\u00edcula FP Grau Superior"},"content":{"rendered":"\n<p><span style=\"text-decoration: underline;\"><strong>Calendari<\/strong><\/span><\/p>\n\n\n\n<ul class=\"wp-block-list\">\n<li>Publicaci\u00f3 de l&#8217;oferta inicial: 22 de maig  de 2026<\/li>\n\n\n\n<li>Presentaci\u00f3 de sol\u00b7licituds: del 26 de maig a l\u20191 de juny de 2026, ambd\u00f3s inclosos. (La sol\u00b7licitud s&#8217;ha de presentar al registre electr\u00f2nic de la Generalitat mitjan\u00e7ant el formulari electr\u00f2nic disponible al web <a href=\"https:\/\/tramits.gencat.cat\/ca\/tramits\/tramits-temes\/preinscripcio-fp-gm\" target=\"_blank\" rel=\"noreferrer noopener\">preinscripcio.gencat.cat<\/a>)<\/li>\n\n\n\n<li>Llista de sol\u00b7licituds amb la puntuaci\u00f3 provisional: 29 de juny de 2026<\/li>\n\n\n\n<li>Presentaci\u00f3 de reclamacions: del 29 de juny al 2 de juliol de 2026<\/li>\n\n\n\n<li>Llista un cop resoltes les reclamacions: 7 de juliol de 2026Sorteig: 6 de juliol de 2025 (a les 11 hores)Llista de l\u2019oferta final: 10 de juliol de 2026<\/li>\n<\/ul>\n\n\n\n<p><strong>Primer per\u00edode d\u2019admissi\u00f3:<\/strong><\/p>\n\n\n\n<ul class=\"wp-block-list\">\n<li>Publicaci\u00f3 de les places de la primera assignaci\u00f3, amb indicaci\u00f3 del n\u00famero de petici\u00f3 atesa: 10 de juliol de 2026<\/li>\n\n\n\n<li><span style=\"text-decoration: underline;\">De l&#8217;10 al 14 de juliol de 2026: confirma la matr\u00edcula o renuncia a la pla\u00e7a assignada.<\/span><\/li>\n<\/ul>\n\n\n\n<figure class=\"wp-block-table\"><table class=\"has-fixed-layout\"><tbody><tr><td><strong>En aquest per\u00edode, pots:<\/strong><br><br>&#8211; Confirmar la matr\u00edcula en l\u00ednia si tens assignada la teva primera opci\u00f3 en la primera assignaci\u00f3.<br><br>&#8211; Renunciar a la pla\u00e7a assignada. Has de tenir en compte que si renuncies a la pla\u00e7a quedar\u00e0s excl\u00f2s del proc\u00e9s de preinscripci\u00f3. Aix\u00ed mateix, en cas de no acceptar la pla\u00e7a assignada o de no completar la matr\u00edcula, es procedir\u00e0 a la renuncia d\u2019ofici.<br><br>&#8211; Les persones que han obtingut una pla\u00e7a diferent a la primera petici\u00f3, podran ja acceptar o renunciar a la pla\u00e7a, o b\u00e9 indicar que volen participar a la segon proc\u00e9s d\u2019assignaci\u00f3 de places per tal de millorar l&#8217;assignaci\u00f3 obtinguda. Si no obtens una millor assignaci\u00f3 a la segona tanda, tindr\u00e0s garantida la pla\u00e7a assignada en aquest primer proc\u00e9s.<br><br><span style=\"text-decoration: underline;\">Tot i haver confirmat la matr\u00edcula en l\u00ednia has de completar la matr\u00edcula adre\u00e7ant-te al centre assignat.<\/span><\/td><\/tr><\/tbody><\/table><\/figure>\n\n\n\n<ul class=\"wp-block-list\">\n<li>Per\u00edode per interposar reclamacions a les llistes d&#8217;alumnes amb pla\u00e7a assignada en la primera assignaci\u00f3 davant de la comissi\u00f3 de garanties d&#8217;admissi\u00f3 (CGA): del 13 al 15 de juliol de 2026<\/li>\n<\/ul>\n\n\n\n<p><strong>Segon per\u00edode d\u2019admissi\u00f3:<\/strong><\/p>\n\n\n\n<ul class=\"wp-block-list\">\n<li>&nbsp;Publicaci\u00f3 de places de la segona assignaci\u00f3, amb indicaci\u00f3 del n\u00famero de petici\u00f3 atesa: 24 de juliol de 2026<\/li>\n\n\n\n<li><span style=\"text-decoration: underline;\">Confirma la matr\u00edcula o renuncia a la pla\u00e7a assignada: 24 i 28 de juliol de 2026:<\/span><\/li>\n<\/ul>\n\n\n\n<ul class=\"wp-block-list\"><\/ul>\n\n\n\n<figure class=\"wp-block-table\"><table class=\"has-fixed-layout\"><tbody><tr><td>En aquest per\u00edode, pots:<br><br>&#8211; Confirmar la matr\u00edcula en l\u00ednia si acceptes la pla\u00e7a assignada en la segona tanda d&#8217;assignaci\u00f3.<br><br>&#8211; Renunciar a la pla\u00e7a assignada. Has de tenir en compte que si renuncies, quedes excl\u00f2s del proc\u00e9s. Aix\u00ed mateix, en cas de no acceptar la pla\u00e7a assignada o de no completar la matr\u00edcula dins el termini, es procedir\u00e0 a la ren\u00fancia d\u2019ofici.<br><br><span style=\"text-decoration: underline;\">Tot i haver confirmat la matr\u00edcula en l\u00ednia has de completar la matr\u00edcula adre\u00e7ant-te al centre assignat.<\/span><\/td><\/tr><\/tbody><\/table><\/figure>\n\n\n\n<ul class=\"wp-block-list\"><\/ul>\n\n\n\n<ul class=\"wp-block-list\">\n<li>Per\u00edode per interposar reclamacions a les llistes d&#8217;alumnes amb pla\u00e7a assignada en la segona assignaci\u00f3 davant de la comissi\u00f3 de garanties d&#8217;admissi\u00f3 (CGA): del 27 al 29 de juliol de 2026<\/li>\n<\/ul>\n\n\n\n<p><strong>Criteris d\u2019assignaci\u00f3 de pla\u00e7a<\/strong><\/p>\n\n\n\n<p>Cal presentar nom\u00e9s una sol\u00b7licitud de preinscripci\u00f3 per persona per a cicles formatius de grau superior, on es poden indicar peticions d&#8217;admissi\u00f3 en diversos centres, cicles i torns, sempre ordenades per ordre de prefer\u00e8ncia. La presentaci\u00f3 de m\u00e9s d&#8217;una sol\u00b7licitud per tipus d&#8217;ensenyament comporta la invalidaci\u00f3 dels drets de prioritat que puguin correspondre.<\/p>\n\n\n\n<p>Les sol\u00b7licituds de preinscripci\u00f3 a grau superior s&#8217;ordenen segons les diferents vies d&#8217;acc\u00e9s, despr\u00e9s s&#8217;ordenen segons els criteris de prioritat i la puntuaci\u00f3 obtinguda dels estudis, del curs o del certificat de professionalitat per permet accedir-hi o qualificaci\u00f3 de la prova d&#8217;acc\u00e9s i, en segon lloc, d&#8217;acord amb l&#8217;ordre de petici\u00f3 de les places establert a la sol\u00b7licitud. Si no s&#8217;obt\u00e9 o s&#8217;acredita la qualificaci\u00f3 acreditativa dins els terminis establerts, la sol\u00b7licitud no s&#8217;assigna.<\/p>\n\n\n\n<p>A cada sol\u00b7licitud s&#8217;atorga un n\u00famero que s&#8217;utilitzar\u00e0 en cas d&#8217;empat: Mitjan\u00e7ant un sorteig s&#8217;obt\u00e9 un n\u00famero i a partir d&#8217;aquest s&#8217;ordenen les sol\u00b7licituds empatades.<\/p>\n\n\n\n<p><strong>Hi ha 3 vies per accedir a les places a cicles formatius de Grau Superior:<\/strong><\/p>\n\n\n\n<p>1. <span style=\"text-decoration: underline;\">80% (50% via batxillerat i 50% via t\u00edtol de t\u00e8cnic\/a de formaci\u00f3 professional)<\/span>: Tenen prioritat els alumnes que han acabat o acabaran els estudis els cursos 2023-2024, 2024-2025 i 2025-2026, respecte de les persones que els han acabat en cursos anteriors.<\/p>\n\n\n\n<p>2. <span style=\"text-decoration: underline;\">Via prova d&#8217;acc\u00e9s<\/span> (o exempci\u00f3) o del <span style=\"text-decoration: underline;\">curs espec\u00edfic d&#8217;acc\u00e9s<\/span> o per <span style=\"text-decoration: underline;\">altres titulacions<\/span> que permeten l&#8217;acc\u00e9s, es reserven per aquesta via el 15 % de les places. Si per alguna de les vies d&#8217;acc\u00e9s no s&#8217;ocupen totes les places reservades, les vacants es reparteixen a la resta de les vies de manera proporcional.<\/p>\n\n\n\n<p>3. Via <span style=\"text-decoration: underline;\">t\u00edtol de t\u00e8cnic\/a superior de formaci\u00f3 professional (CFGS)<\/span>. Es reserva un 5% de places. Les sol\u00b7licituds s\u2019ordenen segons la qualificaci\u00f3 mitjana de l\u2019estudi al\u00b7legat.<\/p>\n\n\n\n<p>*Fins un 10% de l\u2019oferta de places per a alumnes que accedeixen per la via del certificat de professionalitat. Aquests alumnes no ocupen places de l\u2019oferta ordin\u00e0ria, ja que es matriculen parcialment als m\u00f2duls professionals que els manquin per obtenir el t\u00edtol de t\u00e8cnic\/a superior.<\/p>\n\n\n\n<p><strong>Tria entre les dues opcions de sol\u00b7licitud de preinscripci\u00f3<\/strong><\/p>\n\n\n\n<ol class=\"wp-block-list\">\n<li><a href=\"https:\/\/tramits.gencat.cat\/ca\/tramits\/tramits-temes\/preinscripcio-fp-gs\" target=\"_blank\" rel=\"noreferrer noopener\">Sol\u00b7licitud <strong>amb certificat digital<\/strong>&nbsp;i &nbsp;<strong>codi identificador<\/strong><\/a> (Cal tenir certificat digital o l\u2019IdCAT M\u00f2bil i el n\u00famero <a href=\"https:\/\/tramits.gencat.cat\/ca\/tramits\/tramits-temes\/identificador-alumne\" target=\"_blank\" rel=\"noreferrer noopener\">IDALU\/RALC<\/a>.)<\/li>\n\n\n\n<li><a href=\"https:\/\/tramits.gencat.cat\/ca\/tramits\/tramits-temes\/preinscripcio-fp-gs\" target=\"_blank\" rel=\"noreferrer noopener\">Sol\u00b7licitud <strong>amb certificat digital<\/strong><\/a>(Cal tenir certificat digital o l\u2019IdCAT M\u00f2bil.)<\/li>\n\n\n\n<li><a href=\"https:\/\/tramits.gencat.cat\/ca\/tramits\/tramits-temes\/preinscripcio-fp-gs\" target=\"_blank\" rel=\"noreferrer noopener\">Sol\u00b7licitud <strong>sense certificat digital<\/strong><\/a> (Si no disposes de certificat digital o el n\u00famero <a href=\"https:\/\/tramits.gencat.cat\/ca\/tramits\/tramits-temes\/identificador-alumne\" target=\"_blank\" rel=\"noreferrer noopener\">IDALU\/RALC<\/a>.)<\/li>\n<\/ol>\n\n\n\n<p><\/p>\n","protected":false},"excerpt":{"rendered":"<p>Calendari Primer per\u00edode d\u2019admissi\u00f3: En aquest per\u00edode, pots: &#8211; Confirmar la matr\u00edcula en l\u00ednia si tens assignada la teva primera opci\u00f3 en la primera assignaci\u00f3. &#8211; Renunciar a la pla\u00e7a assignada. Has de tenir en compte que si renuncies a la pla\u00e7a quedar\u00e0s excl\u00f2s del proc\u00e9s de preinscripci\u00f3. Aix\u00ed mateix, en cas de no acceptar [&hellip;]<\/p>\n","protected":false},"author":4,"featured_media":0,"parent":10358,"menu_order":4,"comment_status":"closed","ping_status":"closed","template":"","meta":{"_bbp_topic_count":0,"_bbp_reply_count":0,"_bbp_total_topic_count":0,"_bbp_total_reply_count":0,"_bbp_voice_count":0,"_bbp_anonymous_reply_count":0,"_bbp_topic_count_hidden":0,"_bbp_reply_count_hidden":0,"_bbp_forum_subforum_count":0,"site-sidebar-layout":"default","site-content-layout":"","ast-site-content-layout":"default","site-content-style":"default","site-sidebar-style":"default","ast-global-header-display":"","ast-banner-title-visibility":"","ast-main-header-display":"","ast-hfb-above-header-display":"","ast-hfb-below-header-display":"","ast-hfb-mobile-header-display":"","site-post-title":"","ast-breadcrumbs-content":"","ast-featured-img":"","footer-sml-layout":"","theme-transparent-header-meta":"","adv-header-id-meta":"","stick-header-meta":"","header-above-stick-meta":"","header-main-stick-meta":"","header-below-stick-meta":"","astra-migrate-meta-layouts":"set","ast-page-background-enabled":"default","ast-page-background-meta":{"desktop":{"background-color":"var(--ast-global-color-4)","background-image":"","background-repeat":"repeat","background-position":"center center","background-size":"auto","background-attachment":"scroll","background-type":"","background-media":"","overlay-type":"","overlay-color":"","overlay-opacity":"","overlay-gradient":""},"tablet":{"background-color":"","background-image":"","background-repeat":"repeat","background-position":"center center","background-size":"auto","background-attachment":"scroll","background-type":"","background-media":"","overlay-type":"","overlay-color":"","overlay-opacity":"","overlay-gradient":""},"mobile":{"background-color":"","background-image":"","background-repeat":"repeat","background-position":"center center","background-size":"auto","background-attachment":"scroll","background-type":"","background-media":"","overlay-type":"","overlay-color":"","overlay-opacity":"","overlay-gradient":""}},"ast-content-background-meta":{"desktop":{"background-color":"var(--ast-global-color-5)","background-image":"","background-repeat":"repeat","background-position":"center center","background-size":"auto","background-attachment":"scroll","background-type":"","background-media":"","overlay-type":"","overlay-color":"","overlay-opacity":"","overlay-gradient":""},"tablet":{"background-color":"var(--ast-global-color-5)","background-image":"","background-repeat":"repeat","background-position":"center center","background-size":"auto","background-attachment":"scroll","background-type":"","background-media":"","overlay-type":"","overlay-color":"","overlay-opacity":"","overlay-gradient":""},"mobile":{"background-color":"var(--ast-global-color-5)","background-image":"","background-repeat":"repeat","background-position":"center center","background-size":"auto","background-attachment":"scroll","background-type":"","background-media":"","overlay-type":"","overlay-color":"","overlay-opacity":"","overlay-gradient":""}},"footnotes":""},"class_list":["post-2729","page","type-page","status-publish","hentry"],"post_mailing_queue_ids":[],"_links":{"self":[{"href":"https:\/\/agora.xtec.cat\/iesvallvera\/wp-json\/wp\/v2\/pages\/2729","targetHints":{"allow":["GET"]}}],"collection":[{"href":"https:\/\/agora.xtec.cat\/iesvallvera\/wp-json\/wp\/v2\/pages"}],"about":[{"href":"https:\/\/agora.xtec.cat\/iesvallvera\/wp-json\/wp\/v2\/types\/page"}],"author":[{"embeddable":true,"href":"https:\/\/agora.xtec.cat\/iesvallvera\/wp-json\/wp\/v2\/users\/4"}],"replies":[{"embeddable":true,"href":"https:\/\/agora.xtec.cat\/iesvallvera\/wp-json\/wp\/v2\/comments?post=2729"}],"version-history":[{"count":6,"href":"https:\/\/agora.xtec.cat\/iesvallvera\/wp-json\/wp\/v2\/pages\/2729\/revisions"}],"predecessor-version":[{"id":13227,"href":"https:\/\/agora.xtec.cat\/iesvallvera\/wp-json\/wp\/v2\/pages\/2729\/revisions\/13227"}],"up":[{"embeddable":true,"href":"https:\/\/agora.xtec.cat\/iesvallvera\/wp-json\/wp\/v2\/pages\/10358"}],"wp:attachment":[{"href":"https:\/\/agora.xtec.cat\/iesvallvera\/wp-json\/wp\/v2\/media?parent=2729"}],"curies":[{"name":"wp","href":"https:\/\/api.w.org\/{rel}","templated":true}]}}