{"id":165,"date":"2017-03-21T20:24:26","date_gmt":"2017-03-21T19:24:26","guid":{"rendered":"http:\/\/iesvallvera.cat\/?page_id=165"},"modified":"2026-04-14T10:54:24","modified_gmt":"2026-04-14T08:54:24","slug":"cicles-formatius","status":"publish","type":"page","link":"https:\/\/agora.xtec.cat\/iesvallvera\/estudis\/cicles-formatius\/","title":{"rendered":"Cicles formatius"},"content":{"rendered":"<p>Cicles Formatius de Grau Mitj\u00e0<\/p>\n<p>&#8211; <a href=\"https:\/\/drive.google.com\/file\/d\/12_FECTSyA1itfVFEKCvsd8Z23dhb_tWs\/view?usp=sharing\" target=\"_blank\" rel=\"noopener\">Gesti\u00f3 Administrativa<\/a><\/p>\n<p>&#8211; <a href=\"https:\/\/drive.google.com\/file\/d\/1YtdXq0aRbmZY_L3oP6IQJmSLupEuHr_A\/view?usp=sharing\" target=\"_blank\" rel=\"noopener\">Atenci\u00f3 a persones en situaci\u00f3 de Depend\u00e8ncia<\/a><\/p>\n<p>&#8211; <a href=\"https:\/\/drive.google.com\/file\/d\/1AdG8JEFVwjhpInr93fZ0OvsXB4NK2bNd\/view?usp=sharing\" target=\"_blank\" rel=\"noopener\">Cures Auxiliars d&#8217;infermeria<\/a><\/p>\n<p>Cicles Formatius de Grau Superior<\/p>\n<p><a href=\"https:\/\/drive.google.com\/file\/d\/1h6JUX8ztMWHj2Ipn9TLlvXDJWGXDGg0_\/view?usp=sharing\" target=\"_blank\" rel=\"noopener\">&#8211; Administraci\u00f3 i finances\u00a0<\/a><\/p>\n<p><a href=\"https:\/\/drive.google.com\/file\/d\/1fW87RgMcKo_fepyCFAnuxipua8mhq6G6\/view?usp=sharing\" target=\"_blank\" rel=\"noopener\">&#8211; Animaci\u00f3 Sociocultural i tur\u00edstica<\/a><\/p>\n<p><a href=\"https:\/\/drive.google.com\/file\/d\/10rIfSaYgOlCkqs1ZfhodnG_c-1ggHdJy\/view?usp=sharing\" target=\"_blank\" rel=\"noopener\">&#8211; Educaci\u00f3 Infantil<\/a><\/p>\n<p><a href=\"https:\/\/drive.google.com\/file\/d\/1ll0Ir766LzaPRh8-DjZG5cwK2RPaeVur\/view?usp=sharing\" target=\"_blank\" rel=\"noopener\">&#8211; Integraci\u00f3 social<\/a><\/p>\n<p><a href=\"https:\/\/drive.google.com\/file\/d\/123e_sSP25lRMOYTy-gVXKBA3aT0FYfRv\/view?usp=sharing\" target=\"_blank\" rel=\"noopener\">CF Grau B\u00e0sic en serveis administratius<\/a>\u00a0<\/p>\n<p><a href=\"https:\/\/drive.google.com\/file\/d\/1z3Lv_e5yXLzlNqM-ZnBxfxCpmN2yK6_6\/view\">FP DUAL, qu\u00e8 \u00e9s?<\/a><\/p>\n\n\n<p><\/p>\n","protected":false},"excerpt":{"rendered":"<p>Cicles Formatius de Grau Mitj\u00e0 &#8211; Gesti\u00f3 Administrativa &#8211; Atenci\u00f3 a persones en situaci\u00f3 de Depend\u00e8ncia &#8211; Cures Auxiliars d&#8217;infermeria Cicles Formatius de Grau Superior &#8211; Administraci\u00f3 i finances\u00a0 &#8211; Animaci\u00f3 Sociocultural i tur\u00edstica &#8211; Educaci\u00f3 Infantil &#8211; Integraci\u00f3 social CF Grau B\u00e0sic en serveis administratius\u00a0 FP DUAL, qu\u00e8 \u00e9s?<\/p>\n","protected":false},"author":4,"featured_media":0,"parent":156,"menu_order":3,"comment_status":"closed","ping_status":"closed","template":"","meta":{"_bbp_topic_count":0,"_bbp_reply_count":0,"_bbp_total_topic_count":0,"_bbp_total_reply_count":0,"_bbp_voice_count":0,"_bbp_anonymous_reply_count":0,"_bbp_topic_count_hidden":0,"_bbp_reply_count_hidden":0,"_bbp_forum_subforum_count":0,"site-sidebar-layout":"default","site-content-layout":"","ast-site-content-layout":"default","site-content-style":"default","site-sidebar-style":"default","ast-global-header-display":"","ast-banner-title-visibility":"","ast-main-header-display":"","ast-hfb-above-header-display":"","ast-hfb-below-header-display":"","ast-hfb-mobile-header-display":"","site-post-title":"","ast-breadcrumbs-content":"","ast-featured-img":"","footer-sml-layout":"","theme-transparent-header-meta":"default","adv-header-id-meta":"","stick-header-meta":"","header-above-stick-meta":"","header-main-stick-meta":"","header-below-stick-meta":"","astra-migrate-meta-layouts":"set","ast-page-background-enabled":"default","ast-page-background-meta":{"desktop":{"background-color":"var(--ast-global-color-4)","background-image":"","background-repeat":"repeat","background-position":"center center","background-size":"auto","background-attachment":"scroll","background-type":"","background-media":"","overlay-type":"","overlay-color":"","overlay-opacity":"","overlay-gradient":""},"tablet":{"background-color":"","background-image":"","background-repeat":"repeat","background-position":"center center","background-size":"auto","background-attachment":"scroll","background-type":"","background-media":"","overlay-type":"","overlay-color":"","overlay-opacity":"","overlay-gradient":""},"mobile":{"background-color":"","background-image":"","background-repeat":"repeat","background-position":"center center","background-size":"auto","background-attachment":"scroll","background-type":"","background-media":"","overlay-type":"","overlay-color":"","overlay-opacity":"","overlay-gradient":""}},"ast-content-background-meta":{"desktop":{"background-color":"var(--ast-global-color-5)","background-image":"","background-repeat":"repeat","background-position":"center center","background-size":"auto","background-attachment":"scroll","background-type":"","background-media":"","overlay-type":"","overlay-color":"","overlay-opacity":"","overlay-gradient":""},"tablet":{"background-color":"var(--ast-global-color-5)","background-image":"","background-repeat":"repeat","background-position":"center center","background-size":"auto","background-attachment":"scroll","background-type":"","background-media":"","overlay-type":"","overlay-color":"","overlay-opacity":"","overlay-gradient":""},"mobile":{"background-color":"var(--ast-global-color-5)","background-image":"","background-repeat":"repeat","background-position":"center center","background-size":"auto","background-attachment":"scroll","background-type":"","background-media":"","overlay-type":"","overlay-color":"","overlay-opacity":"","overlay-gradient":""}},"footnotes":""},"class_list":["post-165","page","type-page","status-publish","hentry"],"post_mailing_queue_ids":[],"_links":{"self":[{"href":"https:\/\/agora.xtec.cat\/iesvallvera\/wp-json\/wp\/v2\/pages\/165","targetHints":{"allow":["GET"]}}],"collection":[{"href":"https:\/\/agora.xtec.cat\/iesvallvera\/wp-json\/wp\/v2\/pages"}],"about":[{"href":"https:\/\/agora.xtec.cat\/iesvallvera\/wp-json\/wp\/v2\/types\/page"}],"author":[{"embeddable":true,"href":"https:\/\/agora.xtec.cat\/iesvallvera\/wp-json\/wp\/v2\/users\/4"}],"replies":[{"embeddable":true,"href":"https:\/\/agora.xtec.cat\/iesvallvera\/wp-json\/wp\/v2\/comments?post=165"}],"version-history":[{"count":6,"href":"https:\/\/agora.xtec.cat\/iesvallvera\/wp-json\/wp\/v2\/pages\/165\/revisions"}],"predecessor-version":[{"id":13210,"href":"https:\/\/agora.xtec.cat\/iesvallvera\/wp-json\/wp\/v2\/pages\/165\/revisions\/13210"}],"up":[{"embeddable":true,"href":"https:\/\/agora.xtec.cat\/iesvallvera\/wp-json\/wp\/v2\/pages\/156"}],"wp:attachment":[{"href":"https:\/\/agora.xtec.cat\/iesvallvera\/wp-json\/wp\/v2\/media?parent=165"}],"curies":[{"name":"wp","href":"https:\/\/api.w.org\/{rel}","templated":true}]}}