{"id":1522,"date":"2018-05-25T15:06:53","date_gmt":"2018-05-25T13:06:53","guid":{"rendered":"http:\/\/iesvallvera.cat\/?page_id=1522"},"modified":"2024-06-18T08:02:04","modified_gmt":"2024-06-18T06:02:04","slug":"administracio-i-finances","status":"publish","type":"page","link":"https:\/\/agora.xtec.cat\/iesvallvera\/estudis\/cicles-formatius\/administracio-i-finances\/","title":{"rendered":"Administraci\u00f3 i finances (Dual)"},"content":{"rendered":"\r\n<figure class=\"wp-block-image aligncenter size-large is-resized\"><a href=\"https:\/\/drive.google.com\/file\/d\/1V7hgksSl4xfeemiZt9wekKdKdHzxv5gJ\/view?usp=sharing\" target=\"_blank\" rel=\"noopener noreferrer\"><img loading=\"lazy\" decoding=\"async\" class=\"wp-image-4067\" src=\"https:\/\/agora.xtec.cat\/iesvallvera\/wp-content\/uploads\/usu783\/2020\/05\/image-2-5-1024x574.png\" alt=\"\" width=\"512\" height=\"286\" \/><\/a><\/figure>\r\n\r\n\r\n\r\n<figure class=\"wp-block-image aligncenter size-large\"><a href=\"https:\/\/drive.google.com\/file\/d\/1uFDqs3Nrx0pHgiqqKiGoe8AmiEJMutkj\/view?usp=sharing\" target=\"_blank\" rel=\"noopener noreferrer\"><img decoding=\"async\" class=\"wp-image-4103\" src=\"https:\/\/agora.xtec.cat\/iesvallvera\/wp-content\/uploads\/usu783\/2020\/05\/image-2-15.png\" alt=\"\" \/><\/a><\/figure>\r\n<header class=\"entry-header\">\r\n<p class=\"entry-title\"><span style=\"color: #3366ff;\"><strong>Cicle Formatiu de Grau Superior d&#8217;Administraci\u00f3 i Finances (DUAL)<\/strong><\/span><\/p>\r\n<\/header>\r\n<div class=\"entry-content\">\r\n<p><strong>Titulaci\u00f3<\/strong>: T\u00e8cnic\/a Superior en Administraci\u00f3 i Finances<\/p>\r\n<p><strong>Durada<\/strong>: 2000 hores<\/p>\r\n<p><strong>Horari lectiu al centre<\/strong>: 1r mat\u00ed i 2n tarda<\/p>\r\n<p>Les hores en modalitat dual a l\u2019empresa tenen beca o contracte remunerat.<\/p>\r\n<h4><span style=\"color: #3366ff;\">\u00a0Qu\u00e8 necessito per accedir-hi<\/span><\/h4>\r\n<div>\r\n<p><strong style=\"font-size: revert; color: initial;\">Tenen acc\u00e9s directe al cicle les persones que compleixen algun dels requisits seg\u00fcents:<br \/><\/strong><\/p>\r\n<ul>\r\n<li>tenir el t\u00edtol de batxillerat,<\/li>\r\n<li>tenir el t\u00edtol de t\u00e8cnic de formaci\u00f3 professional o d\u2019arts pl\u00e0stiques i disseny, t\u00e8cnic superior de formaci\u00f3 professional o d&#8217;arts pl\u00e0stiques i disseny o t\u00e8cnic especialista,<\/li>\r\n<li>haver superat el segon curs del batxillerat de qualsevol modalitat de batxillerat<br \/>experimental,<\/li>\r\n<li>haver superat el curs d&#8217;orientaci\u00f3 universit\u00e0ria (COU) o el preuniversitari,<\/li>\r\n<li>tenir el t\u00edtol de batxillerat per haver cursat el batxillerat unificat polivalent (BUP),<\/li>\r\n<li>tenir qualsevol titulaci\u00f3 universit\u00e0ria o una d&#8217;equivalent, o<\/li>\r\n<li>haver superat la prova d&#8217;acc\u00e9s a la universitat per a m\u00e9s grans de 25 anys o de 45 anys, o haver accedit a la universitat per haver acreditat experi\u00e8ncia laboral o professional tenint complerts 40 anys d&#8217;edat,<\/li>\r\n<\/ul>\r\n<p><strong style=\"font-size: revert; color: initial;\">Les persones que no compleixen cap dels requisits esmentats han de superar una <a href=\"https:\/\/educacio.gencat.cat\/ca\/serveis-tramits\/proves\/proves-acces\/gs-fp\/\">prova d&#8217;acc\u00e9s<\/a>. Per presentar-s&#8217;hi cal tenir com a m\u00ednim 19 anys l&#8217;any en qu\u00e8 es fa la prova.<\/strong><\/p>\r\n<\/div>\r\n<div>\r\n<h4><span style=\"color: #3366ff;\"><em>M\u00f2duls<\/em><\/span><\/h4>\r\n<p>Aquest cicle formatiu est\u00e0 format per\u00a0<strong>M\u00f2duls Professionals<\/strong>\u00a0(MP) organitzats en unitats m\u00e9s petites, les quals tenen una coher\u00e8ncia did\u00e0ctica per a l\u2019aprenentatge, s\u00f3n les anomenades\u00a0<strong>Unitats Formatives<\/strong>\u00a0(UF).<\/p>\r\n<p>Les unitats formatives s\u00f3n avaluables i tenen una durada variable que generalment no coincideix amb la data del trimestre del curs.<\/p>\r\n<p>La superaci\u00f3 de totes les unitats formatives donar\u00e0 lloc a la\u00a0<strong>superaci\u00f3 i certificaci\u00f3 del m\u00f2dul professional<\/strong>.<\/p>\r\n<p>Els\u00a0<strong>m\u00f2duls professionals<\/strong>\u00a0(MP) que s\u2019estudien a cada curs s\u00f3n els seg\u00fcents:<\/p>\r\n<ul>\r\n<li>Comunicaci\u00f3 i atenci\u00f3 al client<\/li>\r\n<li>Gesti\u00f3 de la documentaci\u00f3 jur\u00eddica i empresarial<\/li>\r\n<li>Proc\u00e9s integral de l&#8217;activitat comercial<\/li>\r\n<li>Recursos humans i responsabilitat social corporativa<\/li>\r\n<li>Ofim\u00e0tica i proc\u00e9s de la informaci\u00f3<\/li>\r\n<li>Angl\u00e8s<\/li>\r\n<li>Gesti\u00f3 de recursos humans<\/li>\r\n<li>Gesti\u00f3 financera<\/li>\r\n<li>Comptabilitat i fiscalitat<\/li>\r\n<li>Gesti\u00f3 log\u00edstica i comercial<\/li>\r\n<li>Simulaci\u00f3 empresarial<\/li>\r\n<li>Formaci\u00f3 i orientaci\u00f3 laboral<\/li>\r\n<li>Projecte d&#8217;administraci\u00f3 i finances<\/li>\r\n<li>Formaci\u00f3 en centres de treball (FCT)<\/li>\r\n<li>M\u00f2dul Dual<\/li>\r\n<\/ul>\r\n<p><span style=\"color: #3366ff;\"><strong>Formaci\u00f3 en centres de treball en format DUAL<\/strong><\/span><\/p>\r\n<p>La Formaci\u00f3 en centres de treball (FCT) en DUAL permet a l\u2019alumnat aprendre de les situacions reals de l\u2019empresa i adquirir experi\u00e8ncia professional i millorar l\u2019ocupabilitat.<\/p>\r\n<p>El 1r curs l\u2019alumnat inicia la formaci\u00f3 en centres de treball en empreses del sector.<\/p>\r\n<p>El 2n curs l\u2019alumnat treballa en una empresa del sector, cobrant a trav\u00e9s de beca o amb contracte d\u2019aprenentatge, i combina algunes hores de classe a l\u2019institut.<\/p>\r\n<p><span style=\"color: #3366ff;\"><strong>Convalidacions<\/strong><\/span><\/p>\r\n<p>Si has superat un altre cicle formatiu, podr\u00e0s convalidar algun m\u00f2dul i\/o unitat formativa, segons la normativa vigent.<\/p>\r\n<h4><span style=\"color: #166ad9;\"><em>Sortides professionals<\/em><\/span><\/h4>\r\n<p>Aquest estudis capaciten per organitzar i executar les operacions de gesti\u00f3 i administraci\u00f3 en els processos comercials, laborals, comptables, fiscals i financers d&#8217;una empresa p\u00fablica o privada, aplicant la normativa vigent i els protocols de gesti\u00f3 de qualitat,<\/p>\r\n<p>La Formaci\u00f3 en centres de treball en DUAL permet a l&#8217;alumnat aprendre de les situacions reals de l&#8217;empresa, adquirir experi\u00e8ncia professional i afavorir la incorporaci\u00f3 al m\u00f3n laboral.<\/p>\r\n<p><span style=\"color: #3366ff;\"><strong>De qu\u00e8 podr\u00e0s treballar?<\/strong><\/span><\/p>\r\n<ul>\r\n<li>Administratiu\/iva d&#8217;oficina, comercial, financer, comptable, de log\u00edstica, de banca i d&#8217;assegurances, de recursos humans, de l&#8217;Administraci\u00f3 p\u00fablica.<\/li>\r\n<li>Administratiu\/iva d&#8217;assessories jur\u00eddiques, comptables, laborals, fiscals o gestories.<\/li>\r\n<li>T\u00e8cnic\/a en gesti\u00f3 de cobraments.<\/li>\r\n<li>Responsable d&#8217;atenci\u00f3 al client.<\/li>\r\n<\/ul>\r\n<p><strong><span style=\"color: #3366ff;\">I si vols continuar estudiant<\/span>,\u00a0<\/strong>amb el t\u00edtol obtingut podr\u00e0s accedir:<\/p>\r\n<ul>\r\n<li>A altres cicles formatius de grau superior.<\/li>\r\n<li>A qualsevol estudi universitari oficial de grau.<\/li>\r\n<\/ul>\r\n<\/div>\r\n<\/div>","protected":false},"excerpt":{"rendered":"<p>Cicle Formatiu de Grau Superior d&#8217;Administraci\u00f3 i Finances (DUAL) Titulaci\u00f3: T\u00e8cnic\/a Superior en Administraci\u00f3 i Finances Durada: 2000 hores Horari lectiu al centre: 1r mat\u00ed i 2n tarda Les hores en modalitat dual a l\u2019empresa tenen beca o contracte remunerat. \u00a0Qu\u00e8 necessito per accedir-hi Tenen acc\u00e9s directe al cicle les persones que compleixen algun dels [&hellip;]<\/p>\n","protected":false},"author":4,"featured_media":0,"parent":165,"menu_order":1,"comment_status":"closed","ping_status":"closed","template":"page-templates\/side-menu.php","meta":{"_bbp_topic_count":0,"_bbp_reply_count":0,"_bbp_total_topic_count":0,"_bbp_total_reply_count":0,"_bbp_voice_count":0,"_bbp_anonymous_reply_count":0,"_bbp_topic_count_hidden":0,"_bbp_reply_count_hidden":0,"_bbp_forum_subforum_count":0,"site-sidebar-layout":"default","site-content-layout":"","ast-site-content-layout":"","site-content-style":"default","site-sidebar-style":"default","ast-global-header-display":"","ast-banner-title-visibility":"","ast-main-header-display":"","ast-hfb-above-header-display":"","ast-hfb-below-header-display":"","ast-hfb-mobile-header-display":"","site-post-title":"","ast-breadcrumbs-content":"","ast-featured-img":"","footer-sml-layout":"","theme-transparent-header-meta":"","adv-header-id-meta":"","stick-header-meta":"","header-above-stick-meta":"","header-main-stick-meta":"","header-below-stick-meta":"","astra-migrate-meta-layouts":"default","ast-page-background-enabled":"default","ast-page-background-meta":{"desktop":{"background-color":"var(--ast-global-color-4)","background-image":"","background-repeat":"repeat","background-position":"center center","background-size":"auto","background-attachment":"scroll","background-type":"","background-media":"","overlay-type":"","overlay-color":"","overlay-opacity":"","overlay-gradient":""},"tablet":{"background-color":"","background-image":"","background-repeat":"repeat","background-position":"center center","background-size":"auto","background-attachment":"scroll","background-type":"","background-media":"","overlay-type":"","overlay-color":"","overlay-opacity":"","overlay-gradient":""},"mobile":{"background-color":"","background-image":"","background-repeat":"repeat","background-position":"center center","background-size":"auto","background-attachment":"scroll","background-type":"","background-media":"","overlay-type":"","overlay-color":"","overlay-opacity":"","overlay-gradient":""}},"ast-content-background-meta":{"desktop":{"background-color":"var(--ast-global-color-5)","background-image":"","background-repeat":"repeat","background-position":"center center","background-size":"auto","background-attachment":"scroll","background-type":"","background-media":"","overlay-type":"","overlay-color":"","overlay-opacity":"","overlay-gradient":""},"tablet":{"background-color":"var(--ast-global-color-5)","background-image":"","background-repeat":"repeat","background-position":"center center","background-size":"auto","background-attachment":"scroll","background-type":"","background-media":"","overlay-type":"","overlay-color":"","overlay-opacity":"","overlay-gradient":""},"mobile":{"background-color":"var(--ast-global-color-5)","background-image":"","background-repeat":"repeat","background-position":"center center","background-size":"auto","background-attachment":"scroll","background-type":"","background-media":"","overlay-type":"","overlay-color":"","overlay-opacity":"","overlay-gradient":""}},"footnotes":""},"class_list":["post-1522","page","type-page","status-publish","hentry"],"post_mailing_queue_ids":[],"_links":{"self":[{"href":"https:\/\/agora.xtec.cat\/iesvallvera\/wp-json\/wp\/v2\/pages\/1522","targetHints":{"allow":["GET"]}}],"collection":[{"href":"https:\/\/agora.xtec.cat\/iesvallvera\/wp-json\/wp\/v2\/pages"}],"about":[{"href":"https:\/\/agora.xtec.cat\/iesvallvera\/wp-json\/wp\/v2\/types\/page"}],"author":[{"embeddable":true,"href":"https:\/\/agora.xtec.cat\/iesvallvera\/wp-json\/wp\/v2\/users\/4"}],"replies":[{"embeddable":true,"href":"https:\/\/agora.xtec.cat\/iesvallvera\/wp-json\/wp\/v2\/comments?post=1522"}],"version-history":[{"count":1,"href":"https:\/\/agora.xtec.cat\/iesvallvera\/wp-json\/wp\/v2\/pages\/1522\/revisions"}],"predecessor-version":[{"id":10836,"href":"https:\/\/agora.xtec.cat\/iesvallvera\/wp-json\/wp\/v2\/pages\/1522\/revisions\/10836"}],"up":[{"embeddable":true,"href":"https:\/\/agora.xtec.cat\/iesvallvera\/wp-json\/wp\/v2\/pages\/165"}],"wp:attachment":[{"href":"https:\/\/agora.xtec.cat\/iesvallvera\/wp-json\/wp\/v2\/media?parent=1522"}],"curies":[{"name":"wp","href":"https:\/\/api.w.org\/{rel}","templated":true}]}}