{"id":136,"date":"2017-03-21T18:47:24","date_gmt":"2017-03-21T17:47:24","guid":{"rendered":"http:\/\/iesvallvera.cat\/?page_id=136"},"modified":"2025-03-24T14:14:44","modified_gmt":"2025-03-24T13:14:44","slug":"fct","status":"publish","type":"page","link":"https:\/\/agora.xtec.cat\/iesvallvera\/escola-empresa\/fct\/","title":{"rendered":"DUAL"},"content":{"rendered":"<h4><b>Qu\u00e8 \u00e9s la Formaci\u00f3 Professional Dual?<\/b><\/h4>\n<p><span style=\"font-weight: 400;\">La Formaci\u00f3 Professional (FP) Dual \u00e9s un model educatiu innovador que combina l&#8217;aprenentatge te\u00f2ric a l&#8217;institut amb experi\u00e8ncia pr\u00e0ctica en empreses. Aquesta modalitat permet a l&#8217;alumnat compaginar la formaci\u00f3 acad\u00e8mica amb l&#8217;activitat laboral real en un entorn professional, proporcionant una educaci\u00f3 m\u00e9s completa i orientada al mercat de treball.<\/span><\/p>\n<h3><\/h3>\n<p>&nbsp;<\/p>\n<h4><b>Objectius de l\u2019FP Dual<\/b><\/h4>\n<p><span style=\"font-weight: 400;\">Els objectius principals de l\u2019 FP Dual s\u00f3n:<\/span><\/p>\n<ul>\n<li style=\"font-weight: 400;\" aria-level=\"1\"><b>Facilitar la inserci\u00f3 laboral:<\/b><span style=\"font-weight: 400;\"> gr\u00e0cies a la col\u00b7laboraci\u00f3 directa amb empreses, l\u2019alumnat adquireix experi\u00e8ncia professional abans de finalitzar els seus estudis, augmentant aix\u00ed les seves possibilitats d&#8217;aconseguir feina.<\/span><\/li>\n<li style=\"font-weight: 400;\" aria-level=\"1\"><b>Millorar la qualificaci\u00f3 professional:<\/b><span style=\"font-weight: 400;\"> l&#8217;alumnat adquireix compet\u00e8ncies i habilitats espec\u00edfiques que el mercat laboral demanda, fet que enforteix la seva formaci\u00f3 i el capacita millor per al m\u00f3n laboral.<\/span><\/li>\n<li style=\"font-weight: 400;\" aria-level=\"1\"><b>Fomentar la responsabilitat i l&#8217;autonomia:<\/b><span style=\"font-weight: 400;\"> treballar en un entorn real d&#8217;empresa proporciona un context de responsabilitat, autonomia i maduresa que prepara als estudiants per a la seva futura carrera professional.<\/span><\/li>\n<li style=\"font-weight: 400;\" aria-level=\"1\"><b>Establir connexions amb el teixit empresarial:<\/b><span style=\"font-weight: 400;\"> l\u2019alumnat crea vincles directes amb empreses, fet que pot desembocar en ofertes d&#8217;ocupaci\u00f3 o projectes professionals futurs.<\/span><\/li>\n<\/ul>\n<h3><\/h3>\n<p>&nbsp;<\/p>\n<h4><b>Beneficis per a l&#8217;alumnat<\/b><\/h4>\n<p><span style=\"font-weight: 400;\">L\u2019FP Dual ofereix nombrosos avantatges per als estudiants:<\/span><\/p>\n<ol>\n<li style=\"font-weight: 400;\" aria-level=\"1\"><b>Aprenentatge pr\u00e0ctic i realista:<\/b><span style=\"font-weight: 400;\"> no nom\u00e9s s&#8217;apr\u00e8n a l&#8217;aula, sin\u00f3 que tamb\u00e9 es treballa en una empresa, fet que permet adquirir experi\u00e8ncia professional de primera m\u00e0 i con\u00e8ixer els reptes del m\u00f3n laboral.<\/span><\/li>\n<li style=\"font-weight: 400;\" aria-level=\"1\"><b>Retribuci\u00f3 econ\u00f2mica:<\/b><span style=\"font-weight: 400;\"> en el cas de la Dual intensiva s\u2019ofereix una remuneraci\u00f3 durant les pr\u00e0ctiques, fet que proporciona a l&#8217;alumnat una primera font d&#8217;ingressos mentre estudia.<\/span><\/li>\n<li style=\"font-weight: 400;\" aria-level=\"1\"><b>Inserci\u00f3 laboral immediata:<\/b><span style=\"font-weight: 400;\"> gr\u00e0cies a la implicaci\u00f3 directa de les empreses, molts alumnes aconsegueix un lloc de treball en finalitzar la seva formaci\u00f3, ja sigui a l&#8217;empresa on han fet les pr\u00e0ctiques o en altres empreses del mateix sector.<\/span><\/li>\n<li style=\"font-weight: 400;\" aria-level=\"1\"><b>Formaci\u00f3 adaptada al mercat laboral:<\/b><span style=\"font-weight: 400;\"> les empreses col\u00b7laboradores poden adaptar part de la formaci\u00f3 a les necessitats espec\u00edfiques del seu sector, fet que garanteix que l&#8217;alumnat estigui preparat per a les exig\u00e8ncies actuals del mercat laboral.<\/span><\/li>\n<li style=\"font-weight: 400;\" aria-level=\"1\"><b>Motivaci\u00f3 i comprom\u00eds:<\/b><span style=\"font-weight: 400;\"> l&#8217;alumnat que participa en l\u2019 FP Dual es troba m\u00e9s motivat gr\u00e0cies a la combinaci\u00f3 d&#8217;estudis te\u00f2rics i pr\u00e0ctiques professionals, i sent un major comprom\u00eds amb el seu futur professional.<\/span><\/li>\n<\/ol>\n<p>&nbsp;<\/p>\n<p><span style=\"font-weight: 400;\">Enlla\u00e7 al programa de gesti\u00f3 de les pr\u00e0ctiques: <\/span><a href=\"https:\/\/www.empresaiformacio.org\/sBid\"><span style=\"font-weight: 400;\">Acc\u00e9s al BID<\/span><\/a><\/p>\n","protected":false},"excerpt":{"rendered":"<p>Qu\u00e8 \u00e9s la Formaci\u00f3 Professional Dual? La Formaci\u00f3 Professional (FP) Dual \u00e9s un model educatiu innovador que combina l&#8217;aprenentatge te\u00f2ric a l&#8217;institut amb experi\u00e8ncia pr\u00e0ctica en empreses. Aquesta modalitat permet a l&#8217;alumnat compaginar la formaci\u00f3 acad\u00e8mica amb l&#8217;activitat laboral real en un entorn professional, proporcionant una educaci\u00f3 m\u00e9s completa i orientada al mercat de treball. [&hellip;]<\/p>\n","protected":false},"author":4,"featured_media":0,"parent":10356,"menu_order":0,"comment_status":"closed","ping_status":"closed","template":"","meta":{"_bbp_topic_count":0,"_bbp_reply_count":0,"_bbp_total_topic_count":0,"_bbp_total_reply_count":0,"_bbp_voice_count":0,"_bbp_anonymous_reply_count":0,"_bbp_topic_count_hidden":0,"_bbp_reply_count_hidden":0,"_bbp_forum_subforum_count":0,"site-sidebar-layout":"default","site-content-layout":"","ast-site-content-layout":"","site-content-style":"default","site-sidebar-style":"default","ast-global-header-display":"","ast-banner-title-visibility":"","ast-main-header-display":"","ast-hfb-above-header-display":"","ast-hfb-below-header-display":"","ast-hfb-mobile-header-display":"","site-post-title":"","ast-breadcrumbs-content":"","ast-featured-img":"","footer-sml-layout":"","theme-transparent-header-meta":"","adv-header-id-meta":"","stick-header-meta":"","header-above-stick-meta":"","header-main-stick-meta":"","header-below-stick-meta":"","astra-migrate-meta-layouts":"default","ast-page-background-enabled":"default","ast-page-background-meta":{"desktop":{"background-color":"var(--ast-global-color-4)","background-image":"","background-repeat":"repeat","background-position":"center center","background-size":"auto","background-attachment":"scroll","background-type":"","background-media":"","overlay-type":"","overlay-color":"","overlay-opacity":"","overlay-gradient":""},"tablet":{"background-color":"","background-image":"","background-repeat":"repeat","background-position":"center center","background-size":"auto","background-attachment":"scroll","background-type":"","background-media":"","overlay-type":"","overlay-color":"","overlay-opacity":"","overlay-gradient":""},"mobile":{"background-color":"","background-image":"","background-repeat":"repeat","background-position":"center center","background-size":"auto","background-attachment":"scroll","background-type":"","background-media":"","overlay-type":"","overlay-color":"","overlay-opacity":"","overlay-gradient":""}},"ast-content-background-meta":{"desktop":{"background-color":"var(--ast-global-color-5)","background-image":"","background-repeat":"repeat","background-position":"center center","background-size":"auto","background-attachment":"scroll","background-type":"","background-media":"","overlay-type":"","overlay-color":"","overlay-opacity":"","overlay-gradient":""},"tablet":{"background-color":"var(--ast-global-color-5)","background-image":"","background-repeat":"repeat","background-position":"center center","background-size":"auto","background-attachment":"scroll","background-type":"","background-media":"","overlay-type":"","overlay-color":"","overlay-opacity":"","overlay-gradient":""},"mobile":{"background-color":"var(--ast-global-color-5)","background-image":"","background-repeat":"repeat","background-position":"center center","background-size":"auto","background-attachment":"scroll","background-type":"","background-media":"","overlay-type":"","overlay-color":"","overlay-opacity":"","overlay-gradient":""}},"footnotes":""},"class_list":["post-136","page","type-page","status-publish","hentry"],"post_mailing_queue_ids":[],"_links":{"self":[{"href":"https:\/\/agora.xtec.cat\/iesvallvera\/wp-json\/wp\/v2\/pages\/136","targetHints":{"allow":["GET"]}}],"collection":[{"href":"https:\/\/agora.xtec.cat\/iesvallvera\/wp-json\/wp\/v2\/pages"}],"about":[{"href":"https:\/\/agora.xtec.cat\/iesvallvera\/wp-json\/wp\/v2\/types\/page"}],"author":[{"embeddable":true,"href":"https:\/\/agora.xtec.cat\/iesvallvera\/wp-json\/wp\/v2\/users\/4"}],"replies":[{"embeddable":true,"href":"https:\/\/agora.xtec.cat\/iesvallvera\/wp-json\/wp\/v2\/comments?post=136"}],"version-history":[{"count":6,"href":"https:\/\/agora.xtec.cat\/iesvallvera\/wp-json\/wp\/v2\/pages\/136\/revisions"}],"predecessor-version":[{"id":12490,"href":"https:\/\/agora.xtec.cat\/iesvallvera\/wp-json\/wp\/v2\/pages\/136\/revisions\/12490"}],"up":[{"embeddable":true,"href":"https:\/\/agora.xtec.cat\/iesvallvera\/wp-json\/wp\/v2\/pages\/10356"}],"wp:attachment":[{"href":"https:\/\/agora.xtec.cat\/iesvallvera\/wp-json\/wp\/v2\/media?parent=136"}],"curies":[{"name":"wp","href":"https:\/\/api.w.org\/{rel}","templated":true}]}}