{"id":133,"date":"2017-03-21T18:41:33","date_gmt":"2017-03-21T17:41:33","guid":{"rendered":"http:\/\/iesvallvera.cat\/?page_id=133"},"modified":"2024-01-23T12:22:45","modified_gmt":"2024-01-23T11:22:45","slug":"bar-menjador","status":"publish","type":"page","link":"https:\/\/agora.xtec.cat\/iesvallvera\/serveis\/bar-menjador\/","title":{"rendered":"Bar-menjador"},"content":{"rendered":"\r\n<p>La <span class=\"il\">Cantina<\/span> es un projecte familiar, fet amb molta il\u00b7lusi\u00f3, feina i dedicaci\u00f3 de la ma de la Carmen, la Marta i la Victoria.<\/p>\r\n<p>El nostre comprom\u00eds \u00e9s donar el millor servei, amb tracte agradable i proper. Amb productes de bona qualitat; oferim gran varietat de productes per esmorzar, dinar i berenar. Alhora trobareu productes d&#8217;elaboraci\u00f3 pr\u00f2pia com els paninis, la coca i les magdalenes. Productes sense gluten i\/o vegans.\u00a0<\/p>\r\n<p>Tamb\u00e9 podeu encarregar les vostres safates, pastissos i coca per compartir, celebracions, aniversaris&#8230; i molt m\u00e9s!<\/p>\r\n<p><a href=\"https:\/\/drive.google.com\/file\/d\/110ZSD0wCG2GDgAN0oFhbCDpW8MCwOyvC\/view?usp=sharing\" target=\"_blank\" rel=\"noopener\">El men\u00fa<\/a><\/p>\r\n<p>Estem oberts de 8:00h a 18:00h. Veniu a gaudir, us hi esperem!<\/p>\r\n<p><a href=\"https:\/\/agora.xtec.cat\/iesvallvera\/wp-content\/uploads\/usu783\/2024\/01\/DINARS-LA-CANTINA-VALLVERA-1.jpg\"><img loading=\"lazy\" decoding=\"async\" class=\"aligncenter size-full wp-image-11236\" src=\"https:\/\/agora.xtec.cat\/iesvallvera\/wp-content\/uploads\/usu783\/2024\/01\/DINARS-LA-CANTINA-VALLVERA-1.jpg\" alt=\"\" width=\"432\" height=\"768\" srcset=\"https:\/\/agora.xtec.cat\/iesvallvera\/wp-content\/uploads\/usu783\/2024\/01\/DINARS-LA-CANTINA-VALLVERA-1.jpg 432w, https:\/\/agora.xtec.cat\/iesvallvera\/wp-content\/uploads\/usu783\/2024\/01\/DINARS-LA-CANTINA-VALLVERA-1-169x300.jpg 169w\" sizes=\"auto, (max-width: 432px) 100vw, 432px\" \/><\/a><\/p>\r\n","protected":false},"excerpt":{"rendered":"<p>La Cantina es un projecte familiar, fet amb molta il\u00b7lusi\u00f3, feina i dedicaci\u00f3 de la ma de la Carmen, la Marta i la Victoria. El nostre comprom\u00eds \u00e9s donar el millor servei, amb tracte agradable i proper. Amb productes de bona qualitat; oferim gran varietat de productes per esmorzar, dinar i berenar. Alhora trobareu productes [&hellip;]<\/p>\n","protected":false},"author":4,"featured_media":0,"parent":151,"menu_order":0,"comment_status":"closed","ping_status":"closed","template":"","meta":{"_bbp_topic_count":0,"_bbp_reply_count":0,"_bbp_total_topic_count":0,"_bbp_total_reply_count":0,"_bbp_voice_count":0,"_bbp_anonymous_reply_count":0,"_bbp_topic_count_hidden":0,"_bbp_reply_count_hidden":0,"_bbp_forum_subforum_count":0,"site-sidebar-layout":"default","site-content-layout":"","ast-site-content-layout":"","site-content-style":"default","site-sidebar-style":"default","ast-global-header-display":"","ast-banner-title-visibility":"","ast-main-header-display":"","ast-hfb-above-header-display":"","ast-hfb-below-header-display":"","ast-hfb-mobile-header-display":"","site-post-title":"","ast-breadcrumbs-content":"","ast-featured-img":"","footer-sml-layout":"","theme-transparent-header-meta":"","adv-header-id-meta":"","stick-header-meta":"","header-above-stick-meta":"","header-main-stick-meta":"","header-below-stick-meta":"","astra-migrate-meta-layouts":"default","ast-page-background-enabled":"default","ast-page-background-meta":{"desktop":{"background-color":"var(--ast-global-color-4)","background-image":"","background-repeat":"repeat","background-position":"center center","background-size":"auto","background-attachment":"scroll","background-type":"","background-media":"","overlay-type":"","overlay-color":"","overlay-opacity":"","overlay-gradient":""},"tablet":{"background-color":"","background-image":"","background-repeat":"repeat","background-position":"center center","background-size":"auto","background-attachment":"scroll","background-type":"","background-media":"","overlay-type":"","overlay-color":"","overlay-opacity":"","overlay-gradient":""},"mobile":{"background-color":"","background-image":"","background-repeat":"repeat","background-position":"center center","background-size":"auto","background-attachment":"scroll","background-type":"","background-media":"","overlay-type":"","overlay-color":"","overlay-opacity":"","overlay-gradient":""}},"ast-content-background-meta":{"desktop":{"background-color":"var(--ast-global-color-5)","background-image":"","background-repeat":"repeat","background-position":"center center","background-size":"auto","background-attachment":"scroll","background-type":"","background-media":"","overlay-type":"","overlay-color":"","overlay-opacity":"","overlay-gradient":""},"tablet":{"background-color":"var(--ast-global-color-5)","background-image":"","background-repeat":"repeat","background-position":"center center","background-size":"auto","background-attachment":"scroll","background-type":"","background-media":"","overlay-type":"","overlay-color":"","overlay-opacity":"","overlay-gradient":""},"mobile":{"background-color":"var(--ast-global-color-5)","background-image":"","background-repeat":"repeat","background-position":"center center","background-size":"auto","background-attachment":"scroll","background-type":"","background-media":"","overlay-type":"","overlay-color":"","overlay-opacity":"","overlay-gradient":""}},"footnotes":""},"class_list":["post-133","page","type-page","status-publish","hentry"],"post_mailing_queue_ids":[],"_links":{"self":[{"href":"https:\/\/agora.xtec.cat\/iesvallvera\/wp-json\/wp\/v2\/pages\/133","targetHints":{"allow":["GET"]}}],"collection":[{"href":"https:\/\/agora.xtec.cat\/iesvallvera\/wp-json\/wp\/v2\/pages"}],"about":[{"href":"https:\/\/agora.xtec.cat\/iesvallvera\/wp-json\/wp\/v2\/types\/page"}],"author":[{"embeddable":true,"href":"https:\/\/agora.xtec.cat\/iesvallvera\/wp-json\/wp\/v2\/users\/4"}],"replies":[{"embeddable":true,"href":"https:\/\/agora.xtec.cat\/iesvallvera\/wp-json\/wp\/v2\/comments?post=133"}],"version-history":[{"count":5,"href":"https:\/\/agora.xtec.cat\/iesvallvera\/wp-json\/wp\/v2\/pages\/133\/revisions"}],"predecessor-version":[{"id":11237,"href":"https:\/\/agora.xtec.cat\/iesvallvera\/wp-json\/wp\/v2\/pages\/133\/revisions\/11237"}],"up":[{"embeddable":true,"href":"https:\/\/agora.xtec.cat\/iesvallvera\/wp-json\/wp\/v2\/pages\/151"}],"wp:attachment":[{"href":"https:\/\/agora.xtec.cat\/iesvallvera\/wp-json\/wp\/v2\/media?parent=133"}],"curies":[{"name":"wp","href":"https:\/\/api.w.org\/{rel}","templated":true}]}}