{"id":124,"date":"2017-03-21T18:28:51","date_gmt":"2017-03-21T17:28:51","guid":{"rendered":"http:\/\/iesvallvera.cat\/?page_id=124"},"modified":"2023-11-22T08:55:59","modified_gmt":"2023-11-22T07:55:59","slug":"orientacio","status":"publish","type":"page","link":"https:\/\/agora.xtec.cat\/iesvallvera\/serveis\/orientacio\/","title":{"rendered":"Orientaci\u00f3"},"content":{"rendered":"<p><strong>Servei d\u2019orientaci\u00f3 acad\u00e8mica professional<\/strong><\/p>\n<p><em>A qui s\u2019adre\u00e7a?<\/em><\/p>\n<p>A qualsevol persona o instituci\u00f3 externa del centre que demani informaci\u00f3 i assessorament en relaci\u00f3 amb l\u2019oferta formativa de Cicles Formatius que s\u2019imparteixen en el nostre institut aix\u00ed, com de les mesures flexibilitzadores (reconeixement d\u2019experi\u00e8ncia laboral i de formaci\u00f3).<\/p>\n<p>A l\u2019alumnat del centre: ESO, Batxillerat i CCFF.<\/p>\n<p>Al professorat del centre i als \u00f2rgans de coordinaci\u00f3 del centre.<\/p>\n<p><em>Qu\u00e8 s\u2019ofereix?<\/em><\/p>\n<ol>\n<li>Identificaci\u00f3 de qu\u00e8 es necessita, quina informaci\u00f3 cal buscar en relaci\u00f3 amb la demanda. Qu\u00e8 puc continuar estudiant? Quina alternativa tinc amb el que estic fent? Si estic treballant, com puc obtenir la titulaci\u00f3? Si he fet algun tipus d\u2019estudi, com puc acreditar la formaci\u00f3? , etc.<\/li>\n<li>Recerca de la informaci\u00f3 adaptada a cada cas.<\/li>\n<li>Proposta d\u2019orientaci\u00f3 adaptada a cada cas.<\/li>\n<\/ol>\n","protected":false},"excerpt":{"rendered":"<p>Servei d\u2019orientaci\u00f3 acad\u00e8mica professional A qui s\u2019adre\u00e7a? A qualsevol persona o instituci\u00f3 externa del centre que demani informaci\u00f3 i assessorament en relaci\u00f3 amb l\u2019oferta formativa de Cicles Formatius que s\u2019imparteixen en el nostre institut aix\u00ed, com de les mesures flexibilitzadores (reconeixement d\u2019experi\u00e8ncia laboral i de formaci\u00f3). A l\u2019alumnat del centre: ESO, Batxillerat i CCFF. Al [&hellip;]<\/p>\n","protected":false},"author":4,"featured_media":0,"parent":151,"menu_order":0,"comment_status":"closed","ping_status":"closed","template":"","meta":{"_bbp_topic_count":0,"_bbp_reply_count":0,"_bbp_total_topic_count":0,"_bbp_total_reply_count":0,"_bbp_voice_count":0,"_bbp_anonymous_reply_count":0,"_bbp_topic_count_hidden":0,"_bbp_reply_count_hidden":0,"_bbp_forum_subforum_count":0,"site-sidebar-layout":"default","site-content-layout":"","ast-site-content-layout":"","site-content-style":"default","site-sidebar-style":"default","ast-global-header-display":"","ast-banner-title-visibility":"","ast-main-header-display":"","ast-hfb-above-header-display":"","ast-hfb-below-header-display":"","ast-hfb-mobile-header-display":"","site-post-title":"","ast-breadcrumbs-content":"","ast-featured-img":"","footer-sml-layout":"","theme-transparent-header-meta":"","adv-header-id-meta":"","stick-header-meta":"","header-above-stick-meta":"","header-main-stick-meta":"","header-below-stick-meta":"","astra-migrate-meta-layouts":"default","ast-page-background-enabled":"default","ast-page-background-meta":{"desktop":{"background-color":"var(--ast-global-color-4)","background-image":"","background-repeat":"repeat","background-position":"center center","background-size":"auto","background-attachment":"scroll","background-type":"","background-media":"","overlay-type":"","overlay-color":"","overlay-opacity":"","overlay-gradient":""},"tablet":{"background-color":"","background-image":"","background-repeat":"repeat","background-position":"center center","background-size":"auto","background-attachment":"scroll","background-type":"","background-media":"","overlay-type":"","overlay-color":"","overlay-opacity":"","overlay-gradient":""},"mobile":{"background-color":"","background-image":"","background-repeat":"repeat","background-position":"center center","background-size":"auto","background-attachment":"scroll","background-type":"","background-media":"","overlay-type":"","overlay-color":"","overlay-opacity":"","overlay-gradient":""}},"ast-content-background-meta":{"desktop":{"background-color":"var(--ast-global-color-5)","background-image":"","background-repeat":"repeat","background-position":"center center","background-size":"auto","background-attachment":"scroll","background-type":"","background-media":"","overlay-type":"","overlay-color":"","overlay-opacity":"","overlay-gradient":""},"tablet":{"background-color":"var(--ast-global-color-5)","background-image":"","background-repeat":"repeat","background-position":"center center","background-size":"auto","background-attachment":"scroll","background-type":"","background-media":"","overlay-type":"","overlay-color":"","overlay-opacity":"","overlay-gradient":""},"mobile":{"background-color":"var(--ast-global-color-5)","background-image":"","background-repeat":"repeat","background-position":"center center","background-size":"auto","background-attachment":"scroll","background-type":"","background-media":"","overlay-type":"","overlay-color":"","overlay-opacity":"","overlay-gradient":""}},"footnotes":""},"class_list":["post-124","page","type-page","status-publish","hentry"],"post_mailing_queue_ids":[],"_links":{"self":[{"href":"https:\/\/agora.xtec.cat\/iesvallvera\/wp-json\/wp\/v2\/pages\/124","targetHints":{"allow":["GET"]}}],"collection":[{"href":"https:\/\/agora.xtec.cat\/iesvallvera\/wp-json\/wp\/v2\/pages"}],"about":[{"href":"https:\/\/agora.xtec.cat\/iesvallvera\/wp-json\/wp\/v2\/types\/page"}],"author":[{"embeddable":true,"href":"https:\/\/agora.xtec.cat\/iesvallvera\/wp-json\/wp\/v2\/users\/4"}],"replies":[{"embeddable":true,"href":"https:\/\/agora.xtec.cat\/iesvallvera\/wp-json\/wp\/v2\/comments?post=124"}],"version-history":[{"count":1,"href":"https:\/\/agora.xtec.cat\/iesvallvera\/wp-json\/wp\/v2\/pages\/124\/revisions"}],"predecessor-version":[{"id":11033,"href":"https:\/\/agora.xtec.cat\/iesvallvera\/wp-json\/wp\/v2\/pages\/124\/revisions\/11033"}],"up":[{"embeddable":true,"href":"https:\/\/agora.xtec.cat\/iesvallvera\/wp-json\/wp\/v2\/pages\/151"}],"wp:attachment":[{"href":"https:\/\/agora.xtec.cat\/iesvallvera\/wp-json\/wp\/v2\/media?parent=124"}],"curies":[{"name":"wp","href":"https:\/\/api.w.org\/{rel}","templated":true}]}}