{"id":12009,"date":"2024-09-26T14:22:18","date_gmt":"2024-09-26T12:22:18","guid":{"rendered":"https:\/\/agora.xtec.cat\/iesvallvera\/?page_id=12009"},"modified":"2025-11-11T09:58:24","modified_gmt":"2025-11-11T08:58:24","slug":"certificats-professionals","status":"publish","type":"page","link":"https:\/\/agora.xtec.cat\/iesvallvera\/escola-empresa\/certificats-professionals\/","title":{"rendered":"Certificats professionals"},"content":{"rendered":"<p>Els certificats professionals s\u00f3n una oferta formativa disponible al llarg de l&#8217;;any que<br \/>\npermeten obtenir els coneixements, les habilitats i les aptituds per desenvolupar una<br \/>\nactivitat professional d\u2019acord amb les exig\u00e8ncies del mercat de treball actual. S\u00f3n una<br \/>\ntitulaci\u00f3 oficial que inclou un per\u00edode de formaci\u00f3 a l\u2019empresa que permet con\u00e8ixer nou<br \/>\ntalent i per tant, contractar persones qualificades.<\/p>\n<p>Durant el <strong>curs 2025-26<\/strong> tenim la seg\u00fcent oferta per a obtenir un Certificat Professional:<\/p>\n<p><strong>CODI SSCS0208 &#8211; ATENCI\u00d3 SOCIOSANIT\u00c0RIA A PERSONES DEPENDENTS EN INSTITUCIONS<\/strong><br \/>\n<strong>SOCIALS<\/strong><\/p>\n<p><strong>\u2756 TIPUS DE FORMACI\u00d3: Formaci\u00f3 ocupacional<\/strong><br \/>\n<strong>\u2756 MODALITAT: Presencial tardes de dilluns a divendres<\/strong><br \/>\n<strong>\u2756 HORES: 410H + 80H PR\u00c0CTIQUES<\/strong><br \/>\n<strong>\u2756 DATA INICI I FINAL: 17\/11\/2025 &#8211; 20\/04\/2026<\/strong><br \/>\n<strong>\u2756 NIVELL 2<\/strong><br \/>\n<strong>\u27a2 Vies d\u2019acc\u00e9s als certificats de Nivell 2.<\/strong> Estar en possessi\u00f3 de:<br \/>\n\u25cf T\u00edtol de graduat en educaci\u00f3 secund\u00e0ria.<br \/>\n\u25cf Certificat de professionalitat de nivell 2.<br \/>\n\u25cf Certificat de professionalitat de nivell 1 de la mateixa fam\u00edlia i \u00e0rea professional<br \/>\nque el certificat al qual vols accedir.<br \/>\n\u25cf Complir el requisit acad\u00e8mic d\u2019acc\u00e9s als cicles formatius de grau mitj\u00e0 o b\u00e9 haver<br \/>\nsuperat les proves d\u2019acc\u00e9s corresponents regulades per les administracions<br \/>\neducatives.<br \/>\n\u25cf Haver superat la prova d\u2019acc\u00e9s a la universitat per a m\u00e9s grans de 25 anys i\/o de<br \/>\n45 anys.<br \/>\n<strong>\u25cf Si no disposeu de cap de les titulacions anteriors caldr\u00e0 superar, amb qualificaci\u00f3<\/strong><br \/>\n<strong>d\u2019APTA\/E les proves d\u2019avaluaci\u00f3 de les compet\u00e8ncies claus de nivell 2<\/strong><br \/>\n<strong>convocades pel mateix institut.<\/strong><\/p>\n<p><strong>\u2756 DE QU\u00c8 PODR\u00c0S TREBALLAR:<\/strong><br \/>\n\u2794 Cuidador\/a de minusv\u00e0lids f\u00edsics, ps\u00edquics i sensorials.<br \/>\n\u2794 Cuidador\/a de persones dependents en institucions.<br \/>\n\u2794 Gericultor\/a.<\/p>\n<p>Si et vols inscriure pots omplir el seg\u00fcent <a href=\"https:\/\/docs.google.com\/forms\/d\/e\/1FAIpQLSdJ6Hz6mQEOS89TsOb_OiFLAgdTZGj3YQ-A1h9uKK6odZHAag\/viewform\">FORMULARI<\/a>.<br \/>\nSi necessites m\u00e9s <strong>informaci\u00f3<\/strong>:<\/p>\n<p><strong>INS VALLVERA<\/strong><br \/>\n<strong>972 231919<\/strong><br \/>\ncp@iesvallvera.cat<\/p>\n<p><a href=\"https:\/\/agora.xtec.cat\/iesvallvera\/wp-content\/uploads\/usu783\/2024\/09\/Proyecto-nuevo-1-1.jpg\"><img loading=\"lazy\" decoding=\"async\" class=\"aligncenter size-full wp-image-12020\" src=\"https:\/\/agora.xtec.cat\/iesvallvera\/wp-content\/uploads\/usu783\/2024\/09\/Proyecto-nuevo-1-1.jpg\" alt=\"\" width=\"1192\" height=\"111\" srcset=\"https:\/\/agora.xtec.cat\/iesvallvera\/wp-content\/uploads\/usu783\/2024\/09\/Proyecto-nuevo-1-1.jpg 1192w, https:\/\/agora.xtec.cat\/iesvallvera\/wp-content\/uploads\/usu783\/2024\/09\/Proyecto-nuevo-1-1-300x28.jpg 300w, https:\/\/agora.xtec.cat\/iesvallvera\/wp-content\/uploads\/usu783\/2024\/09\/Proyecto-nuevo-1-1-1024x95.jpg 1024w, https:\/\/agora.xtec.cat\/iesvallvera\/wp-content\/uploads\/usu783\/2024\/09\/Proyecto-nuevo-1-1-768x72.jpg 768w\" sizes=\"auto, (max-width: 1192px) 100vw, 1192px\" \/><\/a><\/p>\n","protected":false},"excerpt":{"rendered":"<p>Els certificats professionals s\u00f3n una oferta formativa disponible al llarg de l&#8217;;any que permeten obtenir els coneixements, les habilitats i les aptituds per desenvolupar una activitat professional d\u2019acord amb les exig\u00e8ncies del mercat de treball actual. S\u00f3n una titulaci\u00f3 oficial que inclou un per\u00edode de formaci\u00f3 a l\u2019empresa que permet con\u00e8ixer nou talent i per [&hellip;]<\/p>\n","protected":false},"author":1,"featured_media":0,"parent":10356,"menu_order":0,"comment_status":"closed","ping_status":"closed","template":"","meta":{"_bbp_topic_count":0,"_bbp_reply_count":0,"_bbp_total_topic_count":0,"_bbp_total_reply_count":0,"_bbp_voice_count":0,"_bbp_anonymous_reply_count":0,"_bbp_topic_count_hidden":0,"_bbp_reply_count_hidden":0,"_bbp_forum_subforum_count":0,"site-sidebar-layout":"default","site-content-layout":"","ast-site-content-layout":"","site-content-style":"default","site-sidebar-style":"default","ast-global-header-display":"","ast-banner-title-visibility":"","ast-main-header-display":"","ast-hfb-above-header-display":"","ast-hfb-below-header-display":"","ast-hfb-mobile-header-display":"","site-post-title":"","ast-breadcrumbs-content":"","ast-featured-img":"","footer-sml-layout":"","theme-transparent-header-meta":"","adv-header-id-meta":"","stick-header-meta":"","header-above-stick-meta":"","header-main-stick-meta":"","header-below-stick-meta":"","astra-migrate-meta-layouts":"default","ast-page-background-enabled":"default","ast-page-background-meta":{"desktop":{"background-color":"var(--ast-global-color-4)","background-image":"","background-repeat":"repeat","background-position":"center center","background-size":"auto","background-attachment":"scroll","background-type":"","background-media":"","overlay-type":"","overlay-color":"","overlay-opacity":"","overlay-gradient":""},"tablet":{"background-color":"","background-image":"","background-repeat":"repeat","background-position":"center center","background-size":"auto","background-attachment":"scroll","background-type":"","background-media":"","overlay-type":"","overlay-color":"","overlay-opacity":"","overlay-gradient":""},"mobile":{"background-color":"","background-image":"","background-repeat":"repeat","background-position":"center center","background-size":"auto","background-attachment":"scroll","background-type":"","background-media":"","overlay-type":"","overlay-color":"","overlay-opacity":"","overlay-gradient":""}},"ast-content-background-meta":{"desktop":{"background-color":"var(--ast-global-color-5)","background-image":"","background-repeat":"repeat","background-position":"center center","background-size":"auto","background-attachment":"scroll","background-type":"","background-media":"","overlay-type":"","overlay-color":"","overlay-opacity":"","overlay-gradient":""},"tablet":{"background-color":"var(--ast-global-color-5)","background-image":"","background-repeat":"repeat","background-position":"center center","background-size":"auto","background-attachment":"scroll","background-type":"","background-media":"","overlay-type":"","overlay-color":"","overlay-opacity":"","overlay-gradient":""},"mobile":{"background-color":"var(--ast-global-color-5)","background-image":"","background-repeat":"repeat","background-position":"center center","background-size":"auto","background-attachment":"scroll","background-type":"","background-media":"","overlay-type":"","overlay-color":"","overlay-opacity":"","overlay-gradient":""}},"footnotes":""},"class_list":["post-12009","page","type-page","status-publish","hentry"],"post_mailing_queue_ids":[],"_links":{"self":[{"href":"https:\/\/agora.xtec.cat\/iesvallvera\/wp-json\/wp\/v2\/pages\/12009","targetHints":{"allow":["GET"]}}],"collection":[{"href":"https:\/\/agora.xtec.cat\/iesvallvera\/wp-json\/wp\/v2\/pages"}],"about":[{"href":"https:\/\/agora.xtec.cat\/iesvallvera\/wp-json\/wp\/v2\/types\/page"}],"author":[{"embeddable":true,"href":"https:\/\/agora.xtec.cat\/iesvallvera\/wp-json\/wp\/v2\/users\/1"}],"replies":[{"embeddable":true,"href":"https:\/\/agora.xtec.cat\/iesvallvera\/wp-json\/wp\/v2\/comments?post=12009"}],"version-history":[{"count":6,"href":"https:\/\/agora.xtec.cat\/iesvallvera\/wp-json\/wp\/v2\/pages\/12009\/revisions"}],"predecessor-version":[{"id":12773,"href":"https:\/\/agora.xtec.cat\/iesvallvera\/wp-json\/wp\/v2\/pages\/12009\/revisions\/12773"}],"up":[{"embeddable":true,"href":"https:\/\/agora.xtec.cat\/iesvallvera\/wp-json\/wp\/v2\/pages\/10356"}],"wp:attachment":[{"href":"https:\/\/agora.xtec.cat\/iesvallvera\/wp-json\/wp\/v2\/media?parent=12009"}],"curies":[{"name":"wp","href":"https:\/\/api.w.org\/{rel}","templated":true}]}}