{"id":105,"date":"2017-03-21T13:46:49","date_gmt":"2017-03-21T12:46:49","guid":{"rendered":"http:\/\/iesvallvera.cat\/?page_id=105"},"modified":"2026-03-23T14:56:54","modified_gmt":"2026-03-23T13:56:54","slug":"horaris","status":"publish","type":"page","link":"https:\/\/agora.xtec.cat\/iesvallvera\/linstitut\/horaris\/","title":{"rendered":"Horaris del centre"},"content":{"rendered":"\r\n<p>L\u2019Institut roman obert de dilluns a divendres de 08:00 a 20:25 hores en per\u00edodes lectius.<\/p>\r\n\r\n\r\n\r\n<p id=\"marcs-horaris-academics\" class=\"has-cyan-bluish-gray-color has-text-color\" style=\"font-size: 17px;\"><span style=\"color: #333333;\"><strong><span style=\"text-decoration: underline;\">Marcs horaris acad\u00e8mics<\/span><\/strong><\/span><\/p>\r\n\r\n\r\n\r\n<ul class=\"wp-block-list\">\r\n<li>ESO 08:00-14:30<\/li>\r\n\r\n\r\n\r\n<li>BAT 08:00-14:30<\/li>\r\n\r\n\r\n\r\n<li>CF<\/li>\r\n<\/ul>\r\n<p>\u00a0 \u00a0 &#8211; Torn mat\u00ed: 08:00-14:30<\/p>\r\n<p>\u00a0 \u00a0 &#8211; Torn tarda: 14:45-20:45<\/p>\r\n<p>\u00a0 \u00a0 &#8211; CFGB : 14:45-19:50<\/p>\r\n<table style=\"border-collapse: collapse; width: 58.8053%;\">\r\n<tbody>\r\n<tr>\r\n<td style=\"width: 100%;\">\r\n<p dir=\"ltr\"><span style=\"color: #999999;\"><strong><span style=\"text-decoration: underline;\">Fam\u00edlia de Serveis Socioculturals i a la Comunitat<\/span><\/strong><\/span><\/p>\r\n<p dir=\"ltr\">CFGM Atenci\u00f3 a persones en situaci\u00f3 de Depend\u00e8ncia (1r mat\u00ed i 2n tarda)<\/p>\r\n<p dir=\"ltr\">CFGS Educaci\u00f3 Infantil (horari tarda)<\/p>\r\n<p dir=\"ltr\">CFGS Animaci\u00f3 Sociocultural i Tur\u00edstica\u00a0 (horari mat\u00ed)<\/p>\r\n<p dir=\"ltr\">CFGS Integraci\u00f3 Social (horari tarda)<\/p>\r\n<p dir=\"ltr\"><span style=\"color: #999999;\"><strong><span style=\"text-decoration: underline;\">Fam\u00edlia d&#8217;Administraci\u00f3 i Finances<\/span><\/strong><\/span><\/p>\r\n<p dir=\"ltr\">FP B\u00e0sica d\u2019Administratiu (1r I 2r tarda)<\/p>\r\n<p dir=\"ltr\">CFGM Gesti\u00f3 Administrativa (1r mat\u00ed i 2n tarda)<\/p>\r\n<p dir=\"ltr\">CFGS Administraci\u00f3 i Finances (1r mat\u00ed i 2n tarda)<\/p>\r\n<p dir=\"ltr\"><span style=\"color: #999999;\"><strong><span style=\"text-decoration: underline;\">Fam\u00edlia de Sanitat<\/span><\/strong><\/span><\/p>\r\nCFGM Cures d&#8217;Auxiliar d&#8217;Infermeria (LOGSE) horari de tarda<\/td>\r\n<\/tr>\r\n<\/tbody>\r\n<\/table>\r\n\r\n\r\n\r\n\r\n\r\n\r\n\r\n<p id=\"bar\" class=\"has-cyan-bluish-gray-color has-text-color\" style=\"font-size: 17px;\"><span style=\"color: #333333;\"><strong><span style=\"text-decoration: underline;\">Bar<\/span><\/strong><\/span><\/p>\r\n\r\n\r\n\r\n<p id=\"de-9-00-a-18-00\" style=\"font-size: 15px;\">De 8:00 a 18:00<\/p>\r\n\r\n\r\n\r\n<p id=\"biblioteca\" class=\"has-cyan-bluish-gray-color has-text-color\" style=\"font-size: 17px;\"><span style=\"color: #333333;\"><strong><span style=\"text-decoration: underline;\">Biblioteca<\/span><\/strong><\/span><\/p>\r\n\r\n\r\n\r\n<p id=\"de-9-30-a-13-30-i-de-15-30-a-18-30\" style=\"font-size: 15px;\">De 9:30 a 13:30 i de 14:45 a 17:30<\/p>\r\n<p>&nbsp;<\/p>\r\n<p><strong>Visita virtualment el nostre centre<\/strong><\/p>\r\n\r\n<p><iframe style=\"width: 100%; border: none;\" src=\"https:\/\/www.theasys.io\/viewer\/sQpHQ6df02dpOpTv8S2azGFKq4rsFW\" height=\"450\" frameborder=\"0\" scrolling=\"no\" allowfullscreen=\"allowfullscreen\"><\/iframe><\/p>\r\n<p>&nbsp;<\/p>\r\n<p>&nbsp;<\/p>\r\n<p>&nbsp;<\/p>\r\n<!-- \/wp:paragraph -->","protected":false},"excerpt":{"rendered":"<p>L\u2019Institut roman obert de dilluns a divendres de 08:00 a 20:25 hores en per\u00edodes lectius. Marcs horaris acad\u00e8mics Bar De 8:00 a 18:00 Biblioteca De 9:30 a 13:30 i de 14:45 a 17:30 &nbsp; Visita virtualment el nostre centre &nbsp; &nbsp; &nbsp;<\/p>\n","protected":false},"author":4,"featured_media":0,"parent":87,"menu_order":3,"comment_status":"closed","ping_status":"closed","template":"","meta":{"_bbp_topic_count":0,"_bbp_reply_count":0,"_bbp_total_topic_count":0,"_bbp_total_reply_count":0,"_bbp_voice_count":0,"_bbp_anonymous_reply_count":0,"_bbp_topic_count_hidden":0,"_bbp_reply_count_hidden":0,"_bbp_forum_subforum_count":0,"site-sidebar-layout":"default","site-content-layout":"","ast-site-content-layout":"default","site-content-style":"default","site-sidebar-style":"default","ast-global-header-display":"","ast-banner-title-visibility":"","ast-main-header-display":"","ast-hfb-above-header-display":"","ast-hfb-below-header-display":"","ast-hfb-mobile-header-display":"","site-post-title":"","ast-breadcrumbs-content":"","ast-featured-img":"","footer-sml-layout":"","theme-transparent-header-meta":"default","adv-header-id-meta":"","stick-header-meta":"","header-above-stick-meta":"","header-main-stick-meta":"","header-below-stick-meta":"","astra-migrate-meta-layouts":"set","ast-page-background-enabled":"default","ast-page-background-meta":{"desktop":{"background-color":"var(--ast-global-color-4)","background-image":"","background-repeat":"repeat","background-position":"center center","background-size":"auto","background-attachment":"scroll","background-type":"","background-media":"","overlay-type":"","overlay-color":"","overlay-opacity":"","overlay-gradient":""},"tablet":{"background-color":"","background-image":"","background-repeat":"repeat","background-position":"center center","background-size":"auto","background-attachment":"scroll","background-type":"","background-media":"","overlay-type":"","overlay-color":"","overlay-opacity":"","overlay-gradient":""},"mobile":{"background-color":"","background-image":"","background-repeat":"repeat","background-position":"center center","background-size":"auto","background-attachment":"scroll","background-type":"","background-media":"","overlay-type":"","overlay-color":"","overlay-opacity":"","overlay-gradient":""}},"ast-content-background-meta":{"desktop":{"background-color":"var(--ast-global-color-5)","background-image":"","background-repeat":"repeat","background-position":"center center","background-size":"auto","background-attachment":"scroll","background-type":"","background-media":"","overlay-type":"","overlay-color":"","overlay-opacity":"","overlay-gradient":""},"tablet":{"background-color":"var(--ast-global-color-5)","background-image":"","background-repeat":"repeat","background-position":"center center","background-size":"auto","background-attachment":"scroll","background-type":"","background-media":"","overlay-type":"","overlay-color":"","overlay-opacity":"","overlay-gradient":""},"mobile":{"background-color":"var(--ast-global-color-5)","background-image":"","background-repeat":"repeat","background-position":"center center","background-size":"auto","background-attachment":"scroll","background-type":"","background-media":"","overlay-type":"","overlay-color":"","overlay-opacity":"","overlay-gradient":""}},"footnotes":""},"class_list":["post-105","page","type-page","status-publish","hentry"],"post_mailing_queue_ids":[],"_links":{"self":[{"href":"https:\/\/agora.xtec.cat\/iesvallvera\/wp-json\/wp\/v2\/pages\/105","targetHints":{"allow":["GET"]}}],"collection":[{"href":"https:\/\/agora.xtec.cat\/iesvallvera\/wp-json\/wp\/v2\/pages"}],"about":[{"href":"https:\/\/agora.xtec.cat\/iesvallvera\/wp-json\/wp\/v2\/types\/page"}],"author":[{"embeddable":true,"href":"https:\/\/agora.xtec.cat\/iesvallvera\/wp-json\/wp\/v2\/users\/4"}],"replies":[{"embeddable":true,"href":"https:\/\/agora.xtec.cat\/iesvallvera\/wp-json\/wp\/v2\/comments?post=105"}],"version-history":[{"count":7,"href":"https:\/\/agora.xtec.cat\/iesvallvera\/wp-json\/wp\/v2\/pages\/105\/revisions"}],"predecessor-version":[{"id":13002,"href":"https:\/\/agora.xtec.cat\/iesvallvera\/wp-json\/wp\/v2\/pages\/105\/revisions\/13002"}],"up":[{"embeddable":true,"href":"https:\/\/agora.xtec.cat\/iesvallvera\/wp-json\/wp\/v2\/pages\/87"}],"wp:attachment":[{"href":"https:\/\/agora.xtec.cat\/iesvallvera\/wp-json\/wp\/v2\/media?parent=105"}],"curies":[{"name":"wp","href":"https:\/\/api.w.org\/{rel}","templated":true}]}}