{"id":975,"date":"2016-08-03T12:23:50","date_gmt":"2016-08-03T11:23:50","guid":{"rendered":"http:\/\/agora.xtec.cat\/iesvallhebron\/?page_id=975"},"modified":"2026-03-28T14:36:28","modified_gmt":"2026-03-28T13:36:28","slug":"cicles-formatius-de-grau-superior","status":"publish","type":"page","link":"https:\/\/agora.xtec.cat\/iesvallhebron\/estudis\/cicles-formatius-de-grau-superior\/","title":{"rendered":"Cicles Formatius de Grau Superior (CFGS)"},"content":{"rendered":"\n<p>Els Cicles Formatius de Grau Superior s\u00f3n estudis postobligatoris que permeten obtenir el t\u00edtol de T\u00e8cnic o T\u00e8cnica Superior en una especialitat determinada. Tenen una durada total de 2.000 hores, repartides en dos cursos acad\u00e8mics.<\/p>\n\n\n\n<p>L\u2019acc\u00e9s a aquests estudis es pot fer des d\u2019un cicle formatiu de grau mitj\u00e0, el Batxillerat o altres estudis equivalents o de nivell superior, com ara un t\u00edtol de T\u00e8cnic\/a Superior o un grau universitari. Tamb\u00e9 s\u2019hi pot accedir mitjan\u00e7ant un certificat de professionalitat vinculat al cicle, un curs espec\u00edfic de preparaci\u00f3 per a l\u2019acc\u00e9s a grau superior o superant la prova d\u2019acc\u00e9s corresponent.<\/p>\n\n\n\n<p>Per con\u00e8ixer amb detall les diferents vies d\u2019acc\u00e9s o els cicles relacionats, es pot consultar el web del Departament d\u2019Educaci\u00f3 i Formaci\u00f3 Professional.<\/p>\n\n\n\n<div class=\"wp-block-buttons is-content-justification-center is-layout-flex wp-container-core-buttons-is-layout-1 wp-block-buttons-is-layout-flex\">\n<div class=\"wp-block-button\"><a class=\"wp-block-button__link wp-element-button\" href=\"https:\/\/triaeducativa.gencat.cat\/ca\/fp\/grau-superior\/\" target=\"_blank\" rel=\"noreferrer noopener\">Web Departament<\/a><\/div>\n\n\n\n<div class=\"wp-block-button has-custom-width wp-block-button__width-25\"><a class=\"wp-block-button__link wp-element-button\" href=\"https:\/\/preinscripcio.gencat.cat\/ca\/estudis\/fp-grau-superior\/informat\/criteris-assignacio\/\" target=\"_blank\" rel=\"noreferrer noopener\">Vies d&#8217;acc\u00e8s<\/a><\/div>\n<\/div>\n\n\n\n<p><\/p>\n\n\n\n<p>A l&#8217;Institut oferim els seg\u00fcents cicles de Grau Superior:<\/p>\n\n\n\n<ul class=\"wp-block-list\">\n<li><a href=\"http:\/\/agora.xtec.cat\/iesvallhebron\/estudis\/cicles-formatius\/cicles-formatius-de-grau-superior\/animacio-dactivitats-fisiques-i-esportives\/\">Condicionament f\u00edsic<\/a> &#8211; horari de tarda<\/li>\n\n\n\n<li><a href=\"http:\/\/agora.xtec.cat\/iesvallhebron\/estudis\/cicles-formatius\/cicles-formatius-de-grau-superior\/ensenyament-i-animacio-socioesportiva\/\">Ensenyament i animaci\u00f3 socioesportiva<\/a> <em>&#8211; <\/em>horari de mat\u00ed<\/li>\n\n\n\n<li><a href=\"http:\/\/agora.xtec.cat\/iesvallhebron\/estudis\/cicles-formatius\/cicles-formatius-de-grau-superior\/estetica-integral-i-benestar\/\">Est\u00e8tica integral i benestar<\/a> <em>&#8211; <\/em>horari de mat\u00ed<\/li>\n\n\n\n<li><a href=\"http:\/\/agora.xtec.cat\/iesvallhebron\/estudis\/cicles-formatius\/cicles-formatius-de-grau-superior\/estilisme-i-direccio-de-perruqueria\/\">Estilisme i direcci\u00f3 de perruqueria<\/a> &#8211; horari de mat\u00ed<\/li>\n\n\n\n<li><a href=\"https:\/\/agora.xtec.cat\/iesvallhebron\/estudis\/cicles-formatius\/cicles-formatius-de-grau-superior\/caracteritzacio-i-maquillatge-professional\/\">Caracteritzaci\u00f3 i maquillatge professional<\/a> <em>&#8211; <\/em>horari de mat\u00ed<\/li>\n\n\n\n<li><a href=\"https:\/\/agora.xtec.cat\/iesvallhebron\/estudis\/cicles-formatius\/cicles-formatius-de-grau-superior\/assessoria-dimatge-personal-i-corporativa\/\">Assessoria d&#8217;imatge personal i corporativa<\/a> <em>&#8211; <\/em>horari de tarda<\/li>\n<\/ul>\n\n\n\n<p><\/p>\n","protected":false},"excerpt":{"rendered":"<p>Els Cicles Formatius de Grau Superior s\u00f3n estudis postobligatoris que permeten obtenir el t\u00edtol de T\u00e8cnic o T\u00e8cnica Superior en una especialitat determinada. Tenen una durada total de 2.000 hores, repartides en dos cursos acad\u00e8mics. L\u2019acc\u00e9s a aquests estudis es pot fer des d\u2019un cicle formatiu de grau mitj\u00e0, el Batxillerat o altres estudis equivalents [&hellip;]<\/p>\n","protected":false},"author":1,"featured_media":0,"parent":195,"menu_order":4,"comment_status":"closed","ping_status":"closed","template":"","meta":{"_bbp_topic_count":0,"_bbp_reply_count":0,"_bbp_total_topic_count":0,"_bbp_total_reply_count":0,"_bbp_voice_count":0,"_bbp_anonymous_reply_count":0,"_bbp_topic_count_hidden":0,"_bbp_reply_count_hidden":0,"_bbp_forum_subforum_count":0,"site-sidebar-layout":"default","site-content-layout":"","ast-site-content-layout":"default","site-content-style":"default","site-sidebar-style":"default","ast-global-header-display":"","ast-banner-title-visibility":"","ast-main-header-display":"","ast-hfb-above-header-display":"","ast-hfb-below-header-display":"","ast-hfb-mobile-header-display":"","site-post-title":"","ast-breadcrumbs-content":"","ast-featured-img":"","footer-sml-layout":"","theme-transparent-header-meta":"","adv-header-id-meta":"","stick-header-meta":"","header-above-stick-meta":"","header-main-stick-meta":"","header-below-stick-meta":"","astra-migrate-meta-layouts":"set","ast-page-background-enabled":"default","ast-page-background-meta":{"desktop":{"background-color":"var(--ast-global-color-4)","background-image":"","background-repeat":"repeat","background-position":"center center","background-size":"auto","background-attachment":"scroll","background-type":"","background-media":"","overlay-type":"","overlay-color":"","overlay-opacity":"","overlay-gradient":""},"tablet":{"background-color":"","background-image":"","background-repeat":"repeat","background-position":"center center","background-size":"auto","background-attachment":"scroll","background-type":"","background-media":"","overlay-type":"","overlay-color":"","overlay-opacity":"","overlay-gradient":""},"mobile":{"background-color":"","background-image":"","background-repeat":"repeat","background-position":"center center","background-size":"auto","background-attachment":"scroll","background-type":"","background-media":"","overlay-type":"","overlay-color":"","overlay-opacity":"","overlay-gradient":""}},"ast-content-background-meta":{"desktop":{"background-color":"var(--ast-global-color-5)","background-image":"","background-repeat":"repeat","background-position":"center center","background-size":"auto","background-attachment":"scroll","background-type":"","background-media":"","overlay-type":"","overlay-color":"","overlay-opacity":"","overlay-gradient":""},"tablet":{"background-color":"var(--ast-global-color-5)","background-image":"","background-repeat":"repeat","background-position":"center center","background-size":"auto","background-attachment":"scroll","background-type":"","background-media":"","overlay-type":"","overlay-color":"","overlay-opacity":"","overlay-gradient":""},"mobile":{"background-color":"var(--ast-global-color-5)","background-image":"","background-repeat":"repeat","background-position":"center center","background-size":"auto","background-attachment":"scroll","background-type":"","background-media":"","overlay-type":"","overlay-color":"","overlay-opacity":"","overlay-gradient":""}},"footnotes":""},"class_list":["post-975","page","type-page","status-publish","hentry"],"post_mailing_queue_ids":[],"_links":{"self":[{"href":"https:\/\/agora.xtec.cat\/iesvallhebron\/wp-json\/wp\/v2\/pages\/975","targetHints":{"allow":["GET"]}}],"collection":[{"href":"https:\/\/agora.xtec.cat\/iesvallhebron\/wp-json\/wp\/v2\/pages"}],"about":[{"href":"https:\/\/agora.xtec.cat\/iesvallhebron\/wp-json\/wp\/v2\/types\/page"}],"author":[{"embeddable":true,"href":"https:\/\/agora.xtec.cat\/iesvallhebron\/wp-json\/wp\/v2\/users\/1"}],"replies":[{"embeddable":true,"href":"https:\/\/agora.xtec.cat\/iesvallhebron\/wp-json\/wp\/v2\/comments?post=975"}],"version-history":[{"count":6,"href":"https:\/\/agora.xtec.cat\/iesvallhebron\/wp-json\/wp\/v2\/pages\/975\/revisions"}],"predecessor-version":[{"id":16135,"href":"https:\/\/agora.xtec.cat\/iesvallhebron\/wp-json\/wp\/v2\/pages\/975\/revisions\/16135"}],"up":[{"embeddable":true,"href":"https:\/\/agora.xtec.cat\/iesvallhebron\/wp-json\/wp\/v2\/pages\/195"}],"wp:attachment":[{"href":"https:\/\/agora.xtec.cat\/iesvallhebron\/wp-json\/wp\/v2\/media?parent=975"}],"curies":[{"name":"wp","href":"https:\/\/api.w.org\/{rel}","templated":true}]}}