{"id":8030,"date":"2019-11-03T18:49:18","date_gmt":"2019-11-03T17:49:18","guid":{"rendered":"http:\/\/agora.xtec.cat\/iesvallhebron\/?page_id=8030"},"modified":"2019-11-03T18:52:18","modified_gmt":"2019-11-03T17:52:18","slug":"borsa-de-treball","status":"publish","type":"page","link":"https:\/\/agora.xtec.cat\/iesvallhebron\/borsa-de-treball\/","title":{"rendered":"Borsa de treball"},"content":{"rendered":"<p>Per a donar-vos d&#8217;alta a la Borsa de treball, cal que us inscriviu <a href=\"https:\/\/www.empleafp.com\/site\/index.html#\/\" target=\"_blank\" rel=\"noopener noreferrer\">en aquest vincle<\/a>. Trobareu les instruccions per fer la inscripci\u00f3 <a href=\"https:\/\/agora.xtec.cat\/iesvallhebron\/wp-content\/uploads\/usu893\/2019\/11\/Guia-Alumnat.pdf\" target=\"_blank\" rel=\"noopener noreferrer\">en aquest document<\/a>.<\/p>\n<p><img loading=\"lazy\" decoding=\"async\" class=\"aligncenter wp-image-8033\" src=\"https:\/\/agora.xtec.cat\/iesvallhebron\/wp-content\/uploads\/usu893\/2019\/11\/EmpleaFP-300x134.jpg\" alt=\"\" width=\"501\" height=\"224\" srcset=\"https:\/\/agora.xtec.cat\/iesvallhebron\/wp-content\/uploads\/usu893\/2019\/11\/EmpleaFP-300x134.jpg 300w, https:\/\/agora.xtec.cat\/iesvallhebron\/wp-content\/uploads\/usu893\/2019\/11\/EmpleaFP-768x343.jpg 768w, https:\/\/agora.xtec.cat\/iesvallhebron\/wp-content\/uploads\/usu893\/2019\/11\/EmpleaFP-1024x458.jpg 1024w\" sizes=\"auto, (max-width: 501px) 100vw, 501px\" \/><\/p>\n<p>La nostra Borsa de treball est\u00e0 integrada en el projecte <a href=\"https:\/\/www.empleafp.com\" target=\"_blank\" rel=\"noopener noreferrer\">EmpleaFP<\/a>, de l&#8217;associaci\u00f3 <a href=\"https:\/\/fpempresa.net\/\" target=\"_blank\" rel=\"noopener noreferrer\">FP Empresa<\/a>, que engloba diversos instituts i empreses d&#8217;arreu de l&#8217;estat.<\/p>\n","protected":false},"excerpt":{"rendered":"<p>Per a donar-vos d&#8217;alta a la Borsa de treball, cal que us inscriviu en aquest vincle. Trobareu les instruccions per fer la inscripci\u00f3 en aquest document. La nostra Borsa de treball est\u00e0 integrada en el projecte EmpleaFP, de l&#8217;associaci\u00f3 FP Empresa, que engloba diversos instituts i empreses d&#8217;arreu de l&#8217;estat.<\/p>\n","protected":false},"author":1,"featured_media":0,"parent":0,"menu_order":0,"comment_status":"closed","ping_status":"closed","template":"","meta":{"_bbp_topic_count":0,"_bbp_reply_count":0,"_bbp_total_topic_count":0,"_bbp_total_reply_count":0,"_bbp_voice_count":0,"_bbp_anonymous_reply_count":0,"_bbp_topic_count_hidden":0,"_bbp_reply_count_hidden":0,"_bbp_forum_subforum_count":0,"site-sidebar-layout":"default","site-content-layout":"","ast-site-content-layout":"","site-content-style":"default","site-sidebar-style":"default","ast-global-header-display":"","ast-banner-title-visibility":"","ast-main-header-display":"","ast-hfb-above-header-display":"","ast-hfb-below-header-display":"","ast-hfb-mobile-header-display":"","site-post-title":"","ast-breadcrumbs-content":"","ast-featured-img":"","footer-sml-layout":"","theme-transparent-header-meta":"","adv-header-id-meta":"","stick-header-meta":"","header-above-stick-meta":"","header-main-stick-meta":"","header-below-stick-meta":"","astra-migrate-meta-layouts":"default","ast-page-background-enabled":"default","ast-page-background-meta":{"desktop":{"background-color":"var(--ast-global-color-4)","background-image":"","background-repeat":"repeat","background-position":"center center","background-size":"auto","background-attachment":"scroll","background-type":"","background-media":"","overlay-type":"","overlay-color":"","overlay-opacity":"","overlay-gradient":""},"tablet":{"background-color":"","background-image":"","background-repeat":"repeat","background-position":"center center","background-size":"auto","background-attachment":"scroll","background-type":"","background-media":"","overlay-type":"","overlay-color":"","overlay-opacity":"","overlay-gradient":""},"mobile":{"background-color":"","background-image":"","background-repeat":"repeat","background-position":"center center","background-size":"auto","background-attachment":"scroll","background-type":"","background-media":"","overlay-type":"","overlay-color":"","overlay-opacity":"","overlay-gradient":""}},"ast-content-background-meta":{"desktop":{"background-color":"var(--ast-global-color-5)","background-image":"","background-repeat":"repeat","background-position":"center center","background-size":"auto","background-attachment":"scroll","background-type":"","background-media":"","overlay-type":"","overlay-color":"","overlay-opacity":"","overlay-gradient":""},"tablet":{"background-color":"var(--ast-global-color-5)","background-image":"","background-repeat":"repeat","background-position":"center center","background-size":"auto","background-attachment":"scroll","background-type":"","background-media":"","overlay-type":"","overlay-color":"","overlay-opacity":"","overlay-gradient":""},"mobile":{"background-color":"var(--ast-global-color-5)","background-image":"","background-repeat":"repeat","background-position":"center center","background-size":"auto","background-attachment":"scroll","background-type":"","background-media":"","overlay-type":"","overlay-color":"","overlay-opacity":"","overlay-gradient":""}},"footnotes":""},"class_list":["post-8030","page","type-page","status-publish","hentry"],"post_mailing_queue_ids":[],"_links":{"self":[{"href":"https:\/\/agora.xtec.cat\/iesvallhebron\/wp-json\/wp\/v2\/pages\/8030","targetHints":{"allow":["GET"]}}],"collection":[{"href":"https:\/\/agora.xtec.cat\/iesvallhebron\/wp-json\/wp\/v2\/pages"}],"about":[{"href":"https:\/\/agora.xtec.cat\/iesvallhebron\/wp-json\/wp\/v2\/types\/page"}],"author":[{"embeddable":true,"href":"https:\/\/agora.xtec.cat\/iesvallhebron\/wp-json\/wp\/v2\/users\/1"}],"replies":[{"embeddable":true,"href":"https:\/\/agora.xtec.cat\/iesvallhebron\/wp-json\/wp\/v2\/comments?post=8030"}],"version-history":[{"count":3,"href":"https:\/\/agora.xtec.cat\/iesvallhebron\/wp-json\/wp\/v2\/pages\/8030\/revisions"}],"predecessor-version":[{"id":10070,"href":"https:\/\/agora.xtec.cat\/iesvallhebron\/wp-json\/wp\/v2\/pages\/8030\/revisions\/10070"}],"wp:attachment":[{"href":"https:\/\/agora.xtec.cat\/iesvallhebron\/wp-json\/wp\/v2\/media?parent=8030"}],"curies":[{"name":"wp","href":"https:\/\/api.w.org\/{rel}","templated":true}]}}