{"id":16629,"date":"2026-09-04T16:03:07","date_gmt":"2026-09-04T14:03:07","guid":{"rendered":"https:\/\/agora.xtec.cat\/iesvallhebron\/?page_id=16629"},"modified":"2026-09-04T17:04:57","modified_gmt":"2026-09-04T15:04:57","slug":"gestio-vacants-curs-2026-2027","status":"publish","type":"page","link":"https:\/\/agora.xtec.cat\/iesvallhebron\/secretaria-2\/preinscripcio\/gestio-vacants-curs-2026-2027\/","title":{"rendered":"Gesti\u00f3 vacants curs 2026-2027"},"content":{"rendered":"\n<h3 class=\"wp-block-heading\">Vacants per Grau Mitj\u00e0 i Grau Superior<\/h3>\n\n\n\n<div class=\"wp-block-columns is-layout-flex wp-container-core-columns-is-layout-1 wp-block-columns-is-layout-flex\">\n<div class=\"wp-block-column is-layout-flow wp-block-column-is-layout-flow\" style=\"flex-basis:33.33%\">\n<figure class=\"wp-block-image size-full\"><a href=\"https:\/\/agora.xtec.cat\/iesvallhebron\/wp-content\/uploads\/usu893\/2026\/09\/671bd0e6926513bb3f72bea762a6a5f4.jpg\"><img loading=\"lazy\" decoding=\"async\" width=\"736\" height=\"736\" src=\"https:\/\/agora.xtec.cat\/iesvallhebron\/wp-content\/uploads\/usu893\/2026\/09\/671bd0e6926513bb3f72bea762a6a5f4.jpg\" alt=\"\" class=\"wp-image-16631\" srcset=\"https:\/\/agora.xtec.cat\/iesvallhebron\/wp-content\/uploads\/usu893\/2026\/09\/671bd0e6926513bb3f72bea762a6a5f4.jpg 736w, https:\/\/agora.xtec.cat\/iesvallhebron\/wp-content\/uploads\/usu893\/2026\/09\/671bd0e6926513bb3f72bea762a6a5f4-300x300.jpg 300w, https:\/\/agora.xtec.cat\/iesvallhebron\/wp-content\/uploads\/usu893\/2026\/09\/671bd0e6926513bb3f72bea762a6a5f4-150x150.jpg 150w\" sizes=\"auto, (max-width: 736px) 100vw, 736px\" \/><\/a><\/figure>\n<\/div>\n\n\n\n<div class=\"wp-block-column is-layout-flow wp-block-column-is-layout-flow\" style=\"flex-basis:66.66%\">\n<p><strong>El dia 7 de setembre<\/strong>&nbsp;el&nbsp;<strong>Departament&nbsp;d\u2019Educaci\u00f3 i Formaci\u00f3 Professional&nbsp;<\/strong>publicar\u00e0 les vacants&nbsp;<a href=\"https:\/\/preinscripcio.gencat.cat\/ca\/inici\/\" target=\"_blank\" rel=\"noreferrer noopener\">AQU\u00cd<\/a><\/p>\n\n\n\n<p><strong>Si t\u2019interessa alguna vacant t\u2019has d\u2019inscriure&nbsp;<a href=\"https:\/\/aplicacions.gestioeducativa.gencat.cat\/ords\/pls\/apex\/f?p=20160079072543618:650:::NO:650:P650_CENTRE:B019881726DB81FC7C5987681BDBE5E0E57BCBF751B26B0D\" target=\"_blank\" rel=\"noreferrer noopener\">AQU\u00cd<\/a><\/strong>&nbsp;entre les 9h i les 23.59h del dia 7 de setembre.<\/p>\n\n\n\n<p>L\u2019assignaci\u00f3 es far\u00e0&nbsp;<strong>per ordre d\u2019inscripci\u00f3<\/strong> a la cua virtual. Es faran dues&nbsp;<strong>trucades&nbsp;<\/strong>i, en cas de no obtenir resposta, es passar\u00e0 al seg\u00fcent aspirant.<\/p>\n\n\n\n<p>Si s\u2019accepta la pla\u00e7a telef\u00f2nicament s&#8217;enviar\u00e0 un e-mail per confirmar-ho i, a partir del dia\u00a0<strong>8 de setembre<\/strong>, rebreu les instruccions per fer la matr\u00edcula online fins al\u00a0<strong>10 de setembre<\/strong>.<\/p>\n<\/div>\n<\/div>\n\n\n\n<h3 class=\"wp-block-heading\">Vacants per PFI<\/h3>\n\n\n\n<div class=\"wp-block-columns is-layout-flex wp-container-core-columns-is-layout-2 wp-block-columns-is-layout-flex\">\n<div class=\"wp-block-column is-layout-flow wp-block-column-is-layout-flow\" style=\"flex-basis:33.33%\">\n<figure class=\"wp-block-image size-full is-resized\"><a href=\"https:\/\/agora.xtec.cat\/iesvallhebron\/wp-content\/uploads\/usu893\/2026\/09\/9594081ad526d0852e3403603be5f49f-1.jpg\"><img loading=\"lazy\" decoding=\"async\" width=\"814\" height=\"876\" src=\"https:\/\/agora.xtec.cat\/iesvallhebron\/wp-content\/uploads\/usu893\/2026\/09\/9594081ad526d0852e3403603be5f49f-1.jpg\" alt=\"\" class=\"wp-image-16633\" style=\"width:220px;height:auto\" srcset=\"https:\/\/agora.xtec.cat\/iesvallhebron\/wp-content\/uploads\/usu893\/2026\/09\/9594081ad526d0852e3403603be5f49f-1.jpg 814w, https:\/\/agora.xtec.cat\/iesvallhebron\/wp-content\/uploads\/usu893\/2026\/09\/9594081ad526d0852e3403603be5f49f-1-279x300.jpg 279w, https:\/\/agora.xtec.cat\/iesvallhebron\/wp-content\/uploads\/usu893\/2026\/09\/9594081ad526d0852e3403603be5f49f-1-768x826.jpg 768w\" sizes=\"auto, (max-width: 814px) 100vw, 814px\" \/><\/a><\/figure>\n<\/div>\n\n\n\n<div class=\"wp-block-column is-layout-flow wp-block-column-is-layout-flow\" style=\"flex-basis:66.66%\">\n<p><strong>El dia 7 de setembre<\/strong>&nbsp;publicarem les vacants&nbsp;AQU\u00cd.<\/p>\n\n\n\n<p><strong>Si t\u2019interessa alguna vacant t\u2019has d\u2019inscriure&nbsp;en aquest FORMULARI<\/strong> entre les 9h i les 23.59h del dia 7 de setembre.<\/p>\n\n\n\n<p>L\u2019assignaci\u00f3 es far\u00e0&nbsp;<strong>per ordre d\u2019inscripci\u00f3 al formulari<\/strong>. Es faran dues&nbsp;<strong>trucades&nbsp;<\/strong>i, en cas de no obtenir resposta, es passar\u00e0 al seg\u00fcent aspirant.<\/p>\n\n\n\n<p>Si s\u2019accepta la pla\u00e7a telef\u00f2nicament s&#8217;enviar\u00e0 un e-mail per confirmar-ho i, a partir del dia&nbsp;<strong>8 de setembre<\/strong>, rebreu les instruccions per fer la matr\u00edcula online fins al&nbsp;<strong>10 de setembre<\/strong>.<\/p>\n<\/div>\n<\/div>\n","protected":false},"excerpt":{"rendered":"<p>Vacants per Grau Mitj\u00e0 i Grau Superior El dia 7 de setembre&nbsp;el&nbsp;Departament&nbsp;d\u2019Educaci\u00f3 i Formaci\u00f3 Professional&nbsp;publicar\u00e0 les vacants&nbsp;AQU\u00cd Si t\u2019interessa alguna vacant t\u2019has d\u2019inscriure&nbsp;AQU\u00cd&nbsp;entre les 9h i les 23.59h del dia 7 de setembre. L\u2019assignaci\u00f3 es far\u00e0&nbsp;per ordre d\u2019inscripci\u00f3 a la cua virtual. Es faran dues&nbsp;trucades&nbsp;i, en cas de no obtenir resposta, es passar\u00e0 al seg\u00fcent [&hellip;]<\/p>\n","protected":false},"author":41,"featured_media":0,"parent":5118,"menu_order":0,"comment_status":"closed","ping_status":"close","template":"","meta":{"_bbp_topic_count":0,"_bbp_reply_count":0,"_bbp_total_topic_count":0,"_bbp_total_reply_count":0,"_bbp_voice_count":0,"_bbp_anonymous_reply_count":0,"_bbp_topic_count_hidden":0,"_bbp_reply_count_hidden":0,"_bbp_forum_subforum_count":0,"site-sidebar-layout":"default","site-content-layout":"","ast-site-content-layout":"default","site-content-style":"default","site-sidebar-style":"default","ast-global-header-display":"","ast-banner-title-visibility":"","ast-main-header-display":"","ast-hfb-above-header-display":"","ast-hfb-below-header-display":"","ast-hfb-mobile-header-display":"","site-post-title":"","ast-breadcrumbs-content":"","ast-featured-img":"","footer-sml-layout":"","theme-transparent-header-meta":"","adv-header-id-meta":"","stick-header-meta":"","header-above-stick-meta":"","header-main-stick-meta":"","header-below-stick-meta":"","astra-migrate-meta-layouts":"set","ast-page-background-enabled":"default","ast-page-background-meta":{"desktop":{"background-color":"var(--ast-global-color-4)","background-image":"","background-repeat":"repeat","background-position":"center center","background-size":"auto","background-attachment":"scroll","background-type":"","background-media":"","overlay-type":"","overlay-color":"","overlay-opacity":"","overlay-gradient":""},"tablet":{"background-color":"","background-image":"","background-repeat":"repeat","background-position":"center center","background-size":"auto","background-attachment":"scroll","background-type":"","background-media":"","overlay-type":"","overlay-color":"","overlay-opacity":"","overlay-gradient":""},"mobile":{"background-color":"","background-image":"","background-repeat":"repeat","background-position":"center center","background-size":"auto","background-attachment":"scroll","background-type":"","background-media":"","overlay-type":"","overlay-color":"","overlay-opacity":"","overlay-gradient":""}},"ast-content-background-meta":{"desktop":{"background-color":"var(--ast-global-color-5)","background-image":"","background-repeat":"repeat","background-position":"center center","background-size":"auto","background-attachment":"scroll","background-type":"","background-media":"","overlay-type":"","overlay-color":"","overlay-opacity":"","overlay-gradient":""},"tablet":{"background-color":"var(--ast-global-color-5)","background-image":"","background-repeat":"repeat","background-position":"center center","background-size":"auto","background-attachment":"scroll","background-type":"","background-media":"","overlay-type":"","overlay-color":"","overlay-opacity":"","overlay-gradient":""},"mobile":{"background-color":"var(--ast-global-color-5)","background-image":"","background-repeat":"repeat","background-position":"center center","background-size":"auto","background-attachment":"scroll","background-type":"","background-media":"","overlay-type":"","overlay-color":"","overlay-opacity":"","overlay-gradient":""}},"footnotes":""},"class_list":["post-16629","page","type-page","status-publish","hentry"],"post_mailing_queue_ids":[],"_links":{"self":[{"href":"https:\/\/agora.xtec.cat\/iesvallhebron\/wp-json\/wp\/v2\/pages\/16629","targetHints":{"allow":["GET"]}}],"collection":[{"href":"https:\/\/agora.xtec.cat\/iesvallhebron\/wp-json\/wp\/v2\/pages"}],"about":[{"href":"https:\/\/agora.xtec.cat\/iesvallhebron\/wp-json\/wp\/v2\/types\/page"}],"author":[{"embeddable":true,"href":"https:\/\/agora.xtec.cat\/iesvallhebron\/wp-json\/wp\/v2\/users\/41"}],"replies":[{"embeddable":true,"href":"https:\/\/agora.xtec.cat\/iesvallhebron\/wp-json\/wp\/v2\/comments?post=16629"}],"version-history":[{"count":3,"href":"https:\/\/agora.xtec.cat\/iesvallhebron\/wp-json\/wp\/v2\/pages\/16629\/revisions"}],"predecessor-version":[{"id":16641,"href":"https:\/\/agora.xtec.cat\/iesvallhebron\/wp-json\/wp\/v2\/pages\/16629\/revisions\/16641"}],"up":[{"embeddable":true,"href":"https:\/\/agora.xtec.cat\/iesvallhebron\/wp-json\/wp\/v2\/pages\/5118"}],"wp:attachment":[{"href":"https:\/\/agora.xtec.cat\/iesvallhebron\/wp-json\/wp\/v2\/media?parent=16629"}],"curies":[{"name":"wp","href":"https:\/\/api.w.org\/{rel}","templated":true}]}}

Gestió vacants curs 2026-2027

<h3 class="wp-block-heading">Vacants per Grau Mitjà i Grau Superior</h3>



<div class="wp-block-columns is-layout-flex wp-container-core-columns-is-layout-1 wp-block-columns-is-layout-flex">
<div class="wp-block-column is-layout-flow wp-block-column-is-layout-flow" style="flex-basis:33.33%">
<figure class="wp-block-image size-full"><a href="https://agora.xtec.cat/iesvallhebron/wp-content/uploads/usu893/2026/09/671bd0e6926513bb3f72bea762a6a5f4.jpg"><img loading="lazy" decoding="async" width="736" height="736" src="https://agora.xtec.cat/iesvallhebron/wp-content/uploads/usu893/2026/09/671bd0e6926513bb3f72bea762a6a5f4.jpg" alt="" class="wp-image-16631" srcset="https://agora.xtec.cat/iesvallhebron/wp-content/uploads/usu893/2026/09/671bd0e6926513bb3f72bea762a6a5f4.jpg 736w, https://agora.xtec.cat/iesvallhebron/wp-content/uploads/usu893/2026/09/671bd0e6926513bb3f72bea762a6a5f4-300x300.jpg 300w, https://agora.xtec.cat/iesvallhebron/wp-content/uploads/usu893/2026/09/671bd0e6926513bb3f72bea762a6a5f4-150x150.jpg 150w" sizes="auto, (max-width: 736px) 100vw, 736px" /></a></figure>
</div>



<div class="wp-block-column is-layout-flow wp-block-column-is-layout-flow" style="flex-basis:66.66%">
<p><strong>El dia 7 de setembre</strong>&nbsp;el&nbsp;<strong>Departament&nbsp;d’Educació i Formació Professional&nbsp;</strong>publicarà les vacants&nbsp;<a href="https://preinscripcio.gencat.cat/ca/inici/" target="_blank" rel="noreferrer noopener">AQUÍ</a></p>



<p><strong>Si t’interessa alguna vacant t’has d’inscriure&nbsp;<a href="https://aplicacions.gestioeducativa.gencat.cat/ords/pls/apex/f?p=20160079072543618:650:::NO:650:P650_CENTRE:B019881726DB81FC7C5987681BDBE5E0E57BCBF751B26B0D" target="_blank" rel="noreferrer noopener">AQUÍ</a></strong>&nbsp;entre les 9h i les 23.59h del dia 7 de setembre.</p>



<p>L’assignació es farà&nbsp;<strong>per ordre d’inscripció</strong> a la cua virtual. Es faran dues&nbsp;<strong>trucades&nbsp;</strong>i, en cas de no obtenir resposta, es passarà al següent aspirant.</p>



<p>Si s’accepta la plaça telefònicament s&#8217;enviarà un e-mail per confirmar-ho i, a partir del dia <strong>8 de setembre</strong>, rebreu les instruccions per fer la matrícula online fins al <strong>10 de setembre</strong>.</p>
</div>
</div>



<h3 class="wp-block-heading">Vacants per PFI</h3>



<div class="wp-block-columns is-layout-flex wp-container-core-columns-is-layout-2 wp-block-columns-is-layout-flex">
<div class="wp-block-column is-layout-flow wp-block-column-is-layout-flow" style="flex-basis:33.33%">
<figure class="wp-block-image size-full is-resized"><a href="https://agora.xtec.cat/iesvallhebron/wp-content/uploads/usu893/2026/09/9594081ad526d0852e3403603be5f49f-1.jpg"><img loading="lazy" decoding="async" width="814" height="876" src="https://agora.xtec.cat/iesvallhebron/wp-content/uploads/usu893/2026/09/9594081ad526d0852e3403603be5f49f-1.jpg" alt="" class="wp-image-16633" style="width:220px;height:auto" srcset="https://agora.xtec.cat/iesvallhebron/wp-content/uploads/usu893/2026/09/9594081ad526d0852e3403603be5f49f-1.jpg 814w, https://agora.xtec.cat/iesvallhebron/wp-content/uploads/usu893/2026/09/9594081ad526d0852e3403603be5f49f-1-279x300.jpg 279w, https://agora.xtec.cat/iesvallhebron/wp-content/uploads/usu893/2026/09/9594081ad526d0852e3403603be5f49f-1-768x826.jpg 768w" sizes="auto, (max-width: 814px) 100vw, 814px" /></a></figure>
</div>



<div class="wp-block-column is-layout-flow wp-block-column-is-layout-flow" style="flex-basis:66.66%">
<p><strong>El dia 7 de setembre</strong>&nbsp;publicarem les vacants&nbsp;AQUÍ.</p>



<p><strong>Si t’interessa alguna vacant t’has d’inscriure&nbsp;en aquest FORMULARI</strong> entre les 9h i les 23.59h del dia 7 de setembre.</p>



<p>L’assignació es farà&nbsp;<strong>per ordre d’inscripció al formulari</strong>. Es faran dues&nbsp;<strong>trucades&nbsp;</strong>i, en cas de no obtenir resposta, es passarà al següent aspirant.</p>



<p>Si s’accepta la plaça telefònicament s&#8217;enviarà un e-mail per confirmar-ho i, a partir del dia&nbsp;<strong>8 de setembre</strong>, rebreu les instruccions per fer la matrícula online fins al&nbsp;<strong>10 de setembre</strong>.</p>
</div>
</div>

<p>Vacants per Grau Mitjà i Grau Superior El dia 7 de setembre&nbsp;el&nbsp;Departament&nbsp;d’Educació i Formació Professional&nbsp;publicarà les vacants&nbsp;AQUÍ Si t’interessa alguna vacant t’has d’inscriure&nbsp;AQUÍ&nbsp;entre les 9h i les 23.59h del dia 7 de setembre. L’assignació es farà&nbsp;per ordre d’inscripció a la cua virtual. Es faran dues&nbsp;trucades&nbsp;i, en cas de no obtenir resposta, es passarà al següent [&hellip;]</p>
