{"id":16334,"date":"2026-04-30T18:52:10","date_gmt":"2026-04-30T16:52:10","guid":{"rendered":"https:\/\/agora.xtec.cat\/iesvallhebron\/?page_id=16334"},"modified":"2026-04-30T18:52:10","modified_gmt":"2026-04-30T16:52:10","slug":"auxiliar-de-suport-a-les-persones-en-activitats-socioesportives","status":"publish","type":"page","link":"https:\/\/agora.xtec.cat\/iesvallhebron\/estudis\/programes-de-formacio-i-insercio\/auxiliar-de-suport-a-les-persones-en-activitats-socioesportives\/","title":{"rendered":"Auxiliar de suport a les persones en activitats socioesportives"},"content":{"rendered":"\n<p class=\"has-ast-global-color-0-color has-text-color has-link-color has-medium-font-size wp-elements-d23a1e94f3aa03741980ae6b9e2f144b\"><strong>En qu\u00e8 consisteix el PFI?<\/strong><\/p>\n\n\n\n<p>El <strong>PFI d&#8217;Auxiliar de suport a les persones en activitats socioesportives<\/strong> capaciten per dur a terme tasques de suport a l\u2019organitzaci\u00f3 i desenvolupament d\u2019activitats fisicoesportives, que s\u00f3n aquelles que impliquen moviment del cos i esfor\u00e7 f\u00edsic per millorar la salut o divertir-se.\u00a0<br><br>Tamb\u00e9 capaciten per a assistir en la prevenci\u00f3 d\u2019accidents i assistint en cas d\u2019emerg\u00e8ncia.\u00a0<br><br>Es treballaran tamb\u00e9 habilitats comunicatives per a l\u2019atenci\u00f3 d\u2019usuaris, usu\u00e0ries d\u2019instal\u00b7lacions esportives i altres tipus d\u2019equipaments p\u00fablics, aix\u00ed com per al suport a l\u2019organitzaci\u00f3 d\u2019activitats i esdeveniments socioesportius.<br>Gr\u00e0cies a aquests estudis podr\u00e0s familiaritzar-te amb el funcionament de varis tipus d\u2019instal\u00b7lacions esportives i comen\u00e7ar a con\u00e8ixer el que necessites per a desenvolupar-me com a professional. Al mateix temps coneixer\u00e0s els graus mitjans de Guia al medi natural i T\u00e8cnic esportiu.<\/p>\n\n\n\n<h2 class=\"wp-block-heading has-ast-global-color-0-color has-text-color has-link-color has-medium-font-size wp-elements-913c2c50f2b5534bede31967992587fb\"><strong>Quina durada t\u00e9 el cicle formatiu?<\/strong><\/h2>\n\n\n\n<p><strong>1.000<\/strong>&nbsp;hores, distribu\u00efdes en un sol curs acad\u00e8mic, de les quals&nbsp;<strong>200<\/strong>&nbsp;hores s\u00f3n d\u2019estada a l\u2019empresa.<\/p>\n\n\n\n<p class=\"has-ast-global-color-0-color has-text-color has-link-color has-medium-font-size wp-elements-6ee31f438b4d5ccbd6e6bc96f6881419\"><strong>M\u00f2duls professionals<\/strong><\/p>\n\n\n\n<p>Detall de les mat\u00e8ries que formen part del cicle, amb les hores totals per a cada una.<\/p>\n\n\n\n<figure class=\"wp-block-image alignleft size-large is-resized\"><a href=\"https:\/\/agora.xtec.cat\/iesvallhebron\/wp-content\/uploads\/usu893\/2026\/04\/Captura-de-pantalla-2026-04-30-a-les-18.48.27.png\"><img loading=\"lazy\" decoding=\"async\" width=\"1024\" height=\"856\" src=\"https:\/\/agora.xtec.cat\/iesvallhebron\/wp-content\/uploads\/usu893\/2026\/04\/Captura-de-pantalla-2026-04-30-a-les-18.48.27-1024x856.png\" alt=\"\" class=\"wp-image-16335\" style=\"width:632px;height:auto\" srcset=\"https:\/\/agora.xtec.cat\/iesvallhebron\/wp-content\/uploads\/usu893\/2026\/04\/Captura-de-pantalla-2026-04-30-a-les-18.48.27-1024x856.png 1024w, https:\/\/agora.xtec.cat\/iesvallhebron\/wp-content\/uploads\/usu893\/2026\/04\/Captura-de-pantalla-2026-04-30-a-les-18.48.27-300x251.png 300w, https:\/\/agora.xtec.cat\/iesvallhebron\/wp-content\/uploads\/usu893\/2026\/04\/Captura-de-pantalla-2026-04-30-a-les-18.48.27-768x642.png 768w, https:\/\/agora.xtec.cat\/iesvallhebron\/wp-content\/uploads\/usu893\/2026\/04\/Captura-de-pantalla-2026-04-30-a-les-18.48.27.png 1198w\" sizes=\"auto, (max-width: 1024px) 100vw, 1024px\" \/><\/a><\/figure>\n\n\n\n<div style=\"height:47px\" aria-hidden=\"true\" class=\"wp-block-spacer\"><\/div>\n\n\n\n<p class=\"has-ast-global-color-0-color has-text-color has-link-color has-medium-font-size wp-elements-e48bed19d311a766506519b9288587b3\"><strong>Metodologia de treball<\/strong><\/p>\n\n\n\n<p><strong>Aprendr\u00e0s combinant la pr\u00e0ctica i la teoria<\/strong>: far\u00e0s activitats a l\u2019institut i en altres instal\u00b7lacions, participar\u00e0s en projectes de diferents tipus, assistir\u00e0s a classes te\u00f2riques i gaudir\u00e0s de sortides pedag\u00f2giques relacionades tant amb els m\u00f2duls professionals com amb els m\u00f2duls generals.<\/p>\n\n\n\n<p class=\"has-ast-global-color-0-color has-text-color has-link-color has-medium-font-size wp-elements-cd48df99dc844c51b7e207749826d272\"><strong>Activitats destacades del PFI:<\/strong><\/p>\n\n\n\n<p>En el PFI de Suport a les persones en activitats socioesportives coneixer\u00e0s diversos esports i aprendr\u00e0s els <strong>principis del disseny d\u2019activitats fisico-recreatives d\u2019iniciaci\u00f3 esportiva<\/strong> aix\u00ed com els <strong>beneficis i finalitats de l\u2019activitat f\u00edsica<\/strong>.<\/p>\n\n\n\n<p>Tamb\u00e9 aprendr\u00e0s <strong>primers auxilis<\/strong>. Sabr\u00e0s com realitzar una RCP, a utilitzar el DEA, com fer un embenat funcional entre altres t\u00e8cniques i protocols que t&#8217;ajudaran a actuar en cas de necessitat o accident.<\/p>\n\n\n\n<p>Realitzar\u00e0s inventaris i condicionar\u00e0s <strong>espais esportius i magatzems<\/strong>. Igualment far\u00e0s <strong>petites reparacions<\/strong> de material esportiu.<\/p>\n\n\n\n<p>A m\u00e9s, treballar\u00e0s en l&#8217;acc\u00e8s<strong> d&#8217;usuaris<\/strong> i organitzaci\u00f3 de la instal\u00b7laci\u00f3 fisicoesportiva. Coneixer\u00e0s diferents activitats del <strong>m\u00f3n del fitness<\/strong> i podr\u00e0s realitzar l&#8217;<strong>acompanyament de persones amb discapacitat<\/strong> i limitaci\u00f3 de moviment. Treballar\u00e0s com treballar <strong>de cara al p\u00fablic<\/strong> donant informaci\u00f3 d&#8217;una instal\u00b7laci\u00f3.<\/p>\n\n\n\n<p>En les <strong>pr\u00e0ctiques en empreses<\/strong> acabar\u00e0s de con\u00e8ixer el m\u00f3n del fitness, l&#8217;esport de competici\u00f3 i oci.<\/p>\n\n\n\n<p class=\"has-ast-global-color-0-color has-text-color has-link-color has-medium-font-size wp-elements-a490d2269289a639e3f3d5e90b1576d5\"><strong>Quines sortides professionals tens amb el PFI?<\/strong><\/p>\n\n\n\n<ul class=\"wp-block-list\">\n<li>Acompanyant d&#8217;usuaris i usu\u00e0ries en instal\u00b7lacions esportives,<\/li>\n\n\n\n<li>Auxiliar de control d&#8217;instal\u00b7lacions esportives,<\/li>\n\n\n\n<li>Auxiliar de d&#8217;accessos a instal\u00b7lacions esportives,<\/li>\n\n\n\n<li>Auxiliar de monitor o monitora d&#8217;activitats poliesportives,<\/li>\n\n\n\n<li>Auxiliar de monitor o monitora d&#8217;activitats d&#8217;estiu.<\/li>\n<\/ul>\n\n\n\n<p class=\"has-ast-global-color-0-color has-text-color has-link-color has-medium-font-size wp-elements-2888f5b38ab8300ffddd70690019e510\"><strong>On pots treballar?<\/strong><\/p>\n\n\n\n<p>En esdeveniments sociesportius, instal\u00b7lacions esportives, gimnasos, federacions esportives, associacions de fam\u00edlies (AFA), empreses de gesti\u00f3 d\u2019activitats extraescolars, clubs i associacions esportives, i altres tipus d\u2019equipaments p\u00fablics, sota la supervisi\u00f3 directa d\u2019un responsable superior. Sectors productius: esportius, oci i temps de lleure i turisme.\u00a0<\/p>\n\n\n\n<h3 class=\"wp-block-heading has-ast-global-color-0-color has-text-color has-link-color has-medium-font-size wp-elements-586e19d075108bfed571e3d2a65da02f\"><strong>Com accedir-hi?<\/strong><\/h3>\n\n\n\n<ul class=\"wp-block-list\">\n<li><strong>Requisits:<\/strong>\n<ul class=\"wp-block-list\">\n<li>Tenir\u00a0<strong>entre 16 i 21 anys<\/strong>\u00a0(complerts o que es compleixin durant l\u2019any d\u2019inici).<\/li>\n\n\n\n<li><strong>No haver obtingut el t\u00edtol d\u2019ESO<\/strong>.<\/li>\n\n\n\n<li>Superar una\u00a0<strong>entrevista\u00a0<\/strong>per part del centre.<\/li>\n<\/ul>\n<\/li>\n<\/ul>\n","protected":false},"excerpt":{"rendered":"<p>En qu\u00e8 consisteix el PFI? El PFI d&#8217;Auxiliar de suport a les persones en activitats socioesportives capaciten per dur a terme tasques de suport a l\u2019organitzaci\u00f3 i desenvolupament d\u2019activitats fisicoesportives, que s\u00f3n aquelles que impliquen moviment del cos i esfor\u00e7 f\u00edsic per millorar la salut o divertir-se.\u00a0 Tamb\u00e9 capaciten per a assistir en la prevenci\u00f3 [&hellip;]<\/p>\n","protected":false},"author":41,"featured_media":0,"parent":1011,"menu_order":0,"comment_status":"closed","ping_status":"close","template":"","meta":{"_bbp_topic_count":0,"_bbp_reply_count":0,"_bbp_total_topic_count":0,"_bbp_total_reply_count":0,"_bbp_voice_count":0,"_bbp_anonymous_reply_count":0,"_bbp_topic_count_hidden":0,"_bbp_reply_count_hidden":0,"_bbp_forum_subforum_count":0,"site-sidebar-layout":"default","site-content-layout":"","ast-site-content-layout":"default","site-content-style":"default","site-sidebar-style":"default","ast-global-header-display":"","ast-banner-title-visibility":"","ast-main-header-display":"","ast-hfb-above-header-display":"","ast-hfb-below-header-display":"","ast-hfb-mobile-header-display":"","site-post-title":"","ast-breadcrumbs-content":"","ast-featured-img":"","footer-sml-layout":"","theme-transparent-header-meta":"","adv-header-id-meta":"","stick-header-meta":"","header-above-stick-meta":"","header-main-stick-meta":"","header-below-stick-meta":"","astra-migrate-meta-layouts":"set","ast-page-background-enabled":"default","ast-page-background-meta":{"desktop":{"background-color":"var(--ast-global-color-4)","background-image":"","background-repeat":"repeat","background-position":"center center","background-size":"auto","background-attachment":"scroll","background-type":"","background-media":"","overlay-type":"","overlay-color":"","overlay-opacity":"","overlay-gradient":""},"tablet":{"background-color":"","background-image":"","background-repeat":"repeat","background-position":"center center","background-size":"auto","background-attachment":"scroll","background-type":"","background-media":"","overlay-type":"","overlay-color":"","overlay-opacity":"","overlay-gradient":""},"mobile":{"background-color":"","background-image":"","background-repeat":"repeat","background-position":"center center","background-size":"auto","background-attachment":"scroll","background-type":"","background-media":"","overlay-type":"","overlay-color":"","overlay-opacity":"","overlay-gradient":""}},"ast-content-background-meta":{"desktop":{"background-color":"var(--ast-global-color-5)","background-image":"","background-repeat":"repeat","background-position":"center center","background-size":"auto","background-attachment":"scroll","background-type":"","background-media":"","overlay-type":"","overlay-color":"","overlay-opacity":"","overlay-gradient":""},"tablet":{"background-color":"var(--ast-global-color-5)","background-image":"","background-repeat":"repeat","background-position":"center center","background-size":"auto","background-attachment":"scroll","background-type":"","background-media":"","overlay-type":"","overlay-color":"","overlay-opacity":"","overlay-gradient":""},"mobile":{"background-color":"var(--ast-global-color-5)","background-image":"","background-repeat":"repeat","background-position":"center center","background-size":"auto","background-attachment":"scroll","background-type":"","background-media":"","overlay-type":"","overlay-color":"","overlay-opacity":"","overlay-gradient":""}},"footnotes":""},"class_list":["post-16334","page","type-page","status-publish","hentry"],"post_mailing_queue_ids":[],"_links":{"self":[{"href":"https:\/\/agora.xtec.cat\/iesvallhebron\/wp-json\/wp\/v2\/pages\/16334","targetHints":{"allow":["GET"]}}],"collection":[{"href":"https:\/\/agora.xtec.cat\/iesvallhebron\/wp-json\/wp\/v2\/pages"}],"about":[{"href":"https:\/\/agora.xtec.cat\/iesvallhebron\/wp-json\/wp\/v2\/types\/page"}],"author":[{"embeddable":true,"href":"https:\/\/agora.xtec.cat\/iesvallhebron\/wp-json\/wp\/v2\/users\/41"}],"replies":[{"embeddable":true,"href":"https:\/\/agora.xtec.cat\/iesvallhebron\/wp-json\/wp\/v2\/comments?post=16334"}],"version-history":[{"count":2,"href":"https:\/\/agora.xtec.cat\/iesvallhebron\/wp-json\/wp\/v2\/pages\/16334\/revisions"}],"predecessor-version":[{"id":16337,"href":"https:\/\/agora.xtec.cat\/iesvallhebron\/wp-json\/wp\/v2\/pages\/16334\/revisions\/16337"}],"up":[{"embeddable":true,"href":"https:\/\/agora.xtec.cat\/iesvallhebron\/wp-json\/wp\/v2\/pages\/1011"}],"wp:attachment":[{"href":"https:\/\/agora.xtec.cat\/iesvallhebron\/wp-json\/wp\/v2\/media?parent=16334"}],"curies":[{"name":"wp","href":"https:\/\/api.w.org\/{rel}","templated":true}]}}

<p class="has-ast-global-color-0-color has-text-color has-link-color has-medium-font-size wp-elements-d23a1e94f3aa03741980ae6b9e2f144b"><strong>En què consisteix el PFI?</strong></p>



<p>El <strong>PFI d&#8217;Auxiliar de suport a les persones en activitats socioesportives</strong> capaciten per dur a terme tasques de suport a l’organització i desenvolupament d’activitats fisicoesportives, que són aquelles que impliquen moviment del cos i esforç físic per millorar la salut o divertir-se. <br><br>També capaciten per a assistir en la prevenció d’accidents i assistint en cas d’emergència. <br><br>Es treballaran també habilitats comunicatives per a l’atenció d’usuaris, usuàries d’instal·lacions esportives i altres tipus d’equipaments públics, així com per al suport a l’organització d’activitats i esdeveniments socioesportius.<br>Gràcies a aquests estudis podràs familiaritzar-te amb el funcionament de varis tipus d’instal·lacions esportives i començar a conèixer el que necessites per a desenvolupar-me com a professional. Al mateix temps coneixeràs els graus mitjans de Guia al medi natural i Tècnic esportiu.</p>



<h2 class="wp-block-heading has-ast-global-color-0-color has-text-color has-link-color has-medium-font-size wp-elements-913c2c50f2b5534bede31967992587fb"><strong>Quina durada té el cicle formatiu?</strong></h2>



<p><strong>1.000</strong>&nbsp;hores, distribuïdes en un sol curs acadèmic, de les quals&nbsp;<strong>200</strong>&nbsp;hores són d’estada a l’empresa.</p>



<p class="has-ast-global-color-0-color has-text-color has-link-color has-medium-font-size wp-elements-6ee31f438b4d5ccbd6e6bc96f6881419"><strong>Mòduls professionals</strong></p>



<p>Detall de les matèries que formen part del cicle, amb les hores totals per a cada una.</p>



<figure class="wp-block-image alignleft size-large is-resized"><a href="https://agora.xtec.cat/iesvallhebron/wp-content/uploads/usu893/2026/04/Captura-de-pantalla-2026-04-30-a-les-18.48.27.png"><img loading="lazy" decoding="async" width="1024" height="856" src="https://agora.xtec.cat/iesvallhebron/wp-content/uploads/usu893/2026/04/Captura-de-pantalla-2026-04-30-a-les-18.48.27-1024x856.png" alt="" class="wp-image-16335" style="width:632px;height:auto" srcset="https://agora.xtec.cat/iesvallhebron/wp-content/uploads/usu893/2026/04/Captura-de-pantalla-2026-04-30-a-les-18.48.27-1024x856.png 1024w, https://agora.xtec.cat/iesvallhebron/wp-content/uploads/usu893/2026/04/Captura-de-pantalla-2026-04-30-a-les-18.48.27-300x251.png 300w, https://agora.xtec.cat/iesvallhebron/wp-content/uploads/usu893/2026/04/Captura-de-pantalla-2026-04-30-a-les-18.48.27-768x642.png 768w, https://agora.xtec.cat/iesvallhebron/wp-content/uploads/usu893/2026/04/Captura-de-pantalla-2026-04-30-a-les-18.48.27.png 1198w" sizes="auto, (max-width: 1024px) 100vw, 1024px" /></a></figure>



<div style="height:47px" aria-hidden="true" class="wp-block-spacer"></div>



<p class="has-ast-global-color-0-color has-text-color has-link-color has-medium-font-size wp-elements-e48bed19d311a766506519b9288587b3"><strong>Metodologia de treball</strong></p>



<p><strong>Aprendràs combinant la pràctica i la teoria</strong>: faràs activitats a l’institut i en altres instal·lacions, participaràs en projectes de diferents tipus, assistiràs a classes teòriques i gaudiràs de sortides pedagògiques relacionades tant amb els mòduls professionals com amb els mòduls generals.</p>



<p class="has-ast-global-color-0-color has-text-color has-link-color has-medium-font-size wp-elements-cd48df99dc844c51b7e207749826d272"><strong>Activitats destacades del PFI:</strong></p>



<p>En el PFI de Suport a les persones en activitats socioesportives coneixeràs diversos esports i aprendràs els <strong>principis del disseny d’activitats fisico-recreatives d’iniciació esportiva</strong> així com els <strong>beneficis i finalitats de l’activitat física</strong>.</p>



<p>També aprendràs <strong>primers auxilis</strong>. Sabràs com realitzar una RCP, a utilitzar el DEA, com fer un embenat funcional entre altres tècniques i protocols que t&#8217;ajudaran a actuar en cas de necessitat o accident.</p>



<p>Realitzaràs inventaris i condicionaràs <strong>espais esportius i magatzems</strong>. Igualment faràs <strong>petites reparacions</strong> de material esportiu.</p>



<p>A més, treballaràs en l&#8217;accès<strong> d&#8217;usuaris</strong> i organització de la instal·lació fisicoesportiva. Coneixeràs diferents activitats del <strong>món del fitness</strong> i podràs realitzar l&#8217;<strong>acompanyament de persones amb discapacitat</strong> i limitació de moviment. Treballaràs com treballar <strong>de cara al públic</strong> donant informació d&#8217;una instal·lació.</p>



<p>En les <strong>pràctiques en empreses</strong> acabaràs de conèixer el món del fitness, l&#8217;esport de competició i oci.</p>



<p class="has-ast-global-color-0-color has-text-color has-link-color has-medium-font-size wp-elements-a490d2269289a639e3f3d5e90b1576d5"><strong>Quines sortides professionals tens amb el PFI?</strong></p>



<ul class="wp-block-list">
<li>Acompanyant d&#8217;usuaris i usuàries en instal·lacions esportives,</li>



<li>Auxiliar de control d&#8217;instal·lacions esportives,</li>



<li>Auxiliar de d&#8217;accessos a instal·lacions esportives,</li>



<li>Auxiliar de monitor o monitora d&#8217;activitats poliesportives,</li>



<li>Auxiliar de monitor o monitora d&#8217;activitats d&#8217;estiu.</li>
</ul>



<p class="has-ast-global-color-0-color has-text-color has-link-color has-medium-font-size wp-elements-2888f5b38ab8300ffddd70690019e510"><strong>On pots treballar?</strong></p>



<p>En esdeveniments sociesportius, instal·lacions esportives, gimnasos, federacions esportives, associacions de famílies (AFA), empreses de gestió d’activitats extraescolars, clubs i associacions esportives, i altres tipus d’equipaments públics, sota la supervisió directa d’un responsable superior. Sectors productius: esportius, oci i temps de lleure i turisme. </p>



<h3 class="wp-block-heading has-ast-global-color-0-color has-text-color has-link-color has-medium-font-size wp-elements-586e19d075108bfed571e3d2a65da02f"><strong>Com accedir-hi?</strong></h3>



<ul class="wp-block-list">
<li><strong>Requisits:</strong>
<ul class="wp-block-list">
<li>Tenir <strong>entre 16 i 21 anys</strong> (complerts o que es compleixin durant l’any d’inici).</li>



<li><strong>No haver obtingut el títol d’ESO</strong>.</li>



<li>Superar una <strong>entrevista </strong>per part del centre.</li>
</ul>
</li>
</ul>

<p>En què consisteix el PFI? El PFI d&#8217;Auxiliar de suport a les persones en activitats socioesportives capaciten per dur a terme tasques de suport a l’organització i desenvolupament d’activitats fisicoesportives, que són aquelles que impliquen moviment del cos i esforç físic per millorar la salut o divertir-se.  També capaciten per a assistir en la prevenció [&hellip;]</p>
