{"id":16036,"date":"2026-03-11T17:51:20","date_gmt":"2026-03-11T16:51:20","guid":{"rendered":"https:\/\/agora.xtec.cat\/iesvallhebron\/?page_id=16036"},"modified":"2026-03-11T17:51:20","modified_gmt":"2026-03-11T16:51:20","slug":"curtmetratges-de-conscienciacio","status":"publish","type":"page","link":"https:\/\/agora.xtec.cat\/iesvallhebron\/comissio-digualtat\/curtmetratges-de-conscienciacio\/","title":{"rendered":"Curtmetratges de conscienciaci\u00f3"},"content":{"rendered":"\n<p>Un curtmetratge \u00e9s molt m\u00e9s que una hist\u00f2ria de pocs minuts; \u00e9s una finestra oberta a realitats que sovint ens passen desapercebudes. Les imatges tenen el poder de commoure\u2019ns i fer-nos reflexionar d\u2019una manera que les paraules, de vegades, no poden.<br><br>En aquest espai, la Comissi\u00f3 d\u2019Igualtat hem recollit una selecci\u00f3 de\u00a0<strong>curtmetratges de conscienciaci\u00f3<\/strong>\u00a0dissenyats per q\u00fcestionar estereotips, denunciar injust\u00edcies i imaginar un futur realment igualitari.\u00a0<strong>Diferents hist\u00f2ries, diferents estils, per\u00f2 un mateix objectiu: moure consci\u00e8ncies.<\/strong><\/p>\n\n\n\n<p>T\u2019atreveixes a mirar el m\u00f3n amb uns altres ulls?<\/p>\n\n\n\n<p class=\"has-medium-font-size\"><strong>48 coses que les dones escolten al llarg de la seva vida\u00bb<\/strong><\/p>\n\n\n\n<p>El v\u00eddeo denuncia els estereotips i les exig\u00e8ncies masclistes que les dones suporten des de la inf\u00e0ncia. Una cr\u00edtica visual a com el llenguatge quotidi\u00e0 intenta controlar la llibertat i l&#8217;aspecte femen\u00ed.<\/p>\n\n\n\n<figure class=\"wp-block-embed is-type-video is-provider-youtube wp-block-embed-youtube wp-embed-aspect-16-9 wp-has-aspect-ratio\"><div class=\"wp-block-embed__wrapper\">\n<div class=\"ast-oembed-container \" style=\"height: 100%;\"><iframe loading=\"lazy\" title=\"48 Cosas que las mujeres escuchan a lo largo de su vida\" width=\"500\" height=\"281\" src=\"https:\/\/www.youtube.com\/embed\/wl3CLakCZmA?feature=oembed\" frameborder=\"0\" allow=\"accelerometer; autoplay; clipboard-write; encrypted-media; gyroscope; picture-in-picture; web-share\" referrerpolicy=\"strict-origin-when-cross-origin\" allowfullscreen><\/iframe><\/div>\n<\/div><\/figure>\n\n\n\n<p class=\"has-medium-font-size\"><strong>Au bout de la rue\u00a0<\/strong>(Al final del carrer)<\/p>\n\n\n\n<p>Una noia torna de festa, s&#8217;acomiada dels amics i puja el carrer cap a casa quan un home l&#8217;aborda&#8230;<\/p>\n\n\n\n<figure class=\"wp-block-embed is-type-video is-provider-youtube wp-block-embed-youtube wp-embed-aspect-16-9 wp-has-aspect-ratio\"><div class=\"wp-block-embed__wrapper\">\n<div class=\"ast-oembed-container \" style=\"height: 100%;\"><iframe loading=\"lazy\" title=\"Au bout de la rue (Court-m\u00e9trage) (Subtitles available)\" width=\"500\" height=\"281\" src=\"https:\/\/www.youtube.com\/embed\/9W7EmM9Pg38?feature=oembed\" frameborder=\"0\" allow=\"accelerometer; autoplay; clipboard-write; encrypted-media; gyroscope; picture-in-picture; web-share\" referrerpolicy=\"strict-origin-when-cross-origin\" allowfullscreen><\/iframe><\/div>\n<\/div><\/figure>\n\n\n\n<p class=\"has-medium-font-size\"><strong>Estimat papa, em diran puta<\/strong><\/p>\n\n\n\n<p>Aquest v\u00eddeo \u00e9s una carta impactant d&#8217;una filla al seu pare on exposa les desqualificacions i perills que patir\u00e0 nom\u00e9s pel fet de ser dona. Mitjan\u00e7ant situacions quotidianes, denuncia com la societat jutja la llibertat femenina i la por constant a la viol\u00e8ncia sexual.<\/p>\n\n\n\n<figure class=\"wp-block-embed is-type-video is-provider-youtube wp-block-embed-youtube wp-embed-aspect-16-9 wp-has-aspect-ratio\"><div class=\"wp-block-embed__wrapper\">\n<div class=\"ast-oembed-container \" style=\"height: 100%;\"><iframe loading=\"lazy\" title=\"Querido pap\u00e1, me van a llamar puta\" width=\"500\" height=\"281\" src=\"https:\/\/www.youtube.com\/embed\/e9fS7zbksx0?feature=oembed\" frameborder=\"0\" allow=\"accelerometer; autoplay; clipboard-write; encrypted-media; gyroscope; picture-in-picture; web-share\" referrerpolicy=\"strict-origin-when-cross-origin\" allowfullscreen><\/iframe><\/div>\n<\/div><\/figure>\n\n\n\n<p class=\"has-medium-font-size\"><strong>El feminismo contado para ni\u00f1os: &#8220;\u00c9rase una vez una lucha justa&#8221;<\/strong><\/p>\n\n\n\n<p>Que si &#8216;8-M&#8217; per aqu\u00ed, que si &#8216;feminisme&#8217; per all\u00e0&#8230; El moviment a favor dels drets i les llibertats de les dones ha crescut de manera exponencial durant els darrers anys a tot el m\u00f3n i, especialment, a Espanya. En moltes de les manifestacions que van tenir lloc des del 2016 fins al 2020, fam\u00edlies senceres van marxar per un pa\u00eds m\u00e9s feminista. Entre elles, molts menuts.<\/p>\n\n\n\n<figure class=\"wp-block-embed is-type-video is-provider-youtube wp-block-embed-youtube wp-embed-aspect-16-9 wp-has-aspect-ratio\"><div class=\"wp-block-embed__wrapper\">\n<div class=\"ast-oembed-container \" style=\"height: 100%;\"><iframe loading=\"lazy\" title=\"El feminismo contado para ni\u00f1os: &quot;\u00c9rase una vez una lucha justa&quot;\" width=\"500\" height=\"281\" src=\"https:\/\/www.youtube.com\/embed\/O5pZCwlH3tE?feature=oembed\" frameborder=\"0\" allow=\"accelerometer; autoplay; clipboard-write; encrypted-media; gyroscope; picture-in-picture; web-share\" referrerpolicy=\"strict-origin-when-cross-origin\" allowfullscreen><\/iframe><\/div>\n<\/div><\/figure>\n\n\n\n<p class=\"has-medium-font-size\"><strong>Si sembla viol\u00e8ncia masclista, \u00e9s viol\u00e8ncia masclista<\/strong><\/p>\n\n\n\n<p>La campanya &#8220;Si sembla viol\u00e8ncia masclista, \u00e9s viol\u00e8ncia masclista&#8221;, impulsada amb motiu del 25 de novembre del 2025, Dia Internacional per a l\u2019Eliminaci\u00f3 de la Viol\u00e8ncia\u202fcontra\u202fles Dones, se centra enguany en les viol\u00e8ncies masclistes digitals.\u202fAquesta forma de viol\u00e8ncia cada dia t\u00e9 m\u00e9s pres\u00e8ncia social a causa de les noves maneres de relacionar-nos.<\/p>\n\n\n\n<figure class=\"wp-block-embed is-type-video is-provider-youtube wp-block-embed-youtube wp-embed-aspect-4-3 wp-has-aspect-ratio\"><div class=\"wp-block-embed__wrapper\">\n<div class=\"ast-oembed-container \" style=\"height: 100%;\"><iframe loading=\"lazy\" title=\"Si sembla viol\u00e8ncia masclista, \u00e9s viol\u00e8ncia masclista\" width=\"500\" height=\"375\" src=\"https:\/\/www.youtube.com\/embed\/1oFslm026L0?feature=oembed\" frameborder=\"0\" allow=\"accelerometer; autoplay; clipboard-write; encrypted-media; gyroscope; picture-in-picture; web-share\" referrerpolicy=\"strict-origin-when-cross-origin\" allowfullscreen><\/iframe><\/div>\n<\/div><\/figure>\n\n\n\n<p class=\"has-medium-font-size\"><strong>Hist\u00e8riques, malfollades, culpables. La viol\u00e8ncia masclista en 24 frases<\/strong><\/p>\n\n\n\n<p>Tretze dones reprodueixen fins a 24 actituds masclistes quotidianes que poden esdevenir el germen dels feminicidis. Sent\u00e8ncies que les menystenen, les culpabilitzen, les q\u00fcestionen o banalitzen les agressions sexuals.  <\/p>\n\n\n\n<figure class=\"wp-block-embed is-type-video is-provider-youtube wp-block-embed-youtube wp-embed-aspect-16-9 wp-has-aspect-ratio\"><div class=\"wp-block-embed__wrapper\">\n<div class=\"ast-oembed-container \" style=\"height: 100%;\"><iframe loading=\"lazy\" title=\"Hist\u00e8riques, malfollades, culpables. La viol\u00e8ncia masclista en 24 frases.\" width=\"500\" height=\"281\" src=\"https:\/\/www.youtube.com\/embed\/1MAAaisoRAs?feature=oembed\" frameborder=\"0\" allow=\"accelerometer; autoplay; clipboard-write; encrypted-media; gyroscope; picture-in-picture; web-share\" referrerpolicy=\"strict-origin-when-cross-origin\" allowfullscreen><\/iframe><\/div>\n<\/div><\/figure>\n","protected":false},"excerpt":{"rendered":"<p>Un curtmetratge \u00e9s molt m\u00e9s que una hist\u00f2ria de pocs minuts; \u00e9s una finestra oberta a realitats que sovint ens passen desapercebudes. Les imatges tenen el poder de commoure\u2019ns i fer-nos reflexionar d\u2019una manera que les paraules, de vegades, no poden. En aquest espai, la Comissi\u00f3 d\u2019Igualtat hem recollit una selecci\u00f3 de\u00a0curtmetratges de conscienciaci\u00f3\u00a0dissenyats per [&hellip;]<\/p>\n","protected":false},"author":41,"featured_media":0,"parent":15839,"menu_order":0,"comment_status":"closed","ping_status":"close","template":"","meta":{"_bbp_topic_count":0,"_bbp_reply_count":0,"_bbp_total_topic_count":0,"_bbp_total_reply_count":0,"_bbp_voice_count":0,"_bbp_anonymous_reply_count":0,"_bbp_topic_count_hidden":0,"_bbp_reply_count_hidden":0,"_bbp_forum_subforum_count":0,"site-sidebar-layout":"default","site-content-layout":"","ast-site-content-layout":"default","site-content-style":"default","site-sidebar-style":"default","ast-global-header-display":"","ast-banner-title-visibility":"","ast-main-header-display":"","ast-hfb-above-header-display":"","ast-hfb-below-header-display":"","ast-hfb-mobile-header-display":"","site-post-title":"","ast-breadcrumbs-content":"","ast-featured-img":"","footer-sml-layout":"","theme-transparent-header-meta":"","adv-header-id-meta":"","stick-header-meta":"","header-above-stick-meta":"","header-main-stick-meta":"","header-below-stick-meta":"","astra-migrate-meta-layouts":"set","ast-page-background-enabled":"default","ast-page-background-meta":{"desktop":{"background-color":"var(--ast-global-color-4)","background-image":"","background-repeat":"repeat","background-position":"center center","background-size":"auto","background-attachment":"scroll","background-type":"","background-media":"","overlay-type":"","overlay-color":"","overlay-opacity":"","overlay-gradient":""},"tablet":{"background-color":"","background-image":"","background-repeat":"repeat","background-position":"center center","background-size":"auto","background-attachment":"scroll","background-type":"","background-media":"","overlay-type":"","overlay-color":"","overlay-opacity":"","overlay-gradient":""},"mobile":{"background-color":"","background-image":"","background-repeat":"repeat","background-position":"center center","background-size":"auto","background-attachment":"scroll","background-type":"","background-media":"","overlay-type":"","overlay-color":"","overlay-opacity":"","overlay-gradient":""}},"ast-content-background-meta":{"desktop":{"background-color":"var(--ast-global-color-5)","background-image":"","background-repeat":"repeat","background-position":"center center","background-size":"auto","background-attachment":"scroll","background-type":"","background-media":"","overlay-type":"","overlay-color":"","overlay-opacity":"","overlay-gradient":""},"tablet":{"background-color":"var(--ast-global-color-5)","background-image":"","background-repeat":"repeat","background-position":"center center","background-size":"auto","background-attachment":"scroll","background-type":"","background-media":"","overlay-type":"","overlay-color":"","overlay-opacity":"","overlay-gradient":""},"mobile":{"background-color":"var(--ast-global-color-5)","background-image":"","background-repeat":"repeat","background-position":"center center","background-size":"auto","background-attachment":"scroll","background-type":"","background-media":"","overlay-type":"","overlay-color":"","overlay-opacity":"","overlay-gradient":""}},"footnotes":""},"class_list":["post-16036","page","type-page","status-publish","hentry"],"post_mailing_queue_ids":[],"_links":{"self":[{"href":"https:\/\/agora.xtec.cat\/iesvallhebron\/wp-json\/wp\/v2\/pages\/16036","targetHints":{"allow":["GET"]}}],"collection":[{"href":"https:\/\/agora.xtec.cat\/iesvallhebron\/wp-json\/wp\/v2\/pages"}],"about":[{"href":"https:\/\/agora.xtec.cat\/iesvallhebron\/wp-json\/wp\/v2\/types\/page"}],"author":[{"embeddable":true,"href":"https:\/\/agora.xtec.cat\/iesvallhebron\/wp-json\/wp\/v2\/users\/41"}],"replies":[{"embeddable":true,"href":"https:\/\/agora.xtec.cat\/iesvallhebron\/wp-json\/wp\/v2\/comments?post=16036"}],"version-history":[{"count":6,"href":"https:\/\/agora.xtec.cat\/iesvallhebron\/wp-json\/wp\/v2\/pages\/16036\/revisions"}],"predecessor-version":[{"id":16043,"href":"https:\/\/agora.xtec.cat\/iesvallhebron\/wp-json\/wp\/v2\/pages\/16036\/revisions\/16043"}],"up":[{"embeddable":true,"href":"https:\/\/agora.xtec.cat\/iesvallhebron\/wp-json\/wp\/v2\/pages\/15839"}],"wp:attachment":[{"href":"https:\/\/agora.xtec.cat\/iesvallhebron\/wp-json\/wp\/v2\/media?parent=16036"}],"curies":[{"name":"wp","href":"https:\/\/api.w.org\/{rel}","templated":true}]}}