{"id":15780,"date":"2026-01-28T13:33:33","date_gmt":"2026-01-28T12:33:33","guid":{"rendered":"https:\/\/agora.xtec.cat\/iesvallhebron\/?page_id=15780"},"modified":"2026-02-20T12:22:41","modified_gmt":"2026-02-20T11:22:41","slug":"auxiliar-en-imatge-personal-estetica-pfi","status":"publish","type":"page","link":"https:\/\/agora.xtec.cat\/iesvallhebron\/estudis\/programes-de-formacio-i-insercio\/auxiliar-en-imatge-personal-estetica-pfi\/","title":{"rendered":"Auxiliar en imatge personal: est\u00e8tica"},"content":{"rendered":"\n<p class=\"has-ast-global-color-0-color has-text-color has-link-color wp-elements-fd66268966ea0a184e572fec09b86915\"><strong>En qu\u00e8 consisteix el PFI?<\/strong><\/p>\n\n\n\n<p><strong>El PFI d\u2019Auxiliar en imatge personal: est\u00e8tica<\/strong> capacita l\u2019alumnat per aplicar t\u00e8cniques b\u00e0siques de maquillatge, depilaci\u00f3, manicura i pedicura, atenent el client o clienta i preparant adequadament els equips, materials i \u00e0rees de treball, operant amb la qualitat indicada i respectant les normes de prevenci\u00f3 de riscos laborals i de protecci\u00f3 mediambiental, aix\u00ed com afavorint l\u2019assoliment de compet\u00e8ncies transversals necess\u00e0ries per a la continu\u00eftat formativa i la inserci\u00f3 al m\u00f3n laboral.<\/p>\n\n\n\n<h2 class=\"wp-block-heading has-ast-global-color-0-color has-text-color has-link-color has-medium-font-size wp-elements-913c2c50f2b5534bede31967992587fb\"><strong>Quina durada t\u00e9 el cicle formatiu?<\/strong><\/h2>\n\n\n\n<p><strong>1.000<\/strong>&nbsp;hores, distribu\u00efdes en un sol curs acad\u00e8mic, de les quals&nbsp;<strong>200<\/strong>&nbsp;hores s\u00f3n d\u2019estada a l\u2019empresa.<\/p>\n\n\n\n<p class=\"has-ast-global-color-0-color has-text-color has-link-color has-medium-font-size wp-elements-6ee31f438b4d5ccbd6e6bc96f6881419\"><strong>M\u00f2duls professionals<\/strong><\/p>\n\n\n\n<figure class=\"wp-block-image alignleft size-full is-resized\"><img loading=\"lazy\" decoding=\"async\" width=\"813\" height=\"295\" src=\"https:\/\/agora.xtec.cat\/iesvallhebron\/wp-content\/uploads\/usu893\/2026\/02\/PFI-auxiliar-dimatge-personal-moduls-professionals.png\" alt=\"\" class=\"wp-image-15865\" style=\"width:712px;height:auto\" srcset=\"https:\/\/agora.xtec.cat\/iesvallhebron\/wp-content\/uploads\/usu893\/2026\/02\/PFI-auxiliar-dimatge-personal-moduls-professionals.png 813w, https:\/\/agora.xtec.cat\/iesvallhebron\/wp-content\/uploads\/usu893\/2026\/02\/PFI-auxiliar-dimatge-personal-moduls-professionals-300x109.png 300w, https:\/\/agora.xtec.cat\/iesvallhebron\/wp-content\/uploads\/usu893\/2026\/02\/PFI-auxiliar-dimatge-personal-moduls-professionals-768x279.png 768w\" sizes=\"auto, (max-width: 813px) 100vw, 813px\" \/><\/figure>\n\n\n\n<div style=\"height:18px\" aria-hidden=\"true\" class=\"wp-block-spacer\"><\/div>\n\n\n\n<figure class=\"wp-block-image alignleft size-full is-resized\"><img loading=\"lazy\" decoding=\"async\" width=\"810\" height=\"214\" src=\"https:\/\/agora.xtec.cat\/iesvallhebron\/wp-content\/uploads\/usu893\/2026\/02\/PFI-auxiliar-dimatge-personal-moduls-generals.png\" alt=\"\" class=\"wp-image-15866\" style=\"width:711px;height:auto\" srcset=\"https:\/\/agora.xtec.cat\/iesvallhebron\/wp-content\/uploads\/usu893\/2026\/02\/PFI-auxiliar-dimatge-personal-moduls-generals.png 810w, https:\/\/agora.xtec.cat\/iesvallhebron\/wp-content\/uploads\/usu893\/2026\/02\/PFI-auxiliar-dimatge-personal-moduls-generals-300x79.png 300w, https:\/\/agora.xtec.cat\/iesvallhebron\/wp-content\/uploads\/usu893\/2026\/02\/PFI-auxiliar-dimatge-personal-moduls-generals-768x203.png 768w\" sizes=\"auto, (max-width: 810px) 100vw, 810px\" \/><\/figure>\n\n\n\n<div style=\"height:56px\" aria-hidden=\"true\" class=\"wp-block-spacer\"><\/div>\n\n\n\n<p class=\"has-ast-global-color-0-color has-text-color has-link-color has-medium-font-size wp-elements-e48bed19d311a766506519b9288587b3\"><strong>Metodologia de treball<\/strong><\/p>\n\n\n\n<p>Al <strong>PFI d\u2019Auxiliar en imatge personal: est\u00e8tica<\/strong>, l\u2019alumnat apr\u00e8n a realitzar maquillatges de dia, de nit i de fantasia, aix\u00ed com manicura, pedicura, depilaci\u00f3 amb cera i decoloraci\u00f3 del borrissol.<br><br>A trav\u00e9s d\u2019una metodologia pr\u00e0ctica, es treballa l\u2019atenci\u00f3 correcta al client o clienta, el coneixement dels riscos existents al m\u00f3n laboral i l\u2019aprenentatge en un entorn real de treball mitjan\u00e7ant tallers amb atenci\u00f3 a p\u00fablic real.<br><br>L\u2019institut disposa de tallers equipats per a cada m\u00f2dul, on es desenvolupa principalment la part pr\u00e0ctica de la formaci\u00f3.<\/p>\n\n\n\n<p class=\"has-ast-global-color-0-color has-text-color has-link-color wp-elements-334e34f83017dd7c575c3e299eb467e6\"><strong>Quines sortides professionals tens amb el PFI?<\/strong><\/p>\n\n\n\n<ul class=\"wp-block-list\">\n<li>Ajudant de manicura i pedicura<\/li>\n\n\n\n<li>Ajudant de maquillatge<\/li>\n\n\n\n<li>Auxiliar de depilaci\u00f3<\/li>\n<\/ul>\n\n\n\n<p class=\"has-ast-global-color-0-color has-text-color has-link-color has-medium-font-size wp-elements-2888f5b38ab8300ffddd70690019e510\"><strong>On pots treballar?<\/strong><\/p>\n\n\n\n<ul class=\"wp-block-list\">\n<li>Centres d\u2019est\u00e8tica i bellesa<\/li>\n\n\n\n<li>Salons d\u2019imatge personal<\/li>\n\n\n\n<li>Balnearis i spas<\/li>\n\n\n\n<li>Hotels amb servei de perruqueria o est\u00e8tica<\/li>\n\n\n\n<li>Resid\u00e8ncies (gent gran o centres assistencials amb serveis d\u2019imatge personal)<\/li>\n\n\n\n<li>Cl\u00edniques o centres de benestar que ofereixin serveis est\u00e8tics<\/li>\n<\/ul>\n\n\n\n<h3 class=\"wp-block-heading has-ast-global-color-0-color has-text-color has-link-color has-medium-font-size wp-elements-586e19d075108bfed571e3d2a65da02f\"><strong>Com accedir-hi?<\/strong><\/h3>\n\n\n\n<ul class=\"wp-block-list\">\n<li><strong>Requisits:<\/strong>\n<ul class=\"wp-block-list\">\n<li>Tenir <strong>entre 16 i 21 anys<\/strong> (complerts o que es compleixin durant l\u2019any d\u2019inici).<\/li>\n\n\n\n<li><strong>No haver obtingut el t\u00edtol d\u2019ESO<\/strong>.<\/li>\n\n\n\n<li>Superar una <strong>entrevista <\/strong> per part del centre.<\/li>\n<\/ul>\n<\/li>\n<\/ul>\n","protected":false},"excerpt":{"rendered":"<p>En qu\u00e8 consisteix el PFI? El PFI d\u2019Auxiliar en imatge personal: est\u00e8tica capacita l\u2019alumnat per aplicar t\u00e8cniques b\u00e0siques de maquillatge, depilaci\u00f3, manicura i pedicura, atenent el client o clienta i preparant adequadament els equips, materials i \u00e0rees de treball, operant amb la qualitat indicada i respectant les normes de prevenci\u00f3 de riscos laborals i de [&hellip;]<\/p>\n","protected":false},"author":41,"featured_media":0,"parent":1011,"menu_order":3,"comment_status":"closed","ping_status":"closed","template":"","meta":{"_bbp_topic_count":0,"_bbp_reply_count":0,"_bbp_total_topic_count":0,"_bbp_total_reply_count":0,"_bbp_voice_count":0,"_bbp_anonymous_reply_count":0,"_bbp_topic_count_hidden":0,"_bbp_reply_count_hidden":0,"_bbp_forum_subforum_count":0,"site-sidebar-layout":"default","site-content-layout":"","ast-site-content-layout":"default","site-content-style":"default","site-sidebar-style":"default","ast-global-header-display":"","ast-banner-title-visibility":"","ast-main-header-display":"","ast-hfb-above-header-display":"","ast-hfb-below-header-display":"","ast-hfb-mobile-header-display":"","site-post-title":"","ast-breadcrumbs-content":"","ast-featured-img":"","footer-sml-layout":"","theme-transparent-header-meta":"","adv-header-id-meta":"","stick-header-meta":"","header-above-stick-meta":"","header-main-stick-meta":"","header-below-stick-meta":"","astra-migrate-meta-layouts":"set","ast-page-background-enabled":"default","ast-page-background-meta":{"desktop":{"background-color":"var(--ast-global-color-4)","background-image":"","background-repeat":"repeat","background-position":"center center","background-size":"auto","background-attachment":"scroll","background-type":"","background-media":"","overlay-type":"","overlay-color":"","overlay-opacity":"","overlay-gradient":""},"tablet":{"background-color":"","background-image":"","background-repeat":"repeat","background-position":"center center","background-size":"auto","background-attachment":"scroll","background-type":"","background-media":"","overlay-type":"","overlay-color":"","overlay-opacity":"","overlay-gradient":""},"mobile":{"background-color":"","background-image":"","background-repeat":"repeat","background-position":"center center","background-size":"auto","background-attachment":"scroll","background-type":"","background-media":"","overlay-type":"","overlay-color":"","overlay-opacity":"","overlay-gradient":""}},"ast-content-background-meta":{"desktop":{"background-color":"var(--ast-global-color-5)","background-image":"","background-repeat":"repeat","background-position":"center center","background-size":"auto","background-attachment":"scroll","background-type":"","background-media":"","overlay-type":"","overlay-color":"","overlay-opacity":"","overlay-gradient":""},"tablet":{"background-color":"var(--ast-global-color-5)","background-image":"","background-repeat":"repeat","background-position":"center center","background-size":"auto","background-attachment":"scroll","background-type":"","background-media":"","overlay-type":"","overlay-color":"","overlay-opacity":"","overlay-gradient":""},"mobile":{"background-color":"var(--ast-global-color-5)","background-image":"","background-repeat":"repeat","background-position":"center center","background-size":"auto","background-attachment":"scroll","background-type":"","background-media":"","overlay-type":"","overlay-color":"","overlay-opacity":"","overlay-gradient":""}},"footnotes":""},"class_list":["post-15780","page","type-page","status-publish","hentry"],"post_mailing_queue_ids":[],"_links":{"self":[{"href":"https:\/\/agora.xtec.cat\/iesvallhebron\/wp-json\/wp\/v2\/pages\/15780","targetHints":{"allow":["GET"]}}],"collection":[{"href":"https:\/\/agora.xtec.cat\/iesvallhebron\/wp-json\/wp\/v2\/pages"}],"about":[{"href":"https:\/\/agora.xtec.cat\/iesvallhebron\/wp-json\/wp\/v2\/types\/page"}],"author":[{"embeddable":true,"href":"https:\/\/agora.xtec.cat\/iesvallhebron\/wp-json\/wp\/v2\/users\/41"}],"replies":[{"embeddable":true,"href":"https:\/\/agora.xtec.cat\/iesvallhebron\/wp-json\/wp\/v2\/comments?post=15780"}],"version-history":[{"count":5,"href":"https:\/\/agora.xtec.cat\/iesvallhebron\/wp-json\/wp\/v2\/pages\/15780\/revisions"}],"predecessor-version":[{"id":15950,"href":"https:\/\/agora.xtec.cat\/iesvallhebron\/wp-json\/wp\/v2\/pages\/15780\/revisions\/15950"}],"up":[{"embeddable":true,"href":"https:\/\/agora.xtec.cat\/iesvallhebron\/wp-json\/wp\/v2\/pages\/1011"}],"wp:attachment":[{"href":"https:\/\/agora.xtec.cat\/iesvallhebron\/wp-json\/wp\/v2\/media?parent=15780"}],"curies":[{"name":"wp","href":"https:\/\/api.w.org\/{rel}","templated":true}]}}

Auxiliar en imatge personal: estètica

<p class="has-ast-global-color-0-color has-text-color has-link-color wp-elements-fd66268966ea0a184e572fec09b86915"><strong>En què consisteix el PFI?</strong></p>



<p><strong>El PFI d’Auxiliar en imatge personal: estètica</strong> capacita l’alumnat per aplicar tècniques bàsiques de maquillatge, depilació, manicura i pedicura, atenent el client o clienta i preparant adequadament els equips, materials i àrees de treball, operant amb la qualitat indicada i respectant les normes de prevenció de riscos laborals i de protecció mediambiental, així com afavorint l’assoliment de competències transversals necessàries per a la continuïtat formativa i la inserció al món laboral.</p>



<h2 class="wp-block-heading has-ast-global-color-0-color has-text-color has-link-color has-medium-font-size wp-elements-913c2c50f2b5534bede31967992587fb"><strong>Quina durada té el cicle formatiu?</strong></h2>



<p><strong>1.000</strong>&nbsp;hores, distribuïdes en un sol curs acadèmic, de les quals&nbsp;<strong>200</strong>&nbsp;hores són d’estada a l’empresa.</p>



<p class="has-ast-global-color-0-color has-text-color has-link-color has-medium-font-size wp-elements-6ee31f438b4d5ccbd6e6bc96f6881419"><strong>Mòduls professionals</strong></p>



<figure class="wp-block-image alignleft size-full is-resized"><img loading="lazy" decoding="async" width="813" height="295" src="https://agora.xtec.cat/iesvallhebron/wp-content/uploads/usu893/2026/02/PFI-auxiliar-dimatge-personal-moduls-professionals.png" alt="" class="wp-image-15865" style="width:712px;height:auto" srcset="https://agora.xtec.cat/iesvallhebron/wp-content/uploads/usu893/2026/02/PFI-auxiliar-dimatge-personal-moduls-professionals.png 813w, https://agora.xtec.cat/iesvallhebron/wp-content/uploads/usu893/2026/02/PFI-auxiliar-dimatge-personal-moduls-professionals-300x109.png 300w, https://agora.xtec.cat/iesvallhebron/wp-content/uploads/usu893/2026/02/PFI-auxiliar-dimatge-personal-moduls-professionals-768x279.png 768w" sizes="auto, (max-width: 813px) 100vw, 813px" /></figure>



<div style="height:18px" aria-hidden="true" class="wp-block-spacer"></div>



<figure class="wp-block-image alignleft size-full is-resized"><img loading="lazy" decoding="async" width="810" height="214" src="https://agora.xtec.cat/iesvallhebron/wp-content/uploads/usu893/2026/02/PFI-auxiliar-dimatge-personal-moduls-generals.png" alt="" class="wp-image-15866" style="width:711px;height:auto" srcset="https://agora.xtec.cat/iesvallhebron/wp-content/uploads/usu893/2026/02/PFI-auxiliar-dimatge-personal-moduls-generals.png 810w, https://agora.xtec.cat/iesvallhebron/wp-content/uploads/usu893/2026/02/PFI-auxiliar-dimatge-personal-moduls-generals-300x79.png 300w, https://agora.xtec.cat/iesvallhebron/wp-content/uploads/usu893/2026/02/PFI-auxiliar-dimatge-personal-moduls-generals-768x203.png 768w" sizes="auto, (max-width: 810px) 100vw, 810px" /></figure>



<div style="height:56px" aria-hidden="true" class="wp-block-spacer"></div>



<p class="has-ast-global-color-0-color has-text-color has-link-color has-medium-font-size wp-elements-e48bed19d311a766506519b9288587b3"><strong>Metodologia de treball</strong></p>



<p>Al <strong>PFI d’Auxiliar en imatge personal: estètica</strong>, l’alumnat aprèn a realitzar maquillatges de dia, de nit i de fantasia, així com manicura, pedicura, depilació amb cera i decoloració del borrissol.<br><br>A través d’una metodologia pràctica, es treballa l’atenció correcta al client o clienta, el coneixement dels riscos existents al món laboral i l’aprenentatge en un entorn real de treball mitjançant tallers amb atenció a públic real.<br><br>L’institut disposa de tallers equipats per a cada mòdul, on es desenvolupa principalment la part pràctica de la formació.</p>



<p class="has-ast-global-color-0-color has-text-color has-link-color wp-elements-334e34f83017dd7c575c3e299eb467e6"><strong>Quines sortides professionals tens amb el PFI?</strong></p>



<ul class="wp-block-list">
<li>Ajudant de manicura i pedicura</li>



<li>Ajudant de maquillatge</li>



<li>Auxiliar de depilació</li>
</ul>



<p class="has-ast-global-color-0-color has-text-color has-link-color has-medium-font-size wp-elements-2888f5b38ab8300ffddd70690019e510"><strong>On pots treballar?</strong></p>



<ul class="wp-block-list">
<li>Centres d’estètica i bellesa</li>



<li>Salons d’imatge personal</li>



<li>Balnearis i spas</li>



<li>Hotels amb servei de perruqueria o estètica</li>



<li>Residències (gent gran o centres assistencials amb serveis d’imatge personal)</li>



<li>Clíniques o centres de benestar que ofereixin serveis estètics</li>
</ul>



<h3 class="wp-block-heading has-ast-global-color-0-color has-text-color has-link-color has-medium-font-size wp-elements-586e19d075108bfed571e3d2a65da02f"><strong>Com accedir-hi?</strong></h3>



<ul class="wp-block-list">
<li><strong>Requisits:</strong>
<ul class="wp-block-list">
<li>Tenir <strong>entre 16 i 21 anys</strong> (complerts o que es compleixin durant l’any d’inici).</li>



<li><strong>No haver obtingut el títol d’ESO</strong>.</li>



<li>Superar una <strong>entrevista </strong> per part del centre.</li>
</ul>
</li>
</ul>

<p>En què consisteix el PFI? El PFI d’Auxiliar en imatge personal: estètica capacita l’alumnat per aplicar tècniques bàsiques de maquillatge, depilació, manicura i pedicura, atenent el client o clienta i preparant adequadament els equips, materials i àrees de treball, operant amb la qualitat indicada i respectant les normes de prevenció de riscos laborals i de [&hellip;]</p>
