{"id":15563,"date":"2025-11-24T12:23:26","date_gmt":"2025-11-24T11:23:26","guid":{"rendered":"https:\/\/agora.xtec.cat\/iesvallhebron\/?page_id=15563"},"modified":"2025-11-25T11:36:58","modified_gmt":"2025-11-25T10:36:58","slug":"organigrama","status":"publish","type":"page","link":"https:\/\/agora.xtec.cat\/iesvallhebron\/linstitut\/organitzacio-del-centre\/organigrama\/","title":{"rendered":"Organigrama\u00a0"},"content":{"rendered":"\n<div style=\"height:46px\" aria-hidden=\"true\" class=\"wp-block-spacer\"><\/div>\n\n\n\n<figure class=\"wp-block-image aligncenter size-large\"><a href=\"https:\/\/agora.xtec.cat\/iesvallhebron\/wp-content\/uploads\/usu893\/2025\/11\/Organigrama-INS-Vall-dHebron_20251112_225957_0000.png\"><img loading=\"lazy\" decoding=\"async\" width=\"1024\" height=\"724\" src=\"https:\/\/agora.xtec.cat\/iesvallhebron\/wp-content\/uploads\/usu893\/2025\/11\/Organigrama-INS-Vall-dHebron_20251112_225957_0000-1024x724.png\" alt=\"Organigrama del centre\" class=\"wp-image-15564\" srcset=\"https:\/\/agora.xtec.cat\/iesvallhebron\/wp-content\/uploads\/usu893\/2025\/11\/Organigrama-INS-Vall-dHebron_20251112_225957_0000-1024x724.png 1024w, https:\/\/agora.xtec.cat\/iesvallhebron\/wp-content\/uploads\/usu893\/2025\/11\/Organigrama-INS-Vall-dHebron_20251112_225957_0000-300x212.png 300w, https:\/\/agora.xtec.cat\/iesvallhebron\/wp-content\/uploads\/usu893\/2025\/11\/Organigrama-INS-Vall-dHebron_20251112_225957_0000-768x543.png 768w, https:\/\/agora.xtec.cat\/iesvallhebron\/wp-content\/uploads\/usu893\/2025\/11\/Organigrama-INS-Vall-dHebron_20251112_225957_0000-1536x1086.png 1536w, https:\/\/agora.xtec.cat\/iesvallhebron\/wp-content\/uploads\/usu893\/2025\/11\/Organigrama-INS-Vall-dHebron_20251112_225957_0000.png 2000w\" sizes=\"auto, (max-width: 1024px) 100vw, 1024px\" \/><\/a><\/figure>\n\n\n\n<div style=\"height:58px\" aria-hidden=\"true\" class=\"wp-block-spacer\"><\/div>\n\n\n\n<p><strong>Organitzaci\u00f3 interna<\/strong><\/p>\n\n\n\n<p class=\"has-luminous-vivid-orange-color has-text-color has-link-color wp-elements-0580a6c10bcb79f446e0ad6a9cd32c26\">EQUIP DIRECTIU<\/p>\n\n\n\n<div class=\"wp-block-getwid-accordion has-icon-left\" data-active-element=\"none\">\n<div class=\"wp-block-getwid-accordion__header-wrapper\"><span class=\"wp-block-getwid-accordion__header\"><a href=\"#\"><span class=\"wp-block-getwid-accordion__header-title\"><strong>Director<\/strong>: Jordi Comellas<\/span><span class=\"wp-block-getwid-accordion__icon is-active\"><i class=\"fas fa-plus\"><\/i><\/span><span class=\"wp-block-getwid-accordion__icon is-passive\"><i class=\"fas fa-minus\"><\/i><\/span><\/a><\/span><\/div><div class=\"wp-block-getwid-accordion__content-wrapper\"><div class=\"wp-block-getwid-accordion__content\">\n<p>Llicenciat i doctor en Ci\u00e8ncies F\u00edsiques, compta tamb\u00e9 amb el Diploma d\u2019Estudis Avan\u00e7ats en Did\u00e0ctica de les Matem\u00e0tiques.&nbsp;&nbsp;<\/p>\n\n\n\n<p>Va treballar com a professor associat i professor ajudant a la Universitat de Barcelona i, des de 1998, pertany al cos de Professors d\u2019Ensenyament Secundari en l\u2019especialitat de matem\u00e0tiques.Al llarg de la seva carrera ha desenvolupat diverses funcions en diferents centres educatius \u2014tutor, cap de departament i coordinador digital\u2014 i va exercir com a secretari de l\u2019Institut Vall d\u2019Hebron entre els anys 2014 i 2024. Des del 2024 n\u2019\u00e9s el director.Ha estat president de l\u2019Associaci\u00f3 de Professors i Mestres de Matem\u00e0tiques (APaMMs), coordinador de la revista d\u2019educaci\u00f3 matem\u00e0tica&nbsp;<em>Biaix<\/em>, coordinador a Catalunya de l\u2019Olimp\u00edada de Matem\u00e0tiques de 2n d\u2019ESO i&nbsp;<em>Secretario de Actividades con Alumnos<\/em>&nbsp;de la Federaci\u00f3n Espa\u00f1ola de Sociedades de Profesores de Matem\u00e1ticas (FESPM).&nbsp; Ha format part del grup de formaci\u00f3 de formadors de matem\u00e0tiques de l\u2019ICE de la UAB i ha estat formador del Programa d\u2019Inform\u00e0tica Educativa i del Programa d\u2019Educaci\u00f3 en Mitjans Audiovisuals del Departament d\u2019Educaci\u00f3. Tamb\u00e9 ha participat com a formador de matem\u00e0tiques en el programa de Pr\u00e0ctica Reflexiva, destinat a capacitar docents en l\u2019\u00fas de metodologies d\u2019investigaci\u00f3 educativa dins l\u2019aula per millorar la pr\u00e0ctica docent.\u00c9s autor de diversos articles cient\u00edfics en l\u2019\u00e0mbit de la f\u00edsica de part\u00edcules i de la did\u00e0ctica de les matem\u00e0tiques, aix\u00ed com de materials per a l\u2019alumnat i publicacions de divulgaci\u00f3. Destaca la seva participaci\u00f3 en el llibre&nbsp;<em>El curr\u00edculum de matem\u00e1ticas en el siglo XXI<\/em>, de l\u2019editorial Gra\u00f3, en qu\u00e8 \u00e9s autor del cap\u00edtol dedicat al batxillerat.&nbsp;&nbsp;<\/p>\n<\/div><\/div>\n\n\n\n<div class=\"wp-block-getwid-accordion__header-wrapper\"><span class=\"wp-block-getwid-accordion__header\"><a href=\"#\"><span class=\"wp-block-getwid-accordion__header-title\"><strong><strong>Cap d\u2019Estudis<\/strong><\/strong>: Neus Podlewski<\/span><span class=\"wp-block-getwid-accordion__icon is-active\"><i class=\"fas fa-plus\"><\/i><\/span><span class=\"wp-block-getwid-accordion__icon is-passive\"><i class=\"fas fa-minus\"><\/i><\/span><\/a><\/span><\/div><div class=\"wp-block-getwid-accordion__content-wrapper\"><div class=\"wp-block-getwid-accordion__content\">\n<p>Titulada en el cicle formatiu de grau superior d\u2019Est\u00e8tica Integral i Benestar i en el cicle formatiu de grau mitj\u00e0 de Caracteritzaci\u00f3 i Maquillatge Professional. Ha ampliat la seva formaci\u00f3 amb estudis d\u2019oncoest\u00e8tica.<\/p>\n\n\n\n<p>Amb m\u00e9s de deu anys d\u2019experi\u00e8ncia com a docent de Formaci\u00f3 Professional, ha exercit com a tutora durant cinc cursos. Ha estat coordinadora pedag\u00f2gica durant tres anys i va assumir el c\u00e0rrec de cap d\u2019estudis el curs passat. Enguany enceta el seu segon curs en aquest c\u00e0rrec.<\/p>\n<\/div><\/div>\n\n\n\n<div class=\"wp-block-getwid-accordion__header-wrapper\"><span class=\"wp-block-getwid-accordion__header\"><a href=\"#\"><span class=\"wp-block-getwid-accordion__header-title\"><strong> Cap d\u2019Estudis Adjunta<\/strong>: M\u00f2nica Infante<\/span><span class=\"wp-block-getwid-accordion__icon is-active\"><i class=\"fas fa-plus\"><\/i><\/span><span class=\"wp-block-getwid-accordion__icon is-passive\"><i class=\"fas fa-minus\"><\/i><\/span><\/a><\/span><\/div><div class=\"wp-block-getwid-accordion__content-wrapper\"><div class=\"wp-block-getwid-accordion__content\">\n<p>Graduada en Biologia per la Universitat de Girona, ha completat el M\u00e0ster Universitari en Formaci\u00f3 del Professorat d\u2019Educaci\u00f3 Secund\u00e0ria. Compta amb una traject\u00f2ria de sis anys com a docent, principalment en cicles formatius de la fam\u00edlia professional d\u2019Imatge Personal.<\/p>\n\n\n\n<p>Ha exercit com a tutora de diversos grups durant quatre cursos, impartint doc\u00e8ncia tant a cicles de grau mitj\u00e0 com de grau superior.<\/p>\n\n\n\n<p>Aquest \u00e9s el seu segon curs exercint el c\u00e0rrec de cap d\u2019estudis adjunta.<\/p>\n<\/div><\/div>\n\n\n\n<div class=\"wp-block-getwid-accordion__header-wrapper\"><span class=\"wp-block-getwid-accordion__header\"><a href=\"#\"><span class=\"wp-block-getwid-accordion__header-title\"><strong>Secret\u00e0ria<\/strong>: Clara Borrull<\/span><span class=\"wp-block-getwid-accordion__icon is-active\"><i class=\"fas fa-plus\"><\/i><\/span><span class=\"wp-block-getwid-accordion__icon is-passive\"><i class=\"fas fa-minus\"><\/i><\/span><\/a><\/span><\/div><div class=\"wp-block-getwid-accordion__content-wrapper\"><div class=\"wp-block-getwid-accordion__content\">\n<p>Graduada en Ci\u00e8ncies Ambientals per la Universitat de Barcelona, ha cursat el M\u00e0ster en Formaci\u00f3 del Professorat d\u2019Educaci\u00f3 Secund\u00e0ria i Formaci\u00f3 Professional en l\u2019especialitat de Biologia i Geologia a la Universitat Aut\u00f2noma de Barcelona. Ha ampliat la seva formaci\u00f3 amb un M\u00e0ster en Estilisme i Comunicaci\u00f3 de Moda a l\u2019Idep Barcelona.<\/p>\n\n\n\n<p>Amb una traject\u00f2ria de nou anys com a docent de la fam\u00edlia professional d\u2019Imatge Personal, ha exercit com a tutora en tres cursos i ha estat coordinadora digital del centre.<\/p>\n<\/div><\/div>\n\n\n\n<div class=\"wp-block-getwid-accordion__header-wrapper\"><span class=\"wp-block-getwid-accordion__header\"><a href=\"#\"><span class=\"wp-block-getwid-accordion__header-title\"><strong>Coordinadora pedag\u00f2gica<\/strong>: Maria Aparisi<\/span><span class=\"wp-block-getwid-accordion__icon is-active\"><i class=\"fas fa-plus\"><\/i><\/span><span class=\"wp-block-getwid-accordion__icon is-passive\"><i class=\"fas fa-minus\"><\/i><\/span><\/a><\/span><\/div><div class=\"wp-block-getwid-accordion__content-wrapper\"><div class=\"wp-block-getwid-accordion__content\">\n<p>Llicenciada en Ci\u00e8ncies de l\u2019Activitat F\u00edsica i de l\u2019Esport i Mestra en l\u2019especialitat d\u2019Educaci\u00f3 F\u00edsica. La seva formaci\u00f3 es complementa amb el M\u00e0ster Universitari en Formaci\u00f3 del Professorat d\u2019Educaci\u00f3 Secund\u00e0ria, Batxillerat, Formaci\u00f3 Professional i Ensenyaments d\u2019Idiomes, en l\u2019especialitat d\u2019Educaci\u00f3 F\u00edsica, aix\u00ed com amb el M\u00e0ster Universitari en Direcci\u00f3 i Gesti\u00f3 de Centres Educatius. Acumula 13 anys d\u2019experi\u00e8ncia docent, en els quals ha desenvolupat diversos c\u00e0rrecs i responsabilitats, tant en centres educatius com exercint de t\u00e8cnica docent als Serveis Educatius. Aquest \u00e9s el tercer curs en qu\u00e8 exerceix com a coordinadora pedag\u00f2gica.<\/p>\n<\/div><\/div>\n<\/div>\n\n\n\n<p class=\"has-black-color has-text-color has-link-color wp-elements-9ac00cf961d1ea846fe5a532228b76c6\"><\/p>\n\n\n\n<p class=\"has-luminous-vivid-orange-color has-text-color has-link-color wp-elements-cb92c3e94db6c476cfac9e68d10be1be\">EQUIP DE COORDINACI\u00d3 I PAS<\/p>\n\n\n\n<p class=\"has-black-color has-text-color has-link-color wp-elements-d6068b99720fba364f2df9a1533ece8a\">Secretaria i consergeria:<br><strong>Consergeria<\/strong>:<br>Pilar Rubio i Carolina Cuello<br><strong>Secretaria<\/strong><br>S\u00f2nia Sausor, Enrica Arnabat i S\u00edlvia Asc\u00f3<\/p>\n\n\n\n<p class=\"has-luminous-vivid-orange-color has-text-color has-link-color wp-elements-29a5c590df2a4eabc1dc87a131cc4d82\">COORDINACIONS DE NIVELL<\/p>\n\n\n\n<p><strong>Coordinaci\u00f3 PFI i CFGB: <\/strong>Emma Soriano<br><strong>Coordinaci\u00f3 GM AFE: <\/strong>Susana Carrera<br><strong>Coordinaci\u00f3 GM Perruqueria, GS Estilisme i GS Assessoria d&#8217;imatge personal: <\/strong>Irene Cid<br><strong>Coordinaci\u00f3 GM Est\u00e8tica i bellesa i GS Benestar: <\/strong>Elisabet Francisco<br><strong>Coordinaci\u00f3 GM Est\u00e8tica i bellesa i GS Caracteritzaci\u00f3: <\/strong>Maria Macian<br><strong>Coordinaci\u00f3 GS AFE: <\/strong>Marta Pol<br><strong>Coordinaci\u00f3 ESO &#8211; Batxillerat: <\/strong>Maria Manresa<\/p>\n\n\n\n<p class=\"has-luminous-vivid-orange-color has-text-color has-link-color wp-elements-083d130dbe49343f9b96a3f7008cca76\">RESPONSABLES D&#8217;ESPECIALITAT<\/p>\n\n\n\n<p><strong>Est\u00e8tica: <\/strong>Eli Francisco<br><strong>Perruqueria<\/strong>: Irene Cid<br><strong>Assessoria i processos d\u2019imatge personal:<\/strong> N\u00faria Mart\u00ednez<br><strong>AFE: <\/strong>Susana Carrera<br><strong>Lleng\u00fces estrangeres: <\/strong>\u00d2scar Aribau<br><strong>FOL: <\/strong>Raquel Mestre<br><strong>M\u00f2duls generals PFI:<\/strong> Loli Due\u00f1as<br><strong>Lletres: <\/strong>Esther Puente<br><strong>Ci\u00e8ncies: <\/strong>Cristina Reig<br><strong>Orientaci\u00f3: <\/strong>Maria Aparisi<\/p>\n\n\n\n<p class=\"has-luminous-vivid-orange-color has-text-color has-link-color wp-elements-9d304ca3f790eb976c64d913c50809ea\">CAPS DE TALLER<\/p>\n\n\n\n<p><strong>Est\u00e8tica: <\/strong>Gemma Pujad\u00f3<br><strong>Perruqueria:<\/strong> Marta Tom\u00e1s<br><strong>AFE: <\/strong>Quique de la Hoz<br><strong>Laboratori: <\/strong>N\u00faria Mart\u00ednez<\/p>\n\n\n\n<p class=\"has-luminous-vivid-orange-color has-text-color has-link-color wp-elements-41f2235ba350d1db4da2f2155e8b4242\">COORDINACIONS DE CENTRE<\/p>\n\n\n\n<p><strong>Coordinaci\u00f3 de Qualitat i Millora Cont\u00ednua: <\/strong>Georgina Vila<br><strong>Coordinaci\u00f3 digital: <\/strong>Sonia Coronado<br><strong>Coordinaci\u00f3 Dual: <\/strong>Santi Juanmiquel<br><strong>Coordinaci\u00f3 de Prevenci\u00f3 de Riscos Laborals: <\/strong>Anabel Cuadrado<br><strong>Coordinaci\u00f3 d\u2019Activitats l\u00fadiques:<\/strong> \u00d2scar Aribau<br><strong>Coordinaci\u00f3 de Viatges: <\/strong>\u00c0ngels Vall\u00e8s i Minerva Navarrete<br><strong>Coordinaci\u00f3 Emprenedoria: <\/strong>Adri\u00e0 Puig<br><strong>Coordinaci\u00f3 Mobilitat Internacional: <\/strong>Dani Dav\u00ed<br><strong>Refor\u00e7 Mobilitat internacional AFE:<\/strong> Alegria Marsal<br><strong>Refor\u00e7 Mobilitat internacional IP:<\/strong> Esther Alonso<br><strong>Coordinaci\u00f3 Pr\u00e0cticum:<\/strong> Mary Bienvenido<br><strong>Coordinaci\u00f3 Manteniment:<\/strong> Jordi Prado<br><strong>Coordinaci\u00f3 COCOBE<\/strong>: Margarida Gom\u00e0<br><strong>Coordinaci\u00f3 LIC<\/strong>: Esther Puente<br><strong>Sostenibilitat: <\/strong>Gemma Balasch<br><strong>Coordinaci\u00f3 web: <\/strong>Laura Salas<br><strong>Xarxes socials AFE: <\/strong>Jaume Arija i Ricard Dom\u00e8nech<br><strong>Xarxes socials IP:<\/strong> Laia Bautista<\/p>\n","protected":false},"excerpt":{"rendered":"<p>Organitzaci\u00f3 interna EQUIP DIRECTIU EQUIP DE COORDINACI\u00d3 I PAS Secretaria i consergeria:Consergeria:Pilar Rubio i Carolina CuelloSecretariaS\u00f2nia Sausor, Enrica Arnabat i S\u00edlvia Asc\u00f3 COORDINACIONS DE NIVELL Coordinaci\u00f3 PFI i CFGB: Emma SorianoCoordinaci\u00f3 GM AFE: Susana CarreraCoordinaci\u00f3 GM Perruqueria, GS Estilisme i GS Assessoria d&#8217;imatge personal: Irene CidCoordinaci\u00f3 GM Est\u00e8tica i bellesa i GS Benestar: Elisabet FranciscoCoordinaci\u00f3 [&hellip;]<\/p>\n","protected":false},"author":41,"featured_media":0,"parent":13815,"menu_order":0,"comment_status":"closed","ping_status":"close","template":"","meta":{"_bbp_topic_count":0,"_bbp_reply_count":0,"_bbp_total_topic_count":0,"_bbp_total_reply_count":0,"_bbp_voice_count":0,"_bbp_anonymous_reply_count":0,"_bbp_topic_count_hidden":0,"_bbp_reply_count_hidden":0,"_bbp_forum_subforum_count":0,"site-sidebar-layout":"default","site-content-layout":"","ast-site-content-layout":"","site-content-style":"default","site-sidebar-style":"default","ast-global-header-display":"","ast-banner-title-visibility":"","ast-main-header-display":"","ast-hfb-above-header-display":"","ast-hfb-below-header-display":"","ast-hfb-mobile-header-display":"","site-post-title":"","ast-breadcrumbs-content":"","ast-featured-img":"","footer-sml-layout":"","theme-transparent-header-meta":"","adv-header-id-meta":"","stick-header-meta":"","header-above-stick-meta":"","header-main-stick-meta":"","header-below-stick-meta":"","astra-migrate-meta-layouts":"default","ast-page-background-enabled":"default","ast-page-background-meta":{"desktop":{"background-color":"var(--ast-global-color-4)","background-image":"","background-repeat":"repeat","background-position":"center center","background-size":"auto","background-attachment":"scroll","background-type":"","background-media":"","overlay-type":"","overlay-color":"","overlay-opacity":"","overlay-gradient":""},"tablet":{"background-color":"","background-image":"","background-repeat":"repeat","background-position":"center center","background-size":"auto","background-attachment":"scroll","background-type":"","background-media":"","overlay-type":"","overlay-color":"","overlay-opacity":"","overlay-gradient":""},"mobile":{"background-color":"","background-image":"","background-repeat":"repeat","background-position":"center center","background-size":"auto","background-attachment":"scroll","background-type":"","background-media":"","overlay-type":"","overlay-color":"","overlay-opacity":"","overlay-gradient":""}},"ast-content-background-meta":{"desktop":{"background-color":"var(--ast-global-color-5)","background-image":"","background-repeat":"repeat","background-position":"center center","background-size":"auto","background-attachment":"scroll","background-type":"","background-media":"","overlay-type":"","overlay-color":"","overlay-opacity":"","overlay-gradient":""},"tablet":{"background-color":"var(--ast-global-color-5)","background-image":"","background-repeat":"repeat","background-position":"center center","background-size":"auto","background-attachment":"scroll","background-type":"","background-media":"","overlay-type":"","overlay-color":"","overlay-opacity":"","overlay-gradient":""},"mobile":{"background-color":"var(--ast-global-color-5)","background-image":"","background-repeat":"repeat","background-position":"center center","background-size":"auto","background-attachment":"scroll","background-type":"","background-media":"","overlay-type":"","overlay-color":"","overlay-opacity":"","overlay-gradient":""}},"footnotes":""},"class_list":["post-15563","page","type-page","status-publish","hentry"],"post_mailing_queue_ids":[],"_links":{"self":[{"href":"https:\/\/agora.xtec.cat\/iesvallhebron\/wp-json\/wp\/v2\/pages\/15563","targetHints":{"allow":["GET"]}}],"collection":[{"href":"https:\/\/agora.xtec.cat\/iesvallhebron\/wp-json\/wp\/v2\/pages"}],"about":[{"href":"https:\/\/agora.xtec.cat\/iesvallhebron\/wp-json\/wp\/v2\/types\/page"}],"author":[{"embeddable":true,"href":"https:\/\/agora.xtec.cat\/iesvallhebron\/wp-json\/wp\/v2\/users\/41"}],"replies":[{"embeddable":true,"href":"https:\/\/agora.xtec.cat\/iesvallhebron\/wp-json\/wp\/v2\/comments?post=15563"}],"version-history":[{"count":6,"href":"https:\/\/agora.xtec.cat\/iesvallhebron\/wp-json\/wp\/v2\/pages\/15563\/revisions"}],"predecessor-version":[{"id":15596,"href":"https:\/\/agora.xtec.cat\/iesvallhebron\/wp-json\/wp\/v2\/pages\/15563\/revisions\/15596"}],"up":[{"embeddable":true,"href":"https:\/\/agora.xtec.cat\/iesvallhebron\/wp-json\/wp\/v2\/pages\/13815"}],"wp:attachment":[{"href":"https:\/\/agora.xtec.cat\/iesvallhebron\/wp-json\/wp\/v2\/media?parent=15563"}],"curies":[{"name":"wp","href":"https:\/\/api.w.org\/{rel}","templated":true}]}}