{"id":15151,"date":"2025-03-27T13:49:35","date_gmt":"2025-03-27T12:49:35","guid":{"rendered":"https:\/\/agora.xtec.cat\/iesvallhebron\/?page_id=15151"},"modified":"2026-02-20T11:33:32","modified_gmt":"2026-02-20T10:33:32","slug":"caracteritzacio-i-maquillatge-professional","status":"publish","type":"page","link":"https:\/\/agora.xtec.cat\/iesvallhebron\/estudis\/cicles-formatius-de-grau-superior\/caracteritzacio-i-maquillatge-professional\/","title":{"rendered":"Caracteritzaci\u00f3 i maquillatge professional"},"content":{"rendered":"\n<p class=\"has-luminous-vivid-orange-color has-text-color has-link-color has-medium-font-size wp-elements-a6040817777ef701551dc850c0099390\"><strong><strong>En qu\u00e8 consisteix el cicle?<\/strong><\/strong><\/p>\n\n\n\n<p>El <strong>Cicle Formatiu de Grau Superior en Caracteritzaci\u00f3 i Maquillatge Professional<\/strong> capacite per planificar i realitzar el muntatge de projectes de caracteritzaci\u00f3 per mitjans audiovisuals i esc\u00e8nics, aix\u00ed com dissenyar i realitzar pr\u00f2tesis, perruques i maquillatges socials, professionals i art\u00edstics, coordinant els mitjans t\u00e8cnics i humans i respectant els criteris de qualitat, seguretat, protecci\u00f3 mediambiental i disseny per a tots.&nbsp;<br><br>Qu\u00e8 aprendr\u00e0s?<\/p>\n\n\n\n<ul class=\"wp-block-list\">\n<li>Creaci\u00f3 de personatges per a cinema, teatre i televisi\u00f3.<\/li>\n\n\n\n<li>Maquillatge de fantasia, body painting i efectes especials.<\/li>\n\n\n\n<li>Disseny i aplicaci\u00f3 de pr\u00f2tesis de l\u00e0tex i silicona.<\/li>\n\n\n\n<li>Perruqueria i postissos per a caracteritzaci\u00f3.<\/li>\n\n\n\n<li>Materials i t\u00e8cniques per a fer ferides, envelliments i caracteritzacions extremes.<br><\/li>\n<\/ul>\n\n\n\n<p class=\"has-ast-global-color-0-color has-text-color has-link-color has-medium-font-size wp-elements-b4be67bd3f3fe2796ef077cdea390fa3\"><strong>Quina durada t\u00e9 el cicle formatiu?<\/strong><\/p>\n\n\n\n<p><strong>2.000 hores<\/strong>&nbsp;distribu\u00efdes en 2 cursos acad\u00e8mics, de les quals,&nbsp;<strong>515 hores<\/strong>&nbsp;d\u2019estada a l\u2019empresa.<\/p>\n\n\n\n<p class=\"has-ast-global-color-0-color has-text-color has-link-color has-medium-font-size wp-elements-6ee31f438b4d5ccbd6e6bc96f6881419\"><strong>M\u00f2duls professionals<\/strong><\/p>\n\n\n\n<p>Detall dels m\u00f2duls que formen part del cicle formatiu, amb indicaci\u00f3 de les hores totals de cadascun, diferenciant els m\u00f2duls de primer curs i els de segon curs.<\/p>\n\n\n\n<figure class=\"wp-block-image alignleft size-full is-resized\"><img loading=\"lazy\" decoding=\"async\" width=\"720\" height=\"279\" src=\"https:\/\/agora.xtec.cat\/iesvallhebron\/wp-content\/uploads\/usu893\/2026\/02\/GS-Caracteritzacio-1r.png\" alt=\"\" class=\"wp-image-15903\" style=\"width:663px;height:auto\" srcset=\"https:\/\/agora.xtec.cat\/iesvallhebron\/wp-content\/uploads\/usu893\/2026\/02\/GS-Caracteritzacio-1r.png 720w, https:\/\/agora.xtec.cat\/iesvallhebron\/wp-content\/uploads\/usu893\/2026\/02\/GS-Caracteritzacio-1r-300x116.png 300w\" sizes=\"auto, (max-width: 720px) 100vw, 720px\" \/><\/figure>\n\n\n\n<div style=\"height:38px\" aria-hidden=\"true\" class=\"wp-block-spacer\"><\/div>\n\n\n\n<figure class=\"wp-block-image alignleft size-full is-resized\"><img loading=\"lazy\" decoding=\"async\" width=\"717\" height=\"306\" src=\"https:\/\/agora.xtec.cat\/iesvallhebron\/wp-content\/uploads\/usu893\/2026\/02\/GS-Caracteritzacio-2n.png\" alt=\"\" class=\"wp-image-15904\" style=\"width:658px;height:auto\" srcset=\"https:\/\/agora.xtec.cat\/iesvallhebron\/wp-content\/uploads\/usu893\/2026\/02\/GS-Caracteritzacio-2n.png 717w, https:\/\/agora.xtec.cat\/iesvallhebron\/wp-content\/uploads\/usu893\/2026\/02\/GS-Caracteritzacio-2n-300x128.png 300w\" sizes=\"auto, (max-width: 717px) 100vw, 717px\" \/><\/figure>\n\n\n\n<div style=\"height:53px\" aria-hidden=\"true\" class=\"wp-block-spacer\"><\/div>\n\n\n\n<h3 class=\"wp-block-heading has-ast-global-color-0-color has-text-color has-link-color has-medium-font-size wp-elements-5b5da64ef37f1daa5701ef092ba7309f\"><strong><strong>Metodologia de treball<\/strong><\/strong><\/h3>\n\n\n\n<p>El cicle es realitza en una aula taller equipada amb material professional i inclou pr\u00e0ctiques en projectes reals.<\/p>\n\n\n\n<h3 class=\"wp-block-heading has-ast-global-color-0-color has-text-color has-link-color has-medium-font-size wp-elements-6acddaf36e2fa56c96464fff5455f446\"><strong><strong>Quines sortides professionals tens amb el cicle?<\/strong><\/strong><\/h3>\n\n\n\n<ul class=\"wp-block-list\">\n<li>Ind\u00fastries del cinema i televisi\u00f3: maquillador\/a i caracteritzador\/a per a s\u00e8ries, pel\u00b7l\u00edcules i programes.<\/li>\n\n\n\n<li>Teatre i espectacles: creaci\u00f3 de personatges i maquillatge esc\u00e8nic.<\/li>\n\n\n\n<li>Publicitat i moda: col\u00b7laboraci\u00f3 amb fot\u00f2grafs, passarel\u00b7les i esdeveniments.<\/li>\n\n\n\n<li>Efectes especials: creaci\u00f3 de pr\u00f2tesis i maquillatge per a videojocs i animaci\u00f3.<br><\/li>\n<\/ul>\n\n\n\n<h3 class=\"wp-block-heading\"><strong>Com accedir-hi?<\/strong><\/h3>\n\n\n\n<ul class=\"wp-block-list\">\n<li><strong>Requisits:<\/strong><strong><br><\/strong>\n<ul class=\"wp-block-list\">\n<li>Batxillerat o CFGM relacionat<\/li>\n\n\n\n<li>Prova d\u2019acc\u00e9s per a majors de 19 anys (si no es compleixen els requisits acad\u00e8mics)<\/li>\n<\/ul>\n<\/li>\n<\/ul>\n\n\n\n<p>Podeu consultar la informaci\u00f3 oficial sobre els continguts del cicle en el <a href=\"https:\/\/triaeducativa.gencat.cat\/ca\/estudis\/?caracteritzacio-maquillatge-professional&amp;p_id=2051\" target=\"_blank\" rel=\"noreferrer noopener\">web del Departament d\u2019Educaci\u00f3 i Formaci\u00f3 Professional<\/a>.<\/p>\n\n\n\n<figure class=\"wp-block-gallery has-nested-images columns-default is-cropped wp-block-gallery-1 is-layout-flex wp-block-gallery-is-layout-flex\">\n<figure class=\"wp-block-image size-large\"><a href=\"https:\/\/agora.xtec.cat\/iesvallhebron\/wp-content\/uploads\/usu893\/2026\/02\/Caracteritzacio-3.jpg\"><img loading=\"lazy\" decoding=\"async\" width=\"541\" height=\"855\" data-id=\"15931\" src=\"https:\/\/agora.xtec.cat\/iesvallhebron\/wp-content\/uploads\/usu893\/2026\/02\/Caracteritzacio-3.jpg\" alt=\"\" class=\"wp-image-15931\" srcset=\"https:\/\/agora.xtec.cat\/iesvallhebron\/wp-content\/uploads\/usu893\/2026\/02\/Caracteritzacio-3.jpg 541w, https:\/\/agora.xtec.cat\/iesvallhebron\/wp-content\/uploads\/usu893\/2026\/02\/Caracteritzacio-3-190x300.jpg 190w\" sizes=\"auto, (max-width: 541px) 100vw, 541px\" \/><\/a><figcaption class=\"wp-element-caption\">Oplus_131072<\/figcaption><\/figure>\n\n\n\n<figure class=\"wp-block-image size-large\"><a href=\"https:\/\/agora.xtec.cat\/iesvallhebron\/wp-content\/uploads\/usu893\/2026\/02\/Caracteritzacio-2.jpg\"><img loading=\"lazy\" decoding=\"async\" width=\"547\" height=\"786\" data-id=\"15930\" src=\"https:\/\/agora.xtec.cat\/iesvallhebron\/wp-content\/uploads\/usu893\/2026\/02\/Caracteritzacio-2.jpg\" alt=\"\" class=\"wp-image-15930\" srcset=\"https:\/\/agora.xtec.cat\/iesvallhebron\/wp-content\/uploads\/usu893\/2026\/02\/Caracteritzacio-2.jpg 547w, https:\/\/agora.xtec.cat\/iesvallhebron\/wp-content\/uploads\/usu893\/2026\/02\/Caracteritzacio-2-209x300.jpg 209w\" sizes=\"auto, (max-width: 547px) 100vw, 547px\" \/><\/a><figcaption class=\"wp-element-caption\">Oplus_131072<\/figcaption><\/figure>\n\n\n\n<figure class=\"wp-block-image size-large\"><a href=\"https:\/\/agora.xtec.cat\/iesvallhebron\/wp-content\/uploads\/usu893\/2026\/02\/Caracteritzacio.jpg\"><img loading=\"lazy\" decoding=\"async\" width=\"696\" height=\"1024\" data-id=\"15929\" src=\"https:\/\/agora.xtec.cat\/iesvallhebron\/wp-content\/uploads\/usu893\/2026\/02\/Caracteritzacio-696x1024.jpg\" alt=\"\" class=\"wp-image-15929\" srcset=\"https:\/\/agora.xtec.cat\/iesvallhebron\/wp-content\/uploads\/usu893\/2026\/02\/Caracteritzacio-696x1024.jpg 696w, https:\/\/agora.xtec.cat\/iesvallhebron\/wp-content\/uploads\/usu893\/2026\/02\/Caracteritzacio-204x300.jpg 204w, https:\/\/agora.xtec.cat\/iesvallhebron\/wp-content\/uploads\/usu893\/2026\/02\/Caracteritzacio.jpg 720w\" sizes=\"auto, (max-width: 696px) 100vw, 696px\" \/><\/a><figcaption class=\"wp-element-caption\">Oplus_131072<\/figcaption><\/figure>\n<\/figure>\n","protected":false},"excerpt":{"rendered":"<p>En qu\u00e8 consisteix el cicle? El Cicle Formatiu de Grau Superior en Caracteritzaci\u00f3 i Maquillatge Professional capacite per planificar i realitzar el muntatge de projectes de caracteritzaci\u00f3 per mitjans audiovisuals i esc\u00e8nics, aix\u00ed com dissenyar i realitzar pr\u00f2tesis, perruques i maquillatges socials, professionals i art\u00edstics, coordinant els mitjans t\u00e8cnics i humans i respectant els criteris [&hellip;]<\/p>\n","protected":false},"author":41,"featured_media":0,"parent":975,"menu_order":5,"comment_status":"closed","ping_status":"close","template":"","meta":{"_bbp_topic_count":0,"_bbp_reply_count":0,"_bbp_total_topic_count":0,"_bbp_total_reply_count":0,"_bbp_voice_count":0,"_bbp_anonymous_reply_count":0,"_bbp_topic_count_hidden":0,"_bbp_reply_count_hidden":0,"_bbp_forum_subforum_count":0,"site-sidebar-layout":"default","site-content-layout":"","ast-site-content-layout":"default","site-content-style":"default","site-sidebar-style":"default","ast-global-header-display":"","ast-banner-title-visibility":"","ast-main-header-display":"","ast-hfb-above-header-display":"","ast-hfb-below-header-display":"","ast-hfb-mobile-header-display":"","site-post-title":"","ast-breadcrumbs-content":"","ast-featured-img":"","footer-sml-layout":"","theme-transparent-header-meta":"","adv-header-id-meta":"","stick-header-meta":"","header-above-stick-meta":"","header-main-stick-meta":"","header-below-stick-meta":"","astra-migrate-meta-layouts":"set","ast-page-background-enabled":"default","ast-page-background-meta":{"desktop":{"background-color":"var(--ast-global-color-4)","background-image":"","background-repeat":"repeat","background-position":"center center","background-size":"auto","background-attachment":"scroll","background-type":"","background-media":"","overlay-type":"","overlay-color":"","overlay-opacity":"","overlay-gradient":""},"tablet":{"background-color":"","background-image":"","background-repeat":"repeat","background-position":"center center","background-size":"auto","background-attachment":"scroll","background-type":"","background-media":"","overlay-type":"","overlay-color":"","overlay-opacity":"","overlay-gradient":""},"mobile":{"background-color":"","background-image":"","background-repeat":"repeat","background-position":"center center","background-size":"auto","background-attachment":"scroll","background-type":"","background-media":"","overlay-type":"","overlay-color":"","overlay-opacity":"","overlay-gradient":""}},"ast-content-background-meta":{"desktop":{"background-color":"var(--ast-global-color-5)","background-image":"","background-repeat":"repeat","background-position":"center center","background-size":"auto","background-attachment":"scroll","background-type":"","background-media":"","overlay-type":"","overlay-color":"","overlay-opacity":"","overlay-gradient":""},"tablet":{"background-color":"var(--ast-global-color-5)","background-image":"","background-repeat":"repeat","background-position":"center center","background-size":"auto","background-attachment":"scroll","background-type":"","background-media":"","overlay-type":"","overlay-color":"","overlay-opacity":"","overlay-gradient":""},"mobile":{"background-color":"var(--ast-global-color-5)","background-image":"","background-repeat":"repeat","background-position":"center center","background-size":"auto","background-attachment":"scroll","background-type":"","background-media":"","overlay-type":"","overlay-color":"","overlay-opacity":"","overlay-gradient":""}},"footnotes":""},"class_list":["post-15151","page","type-page","status-publish","hentry"],"post_mailing_queue_ids":[],"_links":{"self":[{"href":"https:\/\/agora.xtec.cat\/iesvallhebron\/wp-json\/wp\/v2\/pages\/15151","targetHints":{"allow":["GET"]}}],"collection":[{"href":"https:\/\/agora.xtec.cat\/iesvallhebron\/wp-json\/wp\/v2\/pages"}],"about":[{"href":"https:\/\/agora.xtec.cat\/iesvallhebron\/wp-json\/wp\/v2\/types\/page"}],"author":[{"embeddable":true,"href":"https:\/\/agora.xtec.cat\/iesvallhebron\/wp-json\/wp\/v2\/users\/41"}],"replies":[{"embeddable":true,"href":"https:\/\/agora.xtec.cat\/iesvallhebron\/wp-json\/wp\/v2\/comments?post=15151"}],"version-history":[{"count":4,"href":"https:\/\/agora.xtec.cat\/iesvallhebron\/wp-json\/wp\/v2\/pages\/15151\/revisions"}],"predecessor-version":[{"id":15932,"href":"https:\/\/agora.xtec.cat\/iesvallhebron\/wp-json\/wp\/v2\/pages\/15151\/revisions\/15932"}],"up":[{"embeddable":true,"href":"https:\/\/agora.xtec.cat\/iesvallhebron\/wp-json\/wp\/v2\/pages\/975"}],"wp:attachment":[{"href":"https:\/\/agora.xtec.cat\/iesvallhebron\/wp-json\/wp\/v2\/media?parent=15151"}],"curies":[{"name":"wp","href":"https:\/\/api.w.org\/{rel}","templated":true}]}}