{"id":12431,"date":"2022-05-03T20:32:18","date_gmt":"2022-05-03T18:32:18","guid":{"rendered":"https:\/\/agora.xtec.cat\/iesvallhebron\/?page_id=12431"},"modified":"2024-04-10T11:00:15","modified_gmt":"2024-04-10T09:00:15","slug":"cfgb-cicle-formatiu-de-grau-basic-de-perruqueria-i-estetica","status":"publish","type":"page","link":"https:\/\/agora.xtec.cat\/iesvallhebron\/estudis\/cicle-formatiu-de-grau-basic-de-perruqueria-i-estetica\/cfgb-cicle-formatiu-de-grau-basic-de-perruqueria-i-estetica\/","title":{"rendered":"Cicle Formatiu de grau b\u00e0sic de Perruqueria i Est\u00e8tica"},"content":{"rendered":"<p>La compet\u00e8ncia general d\u2019aquest t\u00edtol consisteix en aplicar t\u00e8cniques de rentat, canvis de forma i color del cabell, aix\u00ed com a t\u00e8cniques b\u00e0siques de maquillatge, depilaci\u00f3, manicura i pedicura, atenent al\/a la client\/a i preparant els equips, materials i \u00e0rees de treball amb responsabilitat i iniciativa personal, operant amb la qualitat indicada, observant les normes de prevenci\u00f3 de riscos laborals i protecci\u00f3 mediambiental corresponents i comunicant-se de forma oral i escrita en llengua catalana i castellana i a nivell b\u00e0sic en llengua anglesa.<\/p>\n<p><img loading=\"lazy\" decoding=\"async\" class=\"aligncenter wp-image-12433\" src=\"https:\/\/agora.xtec.cat\/iesvallhebron\/wp-content\/uploads\/usu893\/2022\/05\/perrcfgb.jpg\" alt=\"\" width=\"513\" height=\"199\" srcset=\"https:\/\/agora.xtec.cat\/iesvallhebron\/wp-content\/uploads\/usu893\/2022\/05\/perrcfgb.jpg 889w, https:\/\/agora.xtec.cat\/iesvallhebron\/wp-content\/uploads\/usu893\/2022\/05\/perrcfgb-300x116.jpg 300w, https:\/\/agora.xtec.cat\/iesvallhebron\/wp-content\/uploads\/usu893\/2022\/05\/perrcfgb-768x298.jpg 768w\" sizes=\"auto, (max-width: 513px) 100vw, 513px\" \/><\/p>\n<div class=\"entry-content\">\n<p>Al finalitzar els 2 anys d\u2019aquesta formaci\u00f3 s\u2019obt\u00e9:<\/p>\n<p>&#8211; el T\u00edtol Professional B\u00e0sic en perruqueria i est\u00e8tica de la fam\u00edlia professional d\u2019imatge personal, i<\/p>\n<p>&#8211; el Graduat en Educaci\u00f3 Secund\u00e0ria Obligat\u00f2ria.<\/p>\n<\/div>\n<p>Podeu consultar la informaci\u00f3 oficial sobre els continguts del cicle en el <a href=\"https:\/\/triaeducativa.gencat.cat\/ca\/estudis\/?perruqueria-estetica&amp;p_id=4770\">web del Departament d\u2019Educaci\u00f3<\/a>.<\/p>\n<p>Veure les <a href=\"https:\/\/agora.xtec.cat\/iesvallhebron\/categoria\/estudis\/cicles-formatius\/cfgb\/gbpe\">Not\u00edcies del cicle formatiu de grau b\u00e0sic de perruqueria i est\u00e8tica<\/a>.<\/p>\n","protected":false},"excerpt":{"rendered":"<p>La compet\u00e8ncia general d\u2019aquest t\u00edtol consisteix en aplicar t\u00e8cniques de rentat, canvis de forma i color del cabell, aix\u00ed com a t\u00e8cniques b\u00e0siques de maquillatge, depilaci\u00f3, manicura i pedicura, atenent al\/a la client\/a i preparant els equips, materials i \u00e0rees de treball amb responsabilitat i iniciativa personal, operant amb la qualitat indicada, observant les normes [&hellip;]<\/p>\n","protected":false},"author":1,"featured_media":0,"parent":11304,"menu_order":0,"comment_status":"closed","ping_status":"closed","template":"page-templates\/side-menu.php","meta":{"_bbp_topic_count":0,"_bbp_reply_count":0,"_bbp_total_topic_count":0,"_bbp_total_reply_count":0,"_bbp_voice_count":0,"_bbp_anonymous_reply_count":0,"_bbp_topic_count_hidden":0,"_bbp_reply_count_hidden":0,"_bbp_forum_subforum_count":0,"site-sidebar-layout":"default","site-content-layout":"","ast-site-content-layout":"","site-content-style":"default","site-sidebar-style":"default","ast-global-header-display":"","ast-banner-title-visibility":"","ast-main-header-display":"","ast-hfb-above-header-display":"","ast-hfb-below-header-display":"","ast-hfb-mobile-header-display":"","site-post-title":"","ast-breadcrumbs-content":"","ast-featured-img":"","footer-sml-layout":"","theme-transparent-header-meta":"","adv-header-id-meta":"","stick-header-meta":"","header-above-stick-meta":"","header-main-stick-meta":"","header-below-stick-meta":"","astra-migrate-meta-layouts":"default","ast-page-background-enabled":"default","ast-page-background-meta":{"desktop":{"background-color":"var(--ast-global-color-4)","background-image":"","background-repeat":"repeat","background-position":"center center","background-size":"auto","background-attachment":"scroll","background-type":"","background-media":"","overlay-type":"","overlay-color":"","overlay-opacity":"","overlay-gradient":""},"tablet":{"background-color":"","background-image":"","background-repeat":"repeat","background-position":"center center","background-size":"auto","background-attachment":"scroll","background-type":"","background-media":"","overlay-type":"","overlay-color":"","overlay-opacity":"","overlay-gradient":""},"mobile":{"background-color":"","background-image":"","background-repeat":"repeat","background-position":"center center","background-size":"auto","background-attachment":"scroll","background-type":"","background-media":"","overlay-type":"","overlay-color":"","overlay-opacity":"","overlay-gradient":""}},"ast-content-background-meta":{"desktop":{"background-color":"var(--ast-global-color-5)","background-image":"","background-repeat":"repeat","background-position":"center center","background-size":"auto","background-attachment":"scroll","background-type":"","background-media":"","overlay-type":"","overlay-color":"","overlay-opacity":"","overlay-gradient":""},"tablet":{"background-color":"var(--ast-global-color-5)","background-image":"","background-repeat":"repeat","background-position":"center center","background-size":"auto","background-attachment":"scroll","background-type":"","background-media":"","overlay-type":"","overlay-color":"","overlay-opacity":"","overlay-gradient":""},"mobile":{"background-color":"var(--ast-global-color-5)","background-image":"","background-repeat":"repeat","background-position":"center center","background-size":"auto","background-attachment":"scroll","background-type":"","background-media":"","overlay-type":"","overlay-color":"","overlay-opacity":"","overlay-gradient":""}},"footnotes":""},"class_list":["post-12431","page","type-page","status-publish","hentry"],"post_mailing_queue_ids":[],"_links":{"self":[{"href":"https:\/\/agora.xtec.cat\/iesvallhebron\/wp-json\/wp\/v2\/pages\/12431","targetHints":{"allow":["GET"]}}],"collection":[{"href":"https:\/\/agora.xtec.cat\/iesvallhebron\/wp-json\/wp\/v2\/pages"}],"about":[{"href":"https:\/\/agora.xtec.cat\/iesvallhebron\/wp-json\/wp\/v2\/types\/page"}],"author":[{"embeddable":true,"href":"https:\/\/agora.xtec.cat\/iesvallhebron\/wp-json\/wp\/v2\/users\/1"}],"replies":[{"embeddable":true,"href":"https:\/\/agora.xtec.cat\/iesvallhebron\/wp-json\/wp\/v2\/comments?post=12431"}],"version-history":[{"count":6,"href":"https:\/\/agora.xtec.cat\/iesvallhebron\/wp-json\/wp\/v2\/pages\/12431\/revisions"}],"predecessor-version":[{"id":14267,"href":"https:\/\/agora.xtec.cat\/iesvallhebron\/wp-json\/wp\/v2\/pages\/12431\/revisions\/14267"}],"up":[{"embeddable":true,"href":"https:\/\/agora.xtec.cat\/iesvallhebron\/wp-json\/wp\/v2\/pages\/11304"}],"wp:attachment":[{"href":"https:\/\/agora.xtec.cat\/iesvallhebron\/wp-json\/wp\/v2\/media?parent=12431"}],"curies":[{"name":"wp","href":"https:\/\/api.w.org\/{rel}","templated":true}]}}

Cicle Formatiu de grau bàsic de Perruqueria i Estètica

<p>La competència general d’aquest títol consisteix en aplicar tècniques de rentat, canvis de forma i color del cabell, així com a tècniques bàsiques de maquillatge, depilació, manicura i pedicura, atenent al/a la client/a i preparant els equips, materials i àrees de treball amb responsabilitat i iniciativa personal, operant amb la qualitat indicada, observant les normes de prevenció de riscos laborals i protecció mediambiental corresponents i comunicant-se de forma oral i escrita en llengua catalana i castellana i a nivell bàsic en llengua anglesa.</p>
<p><img loading="lazy" decoding="async" class="aligncenter wp-image-12433" src="https://agora.xtec.cat/iesvallhebron/wp-content/uploads/usu893/2022/05/perrcfgb.jpg" alt="" width="513" height="199" srcset="https://agora.xtec.cat/iesvallhebron/wp-content/uploads/usu893/2022/05/perrcfgb.jpg 889w, https://agora.xtec.cat/iesvallhebron/wp-content/uploads/usu893/2022/05/perrcfgb-300x116.jpg 300w, https://agora.xtec.cat/iesvallhebron/wp-content/uploads/usu893/2022/05/perrcfgb-768x298.jpg 768w" sizes="auto, (max-width: 513px) 100vw, 513px" /></p>
<div class="entry-content">
<p>Al finalitzar els 2 anys d’aquesta formació s’obté:</p>
<p>&#8211; el Títol Professional Bàsic en perruqueria i estètica de la família professional d’imatge personal, i</p>
<p>&#8211; el Graduat en Educació Secundària Obligatòria.</p>
</div>
<p>Podeu consultar la informació oficial sobre els continguts del cicle en el <a href="https://triaeducativa.gencat.cat/ca/estudis/?perruqueria-estetica&amp;p_id=4770">web del Departament d’Educació</a>.</p>
<p>Veure les <a href="https://agora.xtec.cat/iesvallhebron/categoria/estudis/cicles-formatius/cfgb/gbpe">Notícies del cicle formatiu de grau bàsic de perruqueria i estètica</a>.</p>

<p>La competència general d’aquest títol consisteix en aplicar tècniques de rentat, canvis de forma i color del cabell, així com a tècniques bàsiques de maquillatge, depilació, manicura i pedicura, atenent al/a la client/a i preparant els equips, materials i àrees de treball amb responsabilitat i iniciativa personal, operant amb la qualitat indicada, observant les normes [&hellip;]</p>
