{"id":1011,"date":"2016-08-04T05:42:47","date_gmt":"2016-08-04T04:42:47","guid":{"rendered":"http:\/\/agora.xtec.cat\/iesvallhebron\/?page_id=1011"},"modified":"2026-04-21T11:14:51","modified_gmt":"2026-04-21T09:14:51","slug":"programes-de-formacio-i-insercio","status":"publish","type":"page","link":"https:\/\/agora.xtec.cat\/iesvallhebron\/estudis\/programes-de-formacio-i-insercio\/","title":{"rendered":"Programes de Formaci\u00f3 i Inserci\u00f3 (PFI)"},"content":{"rendered":"<div class=\"bloc-mobil\">\n<div class=\"descripcio\">\n<h3><\/h3>\n<h3><span style=\"color: #ff6600;\">QU\u00c8 S\u00d3N ELS PFI?<\/span><\/h3>\n<\/div>\n<\/div>\n<hr \/>\n<p style=\"text-align: justify;\">Els <strong>PFI<\/strong> s\u00f3n estudis dirigits a joves que no han obtingut la titulaci\u00f3 de la ESO i es volen continuar formant. Els seus principals objectius s\u00f3n proporcionar als joves les compet\u00e8ncies que els hi permetin la incorporaci\u00f3 al m\u00f3n laboral o a continuar amb la seva formaci\u00f3.<\/p>\n<p>A l&#8217;Institut oferim els seg\u00fcents Programes de Formaci\u00f3 i Inserci\u00f3:<\/p>\n<ul class=\"spip\">\n<li><span style=\"color: #008080;\"><a style=\"color: #008080;\" href=\"http:\/\/agora.xtec.cat\/iesvallhebron\/estudis\/cicles-formatius\/programes-de-formacio-i-insercio\/auxiliar-en-imatge-personal\/\">Auxiliar de perruqueria i est\u00e8tica <\/a><\/span>&#8211; mat\u00ed<\/li>\n<li><a style=\"color: #008080;\" href=\"http:\/\/agora.xtec.cat\/iesvallhebron\/estudis\/cicles-formatius\/programes-de-formacio-i-insercio\/auxiliar-en-imatge-personal\/\">Auxiliar en imatge personal: est\u00e8tica <\/a>&#8211; mat\u00ed<\/li>\n<li><a href=\"https:\/\/agora.xtec.cat\/iesvallhebron\/estudis\/programes-de-formacio-i-insercio\/auxiliar-dactivitats-esportives\/\" target=\"_blank\" rel=\"noopener\">Auxiliar d&#8217;activitats esportives<\/a> &#8211; mat\u00ed<\/li>\n<li>Auxiliar de Suport a les Persones en Activitats Socioesportives &#8211; mat\u00ed<\/li>\n<\/ul>\n<p>Per accedir a aquests programes cal complir amb els seg\u00fcents requisits:<\/p>\n<ul>\n<li>Ser major de 16 anys i menor de 21 anys.<\/li>\n<li>No haver obtingut el t\u00edtol de la ESO.<\/li>\n<\/ul>\n<p>Aquests ensenyaments tenen una durada de 1.000 hores (1 curs acad\u00e8mic) i s\u2019estructuren de la seg\u00fcent forma:<\/p>\n<table class=\"tGrisos\" style=\"background-color: #adcadb; width: 100%; height: 124px;\" border=\"1\" cellspacing=\"1\" cellpadding=\"1\">\n<tbody>\n<tr style=\"height: 31px;\">\n<th style=\"width: 45.2352%; background-color: #cce3e0; height: 31px;\"><span style=\"color: #008080;\"><strong>M\u00f2duls de Formaci\u00f3 Professional<\/strong><\/span><\/th>\n<th style=\"width: 54.1616%; height: 31px;\"><span style=\"color: #008080;\"><strong>M\u00f2duls de Formaci\u00f3 General<\/strong><\/span><\/th>\n<\/tr>\n<tr style=\"height: 62px;\">\n<td style=\"width: 45.2352%; text-align: center; height: 62px;\"><span style=\"color: #008080;\">Entre 615 i 665 hores.<\/span><br \/>\n<span style=\"color: #008080;\">Per a l\u2019assoliment de les compet\u00e8ncies professionals del perfil .<\/span><br \/>\n<span style=\"color: #008080;\">*Inclouen 180 h de pr\u00e0ctiques en empreses<\/span><\/td>\n<td style=\"width: 54.1616%; text-align: center; height: 62px;\"><span style=\"color: #008080;\">Entre 335 i 385 hores.<\/span><br \/>\n<span style=\"color: #008080;\">Per a l\u2019adquisici\u00f3 de compet\u00e8ncies instrumentals que han de facilitar l\u2019assoliment de les compet\u00e8ncies professionals: estrat\u00e8gies i eines de comunicaci\u00f3 i matem\u00e0tiques, entorn social i territorial i incorporaci\u00f3 al m\u00f3n laboral.<\/span><\/td>\n<\/tr>\n<tr style=\"height: 31px;\">\n<th style=\"width: 99.3969%; height: 31px;\" colspan=\"2\"><span style=\"color: #008080;\"><strong>Tutoria individual, acompanyament i orientaci\u00f3<\/strong><\/span><\/th>\n<\/tr>\n<\/tbody>\n<\/table>\n<p>En finalitzar aquesta formaci\u00f3 s\u2019obt\u00e9:<\/p>\n<ul>\n<li><strong>Certificaci\u00f3 acad\u00e8mica<\/strong> que permet:\n<ul>\n<li>Facilitats en la prova d\u2019acc\u00e9s als CFGM<\/li>\n<li>Convalidaci\u00f3 del Curs espec\u00edfic d&#8217;acc\u00e8s a cicles de grau mitj\u00e0 (CAM)<\/li>\n<li>Acc\u00e9s amb menys de 18 anys als centres d\u2019adults per obtenir el graduat d\u2019educaci\u00f3 secund\u00e0ria (GESO)<\/li>\n<li>Reconeixement dels m\u00f2duls superats per a l\u2019obtenci\u00f3 del t\u00edtol professional b\u00e0sic de refer\u00e8ncia<\/li>\n<\/ul>\n<\/li>\n<\/ul>\n<ul>\n<li><strong>Certificaci\u00f3 amb l\u2019acreditaci\u00f3 de compet\u00e8ncies professionals<\/strong>. Acreditaci\u00f3 d\u2019unitats de compet\u00e8ncia (UC) del sistema de qualificacions professionals, que permet obtenir un certificat professional.<br \/>\n<hr \/>\n<\/li>\n<\/ul>\n<p style=\"text-align: center;\">Si teniu dubtes sobre els estudis podeu escriure&#8217;ns a<span style=\"color: #ff6600;\"> <strong>pfi<span class=\"\">@insvallhebron.c<\/span>at<\/strong><\/span><\/p>\n<hr \/>\n<p><iframe style=\"width: 100%; height: 608px; display: block; padding: 0; margin: 0;\" src=\"https:\/\/padlet.com\/embed\/9mqextaum57owfsv\" frameborder=\"0\"><\/iframe><\/p>\n","protected":false},"excerpt":{"rendered":"<p>QU\u00c8 S\u00d3N ELS PFI? Els PFI s\u00f3n estudis dirigits a joves que no han obtingut la titulaci\u00f3 de la ESO i es volen continuar formant. Els seus principals objectius s\u00f3n proporcionar als joves les compet\u00e8ncies que els hi permetin la incorporaci\u00f3 al m\u00f3n laboral o a continuar amb la seva formaci\u00f3. A l&#8217;Institut oferim els [&hellip;]<\/p>\n","protected":false},"author":1,"featured_media":0,"parent":195,"menu_order":2,"comment_status":"closed","ping_status":"closed","template":"page-templates\/side-menu.php","meta":{"_bbp_topic_count":0,"_bbp_reply_count":0,"_bbp_total_topic_count":0,"_bbp_total_reply_count":0,"_bbp_voice_count":0,"_bbp_anonymous_reply_count":0,"_bbp_topic_count_hidden":0,"_bbp_reply_count_hidden":0,"_bbp_forum_subforum_count":0,"site-sidebar-layout":"default","site-content-layout":"","ast-site-content-layout":"default","site-content-style":"default","site-sidebar-style":"default","ast-global-header-display":"","ast-banner-title-visibility":"","ast-main-header-display":"","ast-hfb-above-header-display":"","ast-hfb-below-header-display":"","ast-hfb-mobile-header-display":"","site-post-title":"","ast-breadcrumbs-content":"","ast-featured-img":"","footer-sml-layout":"","theme-transparent-header-meta":"","adv-header-id-meta":"","stick-header-meta":"","header-above-stick-meta":"","header-main-stick-meta":"","header-below-stick-meta":"","astra-migrate-meta-layouts":"set","ast-page-background-enabled":"default","ast-page-background-meta":{"desktop":{"background-color":"var(--ast-global-color-4)","background-image":"","background-repeat":"repeat","background-position":"center center","background-size":"auto","background-attachment":"scroll","background-type":"","background-media":"","overlay-type":"","overlay-color":"","overlay-opacity":"","overlay-gradient":""},"tablet":{"background-color":"","background-image":"","background-repeat":"repeat","background-position":"center center","background-size":"auto","background-attachment":"scroll","background-type":"","background-media":"","overlay-type":"","overlay-color":"","overlay-opacity":"","overlay-gradient":""},"mobile":{"background-color":"","background-image":"","background-repeat":"repeat","background-position":"center center","background-size":"auto","background-attachment":"scroll","background-type":"","background-media":"","overlay-type":"","overlay-color":"","overlay-opacity":"","overlay-gradient":""}},"ast-content-background-meta":{"desktop":{"background-color":"var(--ast-global-color-5)","background-image":"","background-repeat":"repeat","background-position":"center center","background-size":"auto","background-attachment":"scroll","background-type":"","background-media":"","overlay-type":"","overlay-color":"","overlay-opacity":"","overlay-gradient":""},"tablet":{"background-color":"var(--ast-global-color-5)","background-image":"","background-repeat":"repeat","background-position":"center center","background-size":"auto","background-attachment":"scroll","background-type":"","background-media":"","overlay-type":"","overlay-color":"","overlay-opacity":"","overlay-gradient":""},"mobile":{"background-color":"var(--ast-global-color-5)","background-image":"","background-repeat":"repeat","background-position":"center center","background-size":"auto","background-attachment":"scroll","background-type":"","background-media":"","overlay-type":"","overlay-color":"","overlay-opacity":"","overlay-gradient":""}},"footnotes":""},"class_list":["post-1011","page","type-page","status-publish","hentry"],"post_mailing_queue_ids":[],"_links":{"self":[{"href":"https:\/\/agora.xtec.cat\/iesvallhebron\/wp-json\/wp\/v2\/pages\/1011","targetHints":{"allow":["GET"]}}],"collection":[{"href":"https:\/\/agora.xtec.cat\/iesvallhebron\/wp-json\/wp\/v2\/pages"}],"about":[{"href":"https:\/\/agora.xtec.cat\/iesvallhebron\/wp-json\/wp\/v2\/types\/page"}],"author":[{"embeddable":true,"href":"https:\/\/agora.xtec.cat\/iesvallhebron\/wp-json\/wp\/v2\/users\/1"}],"replies":[{"embeddable":true,"href":"https:\/\/agora.xtec.cat\/iesvallhebron\/wp-json\/wp\/v2\/comments?post=1011"}],"version-history":[{"count":6,"href":"https:\/\/agora.xtec.cat\/iesvallhebron\/wp-json\/wp\/v2\/pages\/1011\/revisions"}],"predecessor-version":[{"id":16282,"href":"https:\/\/agora.xtec.cat\/iesvallhebron\/wp-json\/wp\/v2\/pages\/1011\/revisions\/16282"}],"up":[{"embeddable":true,"href":"https:\/\/agora.xtec.cat\/iesvallhebron\/wp-json\/wp\/v2\/pages\/195"}],"wp:attachment":[{"href":"https:\/\/agora.xtec.cat\/iesvallhebron\/wp-json\/wp\/v2\/media?parent=1011"}],"curies":[{"name":"wp","href":"https:\/\/api.w.org\/{rel}","templated":true}]}}