{"id":922,"date":"2017-03-29T10:50:42","date_gmt":"2017-03-29T08:50:42","guid":{"rendered":"http:\/\/agora.xtec.cat\/iesvalles\/?page_id=922"},"modified":"2022-10-17T09:17:59","modified_gmt":"2022-10-17T07:17:59","slug":"tei-tutoria-entre-iguals","status":"publish","type":"page","link":"https:\/\/agora.xtec.cat\/iesvalles\/projectes\/tei-tutoria-entre-iguals\/","title":{"rendered":"TEI &#8211; Tutoria entre iguals"},"content":{"rendered":"<h3 style=\"text-align: center;\"><img loading=\"lazy\" decoding=\"async\" class=\"aligncenter wp-image-3630\" src=\"https:\/\/agora.xtec.cat\/iesvalles\/wp-content\/uploads\/usu1271\/2020\/03\/TEI-Portada-2.jpg\" alt=\"\" width=\"350\" height=\"413\" srcset=\"https:\/\/agora.xtec.cat\/iesvalles\/wp-content\/uploads\/usu1271\/2020\/03\/TEI-Portada-2.jpg 425w, https:\/\/agora.xtec.cat\/iesvalles\/wp-content\/uploads\/usu1271\/2020\/03\/TEI-Portada-2-254x300.jpg 254w\" sizes=\"auto, (max-width: 350px) 100vw, 350px\" \/><\/h3>\n<h3>Qu\u00e8 \u00e9s el TEI?<\/h3>\n<p style=\"text-align: justify;\">El TEI \u00e9s un programa de conviv\u00e8ncia per a la prevenci\u00f3 de la viol\u00e8ncia i l&#8217;assetjament escolar, \u00e9s institucional i implica a tota la comunitat educativa. T\u00e9 com a objectiu b\u00e0sic millorar la integraci\u00f3 escolar i treballar per una escola inclusiva i no violenta, fomentant que les relacions entre iguals siguin m\u00e9s satisfact\u00f2ries, orientades a la millora o modificaci\u00f3 del clima i la cultura del centre respecte a la conviv\u00e8ncia, conflicte i viol\u00e8ncia (f\u00edsica, emocional o psicol\u00f2gica).<\/p>\n<p style=\"text-align: justify;\">Blog del TEI del nostre institut: <a href=\"http:\/\/teivalles.blogspot.com.es\" target=\"_blank\" rel=\"noopener noreferrer\">TEI a l&#8217;INS Vall\u00e8s<\/a><\/p>\n","protected":false},"excerpt":{"rendered":"<p>Qu\u00e8 \u00e9s el TEI? El TEI \u00e9s un programa de conviv\u00e8ncia per a la prevenci\u00f3 de la viol\u00e8ncia i l&#8217;assetjament escolar, \u00e9s institucional i implica a tota la comunitat educativa. T\u00e9 com a objectiu b\u00e0sic millorar la integraci\u00f3 escolar i treballar per una escola inclusiva i no violenta, fomentant que les relacions entre iguals siguin [&hellip;]<\/p>\n","protected":false},"author":10,"featured_media":0,"parent":902,"menu_order":0,"comment_status":"closed","ping_status":"closed","template":"page-templates\/side-menu.php","meta":{"_bbp_topic_count":0,"_bbp_reply_count":0,"_bbp_total_topic_count":0,"_bbp_total_reply_count":0,"_bbp_voice_count":0,"_bbp_anonymous_reply_count":0,"_bbp_topic_count_hidden":0,"_bbp_reply_count_hidden":0,"_bbp_forum_subforum_count":0,"site-sidebar-layout":"default","site-content-layout":"","ast-site-content-layout":"","site-content-style":"default","site-sidebar-style":"default","ast-global-header-display":"","ast-banner-title-visibility":"","ast-main-header-display":"","ast-hfb-above-header-display":"","ast-hfb-below-header-display":"","ast-hfb-mobile-header-display":"","site-post-title":"","ast-breadcrumbs-content":"","ast-featured-img":"","footer-sml-layout":"","theme-transparent-header-meta":"","adv-header-id-meta":"","stick-header-meta":"","header-above-stick-meta":"","header-main-stick-meta":"","header-below-stick-meta":"","astra-migrate-meta-layouts":"default","ast-page-background-enabled":"default","ast-page-background-meta":{"desktop":{"background-color":"var(--ast-global-color-4)","background-image":"","background-repeat":"repeat","background-position":"center center","background-size":"auto","background-attachment":"scroll","background-type":"","background-media":"","overlay-type":"","overlay-color":"","overlay-opacity":"","overlay-gradient":""},"tablet":{"background-color":"","background-image":"","background-repeat":"repeat","background-position":"center center","background-size":"auto","background-attachment":"scroll","background-type":"","background-media":"","overlay-type":"","overlay-color":"","overlay-opacity":"","overlay-gradient":""},"mobile":{"background-color":"","background-image":"","background-repeat":"repeat","background-position":"center center","background-size":"auto","background-attachment":"scroll","background-type":"","background-media":"","overlay-type":"","overlay-color":"","overlay-opacity":"","overlay-gradient":""}},"ast-content-background-meta":{"desktop":{"background-color":"var(--ast-global-color-5)","background-image":"","background-repeat":"repeat","background-position":"center center","background-size":"auto","background-attachment":"scroll","background-type":"","background-media":"","overlay-type":"","overlay-color":"","overlay-opacity":"","overlay-gradient":""},"tablet":{"background-color":"var(--ast-global-color-5)","background-image":"","background-repeat":"repeat","background-position":"center center","background-size":"auto","background-attachment":"scroll","background-type":"","background-media":"","overlay-type":"","overlay-color":"","overlay-opacity":"","overlay-gradient":""},"mobile":{"background-color":"var(--ast-global-color-5)","background-image":"","background-repeat":"repeat","background-position":"center center","background-size":"auto","background-attachment":"scroll","background-type":"","background-media":"","overlay-type":"","overlay-color":"","overlay-opacity":"","overlay-gradient":""}},"footnotes":""},"class_list":["post-922","page","type-page","status-publish","hentry"],"post_mailing_queue_ids":[],"_links":{"self":[{"href":"https:\/\/agora.xtec.cat\/iesvalles\/wp-json\/wp\/v2\/pages\/922","targetHints":{"allow":["GET"]}}],"collection":[{"href":"https:\/\/agora.xtec.cat\/iesvalles\/wp-json\/wp\/v2\/pages"}],"about":[{"href":"https:\/\/agora.xtec.cat\/iesvalles\/wp-json\/wp\/v2\/types\/page"}],"author":[{"embeddable":true,"href":"https:\/\/agora.xtec.cat\/iesvalles\/wp-json\/wp\/v2\/users\/10"}],"replies":[{"embeddable":true,"href":"https:\/\/agora.xtec.cat\/iesvalles\/wp-json\/wp\/v2\/comments?post=922"}],"version-history":[{"count":3,"href":"https:\/\/agora.xtec.cat\/iesvalles\/wp-json\/wp\/v2\/pages\/922\/revisions"}],"predecessor-version":[{"id":3634,"href":"https:\/\/agora.xtec.cat\/iesvalles\/wp-json\/wp\/v2\/pages\/922\/revisions\/3634"}],"up":[{"embeddable":true,"href":"https:\/\/agora.xtec.cat\/iesvalles\/wp-json\/wp\/v2\/pages\/902"}],"wp:attachment":[{"href":"https:\/\/agora.xtec.cat\/iesvalles\/wp-json\/wp\/v2\/media?parent=922"}],"curies":[{"name":"wp","href":"https:\/\/api.w.org\/{rel}","templated":true}]}}