{"id":5429,"date":"2022-10-10T09:29:49","date_gmt":"2022-10-10T07:29:49","guid":{"rendered":"https:\/\/agora.xtec.cat\/iesvalles\/?page_id=5429"},"modified":"2022-10-10T09:47:40","modified_gmt":"2022-10-10T07:47:40","slug":"linies-dactuacio","status":"publish","type":"page","link":"https:\/\/agora.xtec.cat\/iesvalles\/linstitut\/projecte-educatiu\/linies-dactuacio\/","title":{"rendered":"L\u00ednies d&#8217;actuaci\u00f3"},"content":{"rendered":"<ul style=\"text-align: justify;\">\n<li>\n<h5>Foment del pluriling\u00fcisme:<\/h5>\n<\/li>\n<\/ul>\n<p style=\"text-align: justify;\"><a href=\"https:\/\/agora.xtec.cat\/iesvalles\/wp-content\/uploads\/usu1271\/2022\/10\/Pluri.jpg\"><img loading=\"lazy\" decoding=\"async\" class=\" wp-image-5431 aligncenter\" src=\"https:\/\/agora.xtec.cat\/iesvalles\/wp-content\/uploads\/usu1271\/2022\/10\/Pluri-1024x686.jpg\" alt=\"\" width=\"590\" height=\"395\" srcset=\"https:\/\/agora.xtec.cat\/iesvalles\/wp-content\/uploads\/usu1271\/2022\/10\/Pluri-1024x686.jpg 1024w, https:\/\/agora.xtec.cat\/iesvalles\/wp-content\/uploads\/usu1271\/2022\/10\/Pluri-300x201.jpg 300w, https:\/\/agora.xtec.cat\/iesvalles\/wp-content\/uploads\/usu1271\/2022\/10\/Pluri-768x515.jpg 768w, https:\/\/agora.xtec.cat\/iesvalles\/wp-content\/uploads\/usu1271\/2022\/10\/Pluri.jpg 1522w\" sizes=\"auto, (max-width: 590px) 100vw, 590px\" \/><\/a><\/p>\n<p>&nbsp;<\/p>\n<ul style=\"text-align: justify;\">\n<li>\n<h5>Impuls del treball globalitzat:<\/h5>\n<\/li>\n<\/ul>\n<p style=\"text-align: justify;\">Amb l\u2019objectiu de fomentar el treball transversal i competencial, al llarg del curs acad\u00e8mic es despleguen projectes que engloben continguts curriculars de diferents mat\u00e8ries.<\/p>\n<p style=\"text-align: justify;\">De primer a tercer d\u2019ESO s\u2019han definit dues estructures marc de projectes:<\/p>\n<ul style=\"list-style-type: circle; text-align: justify;\">\n<li>Els projectes interdisciplinaris afecten dues, tres o quatre mat\u00e8ries, i s\u2019hi treballen continguts curriculars durant dues o tres setmanes i a l\u2019hora habitual de mat\u00e8ria.<\/li>\n<li>Els projectes transversals inclouen totes les mat\u00e8ries del nivell i es realitzen durant una setmana seguida (aproximadament) a horari complet.<\/li>\n<\/ul>\n<p>A quart d\u2019ESO es fa el Projecte de Recerca en qu\u00e8 es treballen totes les mat\u00e8ries durant una setmana seguida (aproximadament).<\/p>\n<p style=\"text-align: justify;\">Aquesta \u00e9s la planificaci\u00f3 de projectes interdisciplinaris i transversals del centre. A m\u00e9s a m\u00e9s, es treballar\u00e0 per ampliar el treball per projectes entre les mat\u00e8ries.<\/p>\n<p style=\"text-align: center;\"><a href=\"https:\/\/agora.xtec.cat\/iesvalles\/wp-content\/uploads\/usu1271\/2022\/10\/Projectes.jpg\"><img loading=\"lazy\" decoding=\"async\" class=\"alignnone wp-image-5432\" src=\"https:\/\/agora.xtec.cat\/iesvalles\/wp-content\/uploads\/usu1271\/2022\/10\/Projectes-1024x829.jpg\" alt=\"\" width=\"594\" height=\"481\" srcset=\"https:\/\/agora.xtec.cat\/iesvalles\/wp-content\/uploads\/usu1271\/2022\/10\/Projectes-1024x829.jpg 1024w, https:\/\/agora.xtec.cat\/iesvalles\/wp-content\/uploads\/usu1271\/2022\/10\/Projectes-300x243.jpg 300w, https:\/\/agora.xtec.cat\/iesvalles\/wp-content\/uploads\/usu1271\/2022\/10\/Projectes-768x622.jpg 768w, https:\/\/agora.xtec.cat\/iesvalles\/wp-content\/uploads\/usu1271\/2022\/10\/Projectes.jpg 1332w\" sizes=\"auto, (max-width: 594px) 100vw, 594px\" \/><\/a><\/p>\n<p>&nbsp;<\/p>\n<p>&nbsp;<\/p>\n<ul>\n<li style=\"text-align: justify;\">\n<h5>Acci\u00f3 tutorial<\/h5>\n<\/li>\n<\/ul>\n<p style=\"text-align: justify;\">L\u2019acci\u00f3 tutorial \u00e9s un pilar fonamental de la nostra tasca educativa. Acompanyem i orientem l\u2019alumnat en el seu proc\u00e9s de creixement personal, acad\u00e8mic i professional.<\/p>\n<p style=\"text-align: justify;\">L&#8217;acci\u00f3 tutorial es contempla des d&#8217;una perspectiva d&#8217;acci\u00f3 col\u00b7lectiva de l&#8217;equip docent, en el marc del qual es prendran les decisions i es dissenyaran les estrat\u00e8gies necess\u00e0ries per a dur a terme l\u2019acompanyament i seguiment de l\u2019alumnat. Cada grup tutoria t\u00e9 un\/a tutor\/a de refer\u00e8ncia que \u00e9s el responsable d\u2019establir la comunicaci\u00f3 amb les fam\u00edlies i vetllar per la din\u00e0mica global del grup, juntament amb el suport dels coordinadors de nivell i orientadors del centre.<\/p>\n<p style=\"text-align: justify;\">L\u2019Institut considera imprescindible la participaci\u00f3 dels pares i mares en el proc\u00e9s educatiu, per tal d\u2019aconseguir coher\u00e8ncia i \u00e8xit en la formaci\u00f3 global de l&#8217;alumne\/a. En la programaci\u00f3 de les activitats de l&#8217;acci\u00f3 tutorial es contemplen contactes sistem\u00e0tics amb els pares i mares dels alumnes, tant en l&#8217;\u00e0mbit col\u00b7lectiu com particular. En aquest sentit, el centre estableix, com a m\u00ednim, una entrevista del tutor\/a amb les fam\u00edlies que caldr\u00e0 dur a terme, preferentment, durant el 1r quadrimestre del curs. Aquesta entrevista s\u2019haur\u00e0 de preparar recollint la informaci\u00f3 de l\u2019alumne\/a per part de tot l\u2019equip docent. El tutor\/a \u00e9s el responsable de deixar const\u00e0ncia escrita del contingut de l\u2019entrevista a la fitxa de seguiment de l\u2019alumne\/a.<\/p>\n<p style=\"text-align: center;\"><a href=\"https:\/\/agora.xtec.cat\/iesvalles\/wp-content\/uploads\/usu1271\/2022\/10\/ATutorial1.jpg\"><img loading=\"lazy\" decoding=\"async\" class=\"alignnone wp-image-5434\" src=\"https:\/\/agora.xtec.cat\/iesvalles\/wp-content\/uploads\/usu1271\/2022\/10\/ATutorial1.jpg\" alt=\"\" width=\"529\" height=\"521\" srcset=\"https:\/\/agora.xtec.cat\/iesvalles\/wp-content\/uploads\/usu1271\/2022\/10\/ATutorial1.jpg 976w, https:\/\/agora.xtec.cat\/iesvalles\/wp-content\/uploads\/usu1271\/2022\/10\/ATutorial1-300x296.jpg 300w, https:\/\/agora.xtec.cat\/iesvalles\/wp-content\/uploads\/usu1271\/2022\/10\/ATutorial1-768x757.jpg 768w\" sizes=\"auto, (max-width: 529px) 100vw, 529px\" \/><\/a><\/p>\n<p style=\"text-align: justify;\">El conjunt d\u2019activitats i estrat\u00e8gies que configuren el Projecte d\u2019Acci\u00f3 Tutorial (PAT) del nostre centre s\u2019estructura al voltant de tres l\u00ednies principals que se centren en: la millora de l\u2019aprenentatge a partir de la presa de consci\u00e8ncia i gesti\u00f3 de l\u2019estat d\u2019\u00e0nim propi; l\u2019assoliment d\u2019un context adequat per a l\u2019aprenentatge fomentant el respecte envers la diversitat i l\u2019entorn; i la contribuci\u00f3 per potenciar unes bones condicions de desenvolupament i creixement personal.<\/p>\n<p style=\"text-align: center;\"><a href=\"https:\/\/agora.xtec.cat\/iesvalles\/wp-content\/uploads\/usu1271\/2022\/10\/ATutorial2.jpg\"><img loading=\"lazy\" decoding=\"async\" class=\"alignnone wp-image-5435\" src=\"https:\/\/agora.xtec.cat\/iesvalles\/wp-content\/uploads\/usu1271\/2022\/10\/ATutorial2-1024x959.jpg\" alt=\"\" width=\"510\" height=\"477\" srcset=\"https:\/\/agora.xtec.cat\/iesvalles\/wp-content\/uploads\/usu1271\/2022\/10\/ATutorial2-1024x959.jpg 1024w, https:\/\/agora.xtec.cat\/iesvalles\/wp-content\/uploads\/usu1271\/2022\/10\/ATutorial2-300x281.jpg 300w, https:\/\/agora.xtec.cat\/iesvalles\/wp-content\/uploads\/usu1271\/2022\/10\/ATutorial2-768x719.jpg 768w, https:\/\/agora.xtec.cat\/iesvalles\/wp-content\/uploads\/usu1271\/2022\/10\/ATutorial2.jpg 1230w\" sizes=\"auto, (max-width: 510px) 100vw, 510px\" \/><\/a><\/p>\n<p style=\"text-align: justify;\">\u00a0A 1r d\u2019ESO conjuntament amb 3r d\u2019ESO desenvolupem, entre altres activitats de formaci\u00f3 tutorial i seguiment dels h\u00e0bits d\u2019estudi, el Programa TEI (programa de Tutoria Entre Iguals) per a la integraci\u00f3 escolar i la prevenci\u00f3 de l\u2019assetjament. A 4t d\u2019ESO tamb\u00e9 disposem de dues hores de tutoria grupal on duem a terme, entre altres activitats de formaci\u00f3 tutorial, el Servei Comunitari i l\u2019orientaci\u00f3 acad\u00e8mica i professional en l\u2019etapa postobligat\u00f2ria.<\/p>\n<p style=\"text-align: center;\"><a href=\"https:\/\/agora.xtec.cat\/iesvalles\/wp-content\/uploads\/usu1271\/2022\/10\/TEI1.jpg\"><img loading=\"lazy\" decoding=\"async\" class=\"alignnone wp-image-5437\" src=\"https:\/\/agora.xtec.cat\/iesvalles\/wp-content\/uploads\/usu1271\/2022\/10\/TEI1-1024x653.jpg\" alt=\"\" width=\"555\" height=\"354\" srcset=\"https:\/\/agora.xtec.cat\/iesvalles\/wp-content\/uploads\/usu1271\/2022\/10\/TEI1-1024x653.jpg 1024w, https:\/\/agora.xtec.cat\/iesvalles\/wp-content\/uploads\/usu1271\/2022\/10\/TEI1-300x191.jpg 300w, https:\/\/agora.xtec.cat\/iesvalles\/wp-content\/uploads\/usu1271\/2022\/10\/TEI1-768x489.jpg 768w, https:\/\/agora.xtec.cat\/iesvalles\/wp-content\/uploads\/usu1271\/2022\/10\/TEI1.jpg 1296w\" sizes=\"auto, (max-width: 555px) 100vw, 555px\" \/><\/a><\/p>\n<p>&nbsp;<\/p>\n<ul>\n<li>\n<h5>Inclusivitat<\/h5>\n<\/li>\n<\/ul>\n<p style=\"text-align: center;\"><a href=\"https:\/\/agora.xtec.cat\/iesvalles\/wp-content\/uploads\/usu1271\/2022\/10\/Inclusivitat.jpg\"><img loading=\"lazy\" decoding=\"async\" class=\"alignnone wp-image-5438\" src=\"https:\/\/agora.xtec.cat\/iesvalles\/wp-content\/uploads\/usu1271\/2022\/10\/Inclusivitat-1024x507.jpg\" alt=\"\" width=\"639\" height=\"316\" srcset=\"https:\/\/agora.xtec.cat\/iesvalles\/wp-content\/uploads\/usu1271\/2022\/10\/Inclusivitat-1024x507.jpg 1024w, https:\/\/agora.xtec.cat\/iesvalles\/wp-content\/uploads\/usu1271\/2022\/10\/Inclusivitat-300x149.jpg 300w, https:\/\/agora.xtec.cat\/iesvalles\/wp-content\/uploads\/usu1271\/2022\/10\/Inclusivitat-768x380.jpg 768w, https:\/\/agora.xtec.cat\/iesvalles\/wp-content\/uploads\/usu1271\/2022\/10\/Inclusivitat-1536x760.jpg 1536w, https:\/\/agora.xtec.cat\/iesvalles\/wp-content\/uploads\/usu1271\/2022\/10\/Inclusivitat.jpg 1616w\" sizes=\"auto, (max-width: 639px) 100vw, 639px\" \/><\/a><\/p>\n<p>&nbsp;<\/p>\n<p>&nbsp;<\/p>\n<ul>\n<li>\n<h5>Centre d&#8217;agrupament d&#8217;alumnes amb sordesa<\/h5>\n<\/li>\n<\/ul>\n<p style=\"text-align: center;\"><a href=\"https:\/\/agora.xtec.cat\/iesvalles\/wp-content\/uploads\/usu1271\/2022\/10\/CentreReagrupament.jpg\"><img loading=\"lazy\" decoding=\"async\" class=\"alignnone wp-image-5439\" src=\"https:\/\/agora.xtec.cat\/iesvalles\/wp-content\/uploads\/usu1271\/2022\/10\/CentreReagrupament-1024x545.jpg\" alt=\"\" width=\"611\" height=\"325\" srcset=\"https:\/\/agora.xtec.cat\/iesvalles\/wp-content\/uploads\/usu1271\/2022\/10\/CentreReagrupament-1024x545.jpg 1024w, https:\/\/agora.xtec.cat\/iesvalles\/wp-content\/uploads\/usu1271\/2022\/10\/CentreReagrupament-300x160.jpg 300w, https:\/\/agora.xtec.cat\/iesvalles\/wp-content\/uploads\/usu1271\/2022\/10\/CentreReagrupament-768x409.jpg 768w, https:\/\/agora.xtec.cat\/iesvalles\/wp-content\/uploads\/usu1271\/2022\/10\/CentreReagrupament-1536x817.jpg 1536w, https:\/\/agora.xtec.cat\/iesvalles\/wp-content\/uploads\/usu1271\/2022\/10\/CentreReagrupament.jpg 1594w\" sizes=\"auto, (max-width: 611px) 100vw, 611px\" \/><\/a><\/p>\n<p>&nbsp;<\/p>\n<p>&nbsp;<\/p>\n<ul>\n<li>\n<h5>Foment de l&#8217;esperit cr\u00edtic<\/h5>\n<\/li>\n<\/ul>\n<p style=\"text-align: center;\"><a href=\"https:\/\/agora.xtec.cat\/iesvalles\/wp-content\/uploads\/usu1271\/2022\/10\/Critic1.jpg\"><img loading=\"lazy\" decoding=\"async\" class=\"alignnone wp-image-5440\" src=\"https:\/\/agora.xtec.cat\/iesvalles\/wp-content\/uploads\/usu1271\/2022\/10\/Critic1-1024x559.jpg\" alt=\"\" width=\"613\" height=\"335\" srcset=\"https:\/\/agora.xtec.cat\/iesvalles\/wp-content\/uploads\/usu1271\/2022\/10\/Critic1-1024x559.jpg 1024w, https:\/\/agora.xtec.cat\/iesvalles\/wp-content\/uploads\/usu1271\/2022\/10\/Critic1-300x164.jpg 300w, https:\/\/agora.xtec.cat\/iesvalles\/wp-content\/uploads\/usu1271\/2022\/10\/Critic1-768x419.jpg 768w, https:\/\/agora.xtec.cat\/iesvalles\/wp-content\/uploads\/usu1271\/2022\/10\/Critic1-1536x838.jpg 1536w, https:\/\/agora.xtec.cat\/iesvalles\/wp-content\/uploads\/usu1271\/2022\/10\/Critic1.jpg 1594w\" sizes=\"auto, (max-width: 613px) 100vw, 613px\" \/><\/a><\/p>\n<p style=\"text-align: center;\"><a href=\"https:\/\/agora.xtec.cat\/iesvalles\/wp-content\/uploads\/usu1271\/2022\/10\/Critic2.jpg\"><img loading=\"lazy\" decoding=\"async\" class=\"alignnone wp-image-5441\" src=\"https:\/\/agora.xtec.cat\/iesvalles\/wp-content\/uploads\/usu1271\/2022\/10\/Critic2-1024x550.jpg\" alt=\"\" width=\"598\" height=\"321\" srcset=\"https:\/\/agora.xtec.cat\/iesvalles\/wp-content\/uploads\/usu1271\/2022\/10\/Critic2-1024x550.jpg 1024w, https:\/\/agora.xtec.cat\/iesvalles\/wp-content\/uploads\/usu1271\/2022\/10\/Critic2-300x161.jpg 300w, https:\/\/agora.xtec.cat\/iesvalles\/wp-content\/uploads\/usu1271\/2022\/10\/Critic2-768x413.jpg 768w, https:\/\/agora.xtec.cat\/iesvalles\/wp-content\/uploads\/usu1271\/2022\/10\/Critic2-1536x825.jpg 1536w, https:\/\/agora.xtec.cat\/iesvalles\/wp-content\/uploads\/usu1271\/2022\/10\/Critic2.jpg 1608w\" sizes=\"auto, (max-width: 598px) 100vw, 598px\" \/><\/a><\/p>\n<p>&nbsp;<\/p>\n<p style=\"text-align: justify;\">A Batxillerat, fa dos cursos que participem a l\u2019SMUN 2030, un projecte de l&#8217;ONU que t\u00e9 l&#8217;objectiu de reduir les desigualtats, protegir el planeta i garantir la prosperitat per a tothom. S\u2019MUN2030 promou, amb aquesta finalitat, la participaci\u00f3 creixent en els problemes mundials dels estudiants de secund\u00e0ria i batxillerat de tot el m\u00f3n, els quals tenen l&#8217;oportunitat d&#8217;aprofundir en q\u00fcestions com la sostenibilitat, l\u2019educaci\u00f3, les noves formes d\u2019economia o els recursos energ\u00e8tics en el marc de la Intel\u00b7lig\u00e8ncia Artificial.<\/p>\n<p style=\"text-align: center;\"><a href=\"https:\/\/agora.xtec.cat\/iesvalles\/wp-content\/uploads\/usu1271\/2022\/10\/Smun2030.png\"><img loading=\"lazy\" decoding=\"async\" class=\"alignnone wp-image-5443\" src=\"https:\/\/agora.xtec.cat\/iesvalles\/wp-content\/uploads\/usu1271\/2022\/10\/Smun2030-1024x286.png\" alt=\"\" width=\"493\" height=\"138\" srcset=\"https:\/\/agora.xtec.cat\/iesvalles\/wp-content\/uploads\/usu1271\/2022\/10\/Smun2030-1024x286.png 1024w, https:\/\/agora.xtec.cat\/iesvalles\/wp-content\/uploads\/usu1271\/2022\/10\/Smun2030-300x84.png 300w, https:\/\/agora.xtec.cat\/iesvalles\/wp-content\/uploads\/usu1271\/2022\/10\/Smun2030-768x214.png 768w, https:\/\/agora.xtec.cat\/iesvalles\/wp-content\/uploads\/usu1271\/2022\/10\/Smun2030-1536x428.png 1536w, https:\/\/agora.xtec.cat\/iesvalles\/wp-content\/uploads\/usu1271\/2022\/10\/Smun2030.png 1574w\" sizes=\"auto, (max-width: 493px) 100vw, 493px\" \/><\/a><\/p>\n<p>&nbsp;<\/p>\n<p>&nbsp;<\/p>\n<ul>\n<li>\n<h5>Relacions amb l&#8217;entorn<\/h5>\n<\/li>\n<\/ul>\n<p>Volem promoure la projecci\u00f3, la comunicaci\u00f3 externa i la interacci\u00f3 del centre amb la ciutadania i les relacions amb l\u2019entorn proper i no tan proper com a font d\u2019aprenentatge i enriquiment tant personal com professional.<\/p>\n<p>Partint del context real que envolta el centre, per\u00f2 amb la ferma intenci\u00f3 d\u2019aconseguir una socialitzaci\u00f3 rica, tamb\u00e9 convidem especialistes externs per complementar i ampliar la nostra programaci\u00f3 curricular i per obrir-nos al m\u00f3n.<\/p>\n<p style=\"text-align: center;\"><a href=\"https:\/\/agora.xtec.cat\/iesvalles\/wp-content\/uploads\/usu1271\/2022\/10\/Entorn.jpg\"><img loading=\"lazy\" decoding=\"async\" class=\"alignnone wp-image-5445\" src=\"https:\/\/agora.xtec.cat\/iesvalles\/wp-content\/uploads\/usu1271\/2022\/10\/Entorn-1024x540.jpg\" alt=\"\" width=\"628\" height=\"331\" srcset=\"https:\/\/agora.xtec.cat\/iesvalles\/wp-content\/uploads\/usu1271\/2022\/10\/Entorn-1024x540.jpg 1024w, https:\/\/agora.xtec.cat\/iesvalles\/wp-content\/uploads\/usu1271\/2022\/10\/Entorn-300x158.jpg 300w, https:\/\/agora.xtec.cat\/iesvalles\/wp-content\/uploads\/usu1271\/2022\/10\/Entorn-768x405.jpg 768w, https:\/\/agora.xtec.cat\/iesvalles\/wp-content\/uploads\/usu1271\/2022\/10\/Entorn.jpg 1410w\" sizes=\"auto, (max-width: 628px) 100vw, 628px\" \/><\/a><\/p>\n","protected":false},"excerpt":{"rendered":"<p>Foment del pluriling\u00fcisme: &nbsp; Impuls del treball globalitzat: Amb l\u2019objectiu de fomentar el treball transversal i competencial, al llarg del curs acad\u00e8mic es despleguen projectes que engloben continguts curriculars de diferents mat\u00e8ries. De primer a tercer d\u2019ESO s\u2019han definit dues estructures marc de projectes: Els projectes interdisciplinaris afecten dues, tres o quatre mat\u00e8ries, i s\u2019hi [&hellip;]<\/p>\n","protected":false},"author":10,"featured_media":0,"parent":5406,"menu_order":4,"comment_status":"closed","ping_status":"closed","template":"page-templates\/side-menu.php","meta":{"_bbp_topic_count":0,"_bbp_reply_count":0,"_bbp_total_topic_count":0,"_bbp_total_reply_count":0,"_bbp_voice_count":0,"_bbp_anonymous_reply_count":0,"_bbp_topic_count_hidden":0,"_bbp_reply_count_hidden":0,"_bbp_forum_subforum_count":0,"site-sidebar-layout":"default","site-content-layout":"","ast-site-content-layout":"","site-content-style":"default","site-sidebar-style":"default","ast-global-header-display":"","ast-banner-title-visibility":"","ast-main-header-display":"","ast-hfb-above-header-display":"","ast-hfb-below-header-display":"","ast-hfb-mobile-header-display":"","site-post-title":"","ast-breadcrumbs-content":"","ast-featured-img":"","footer-sml-layout":"","theme-transparent-header-meta":"","adv-header-id-meta":"","stick-header-meta":"","header-above-stick-meta":"","header-main-stick-meta":"","header-below-stick-meta":"","astra-migrate-meta-layouts":"default","ast-page-background-enabled":"default","ast-page-background-meta":{"desktop":{"background-color":"var(--ast-global-color-4)","background-image":"","background-repeat":"repeat","background-position":"center center","background-size":"auto","background-attachment":"scroll","background-type":"","background-media":"","overlay-type":"","overlay-color":"","overlay-opacity":"","overlay-gradient":""},"tablet":{"background-color":"","background-image":"","background-repeat":"repeat","background-position":"center center","background-size":"auto","background-attachment":"scroll","background-type":"","background-media":"","overlay-type":"","overlay-color":"","overlay-opacity":"","overlay-gradient":""},"mobile":{"background-color":"","background-image":"","background-repeat":"repeat","background-position":"center center","background-size":"auto","background-attachment":"scroll","background-type":"","background-media":"","overlay-type":"","overlay-color":"","overlay-opacity":"","overlay-gradient":""}},"ast-content-background-meta":{"desktop":{"background-color":"var(--ast-global-color-5)","background-image":"","background-repeat":"repeat","background-position":"center center","background-size":"auto","background-attachment":"scroll","background-type":"","background-media":"","overlay-type":"","overlay-color":"","overlay-opacity":"","overlay-gradient":""},"tablet":{"background-color":"var(--ast-global-color-5)","background-image":"","background-repeat":"repeat","background-position":"center center","background-size":"auto","background-attachment":"scroll","background-type":"","background-media":"","overlay-type":"","overlay-color":"","overlay-opacity":"","overlay-gradient":""},"mobile":{"background-color":"var(--ast-global-color-5)","background-image":"","background-repeat":"repeat","background-position":"center center","background-size":"auto","background-attachment":"scroll","background-type":"","background-media":"","overlay-type":"","overlay-color":"","overlay-opacity":"","overlay-gradient":""}},"footnotes":""},"class_list":["post-5429","page","type-page","status-publish","hentry"],"post_mailing_queue_ids":[],"_links":{"self":[{"href":"https:\/\/agora.xtec.cat\/iesvalles\/wp-json\/wp\/v2\/pages\/5429","targetHints":{"allow":["GET"]}}],"collection":[{"href":"https:\/\/agora.xtec.cat\/iesvalles\/wp-json\/wp\/v2\/pages"}],"about":[{"href":"https:\/\/agora.xtec.cat\/iesvalles\/wp-json\/wp\/v2\/types\/page"}],"author":[{"embeddable":true,"href":"https:\/\/agora.xtec.cat\/iesvalles\/wp-json\/wp\/v2\/users\/10"}],"replies":[{"embeddable":true,"href":"https:\/\/agora.xtec.cat\/iesvalles\/wp-json\/wp\/v2\/comments?post=5429"}],"version-history":[{"count":3,"href":"https:\/\/agora.xtec.cat\/iesvalles\/wp-json\/wp\/v2\/pages\/5429\/revisions"}],"predecessor-version":[{"id":5433,"href":"https:\/\/agora.xtec.cat\/iesvalles\/wp-json\/wp\/v2\/pages\/5429\/revisions\/5433"}],"up":[{"embeddable":true,"href":"https:\/\/agora.xtec.cat\/iesvalles\/wp-json\/wp\/v2\/pages\/5406"}],"wp:attachment":[{"href":"https:\/\/agora.xtec.cat\/iesvalles\/wp-json\/wp\/v2\/media?parent=5429"}],"curies":[{"name":"wp","href":"https:\/\/api.w.org\/{rel}","templated":true}]}}