{"id":1156,"date":"2017-03-31T13:03:01","date_gmt":"2017-03-31T11:03:01","guid":{"rendered":"http:\/\/agora.xtec.cat\/iesvalles\/?page_id=1156"},"modified":"2022-02-15T08:34:51","modified_gmt":"2022-02-15T07:34:51","slug":"vallescenic","status":"publish","type":"page","link":"https:\/\/agora.xtec.cat\/iesvalles\/projectes\/vallescenic\/","title":{"rendered":"ValleSc\u00e8nic"},"content":{"rendered":"<p style=\"text-align: justify;\">Aquest \u00e9s un projecte que t\u00e9 per objectiu la creaci\u00f3 i representaci\u00f3 d&#8217;espectacles esc\u00e8nics mitjan\u00e7ant la fusi\u00f3 de diferents llenguatges art\u00edstics: teatre, imatge, m\u00fasica, expressi\u00f3 corporal i literatura.<\/p>\n<p style=\"text-align: justify;\">Es desenvolupa a trav\u00e9s del treball interdisciplinari de tres mat\u00e8ries optatives de 4t d&#8217;ESO: Arts esc\u00e8niques, Escenografia i Producci\u00f3 musical.<\/p>\n<p style=\"text-align: justify;\">Els espectacles creats es representen a l&#8217;espai L&#8217;Estruch de Sabadell.<\/p>\n<p>En aquest enlla\u00e7 podeu trobar tota la informaci\u00f3:\u00a0<a href=\"https:\/\/sites.google.com\/xtec.cat\/vallescenic\/inici\" target=\"_blank\" rel=\"noopener\">ValleSc\u00e8nic<\/a><\/p>\n","protected":false},"excerpt":{"rendered":"<p>Aquest \u00e9s un projecte que t\u00e9 per objectiu la creaci\u00f3 i representaci\u00f3 d&#8217;espectacles esc\u00e8nics mitjan\u00e7ant la fusi\u00f3 de diferents llenguatges art\u00edstics: teatre, imatge, m\u00fasica, expressi\u00f3 corporal i literatura. Es desenvolupa a trav\u00e9s del treball interdisciplinari de tres mat\u00e8ries optatives de 4t d&#8217;ESO: Arts esc\u00e8niques, Escenografia i Producci\u00f3 musical. Els espectacles creats es representen a l&#8217;espai [&hellip;]<\/p>\n","protected":false},"author":10,"featured_media":0,"parent":902,"menu_order":4,"comment_status":"closed","ping_status":"closed","template":"page-templates\/side-menu.php","meta":{"_bbp_topic_count":0,"_bbp_reply_count":0,"_bbp_total_topic_count":0,"_bbp_total_reply_count":0,"_bbp_voice_count":0,"_bbp_anonymous_reply_count":0,"_bbp_topic_count_hidden":0,"_bbp_reply_count_hidden":0,"_bbp_forum_subforum_count":0,"site-sidebar-layout":"default","site-content-layout":"","ast-site-content-layout":"","site-content-style":"default","site-sidebar-style":"default","ast-global-header-display":"","ast-banner-title-visibility":"","ast-main-header-display":"","ast-hfb-above-header-display":"","ast-hfb-below-header-display":"","ast-hfb-mobile-header-display":"","site-post-title":"","ast-breadcrumbs-content":"","ast-featured-img":"","footer-sml-layout":"","theme-transparent-header-meta":"","adv-header-id-meta":"","stick-header-meta":"","header-above-stick-meta":"","header-main-stick-meta":"","header-below-stick-meta":"","astra-migrate-meta-layouts":"default","ast-page-background-enabled":"default","ast-page-background-meta":{"desktop":{"background-color":"var(--ast-global-color-4)","background-image":"","background-repeat":"repeat","background-position":"center center","background-size":"auto","background-attachment":"scroll","background-type":"","background-media":"","overlay-type":"","overlay-color":"","overlay-opacity":"","overlay-gradient":""},"tablet":{"background-color":"","background-image":"","background-repeat":"repeat","background-position":"center center","background-size":"auto","background-attachment":"scroll","background-type":"","background-media":"","overlay-type":"","overlay-color":"","overlay-opacity":"","overlay-gradient":""},"mobile":{"background-color":"","background-image":"","background-repeat":"repeat","background-position":"center center","background-size":"auto","background-attachment":"scroll","background-type":"","background-media":"","overlay-type":"","overlay-color":"","overlay-opacity":"","overlay-gradient":""}},"ast-content-background-meta":{"desktop":{"background-color":"var(--ast-global-color-5)","background-image":"","background-repeat":"repeat","background-position":"center center","background-size":"auto","background-attachment":"scroll","background-type":"","background-media":"","overlay-type":"","overlay-color":"","overlay-opacity":"","overlay-gradient":""},"tablet":{"background-color":"var(--ast-global-color-5)","background-image":"","background-repeat":"repeat","background-position":"center center","background-size":"auto","background-attachment":"scroll","background-type":"","background-media":"","overlay-type":"","overlay-color":"","overlay-opacity":"","overlay-gradient":""},"mobile":{"background-color":"var(--ast-global-color-5)","background-image":"","background-repeat":"repeat","background-position":"center center","background-size":"auto","background-attachment":"scroll","background-type":"","background-media":"","overlay-type":"","overlay-color":"","overlay-opacity":"","overlay-gradient":""}},"footnotes":""},"class_list":["post-1156","page","type-page","status-publish","hentry"],"post_mailing_queue_ids":[],"_links":{"self":[{"href":"https:\/\/agora.xtec.cat\/iesvalles\/wp-json\/wp\/v2\/pages\/1156","targetHints":{"allow":["GET"]}}],"collection":[{"href":"https:\/\/agora.xtec.cat\/iesvalles\/wp-json\/wp\/v2\/pages"}],"about":[{"href":"https:\/\/agora.xtec.cat\/iesvalles\/wp-json\/wp\/v2\/types\/page"}],"author":[{"embeddable":true,"href":"https:\/\/agora.xtec.cat\/iesvalles\/wp-json\/wp\/v2\/users\/10"}],"replies":[{"embeddable":true,"href":"https:\/\/agora.xtec.cat\/iesvalles\/wp-json\/wp\/v2\/comments?post=1156"}],"version-history":[{"count":3,"href":"https:\/\/agora.xtec.cat\/iesvalles\/wp-json\/wp\/v2\/pages\/1156\/revisions"}],"predecessor-version":[{"id":4770,"href":"https:\/\/agora.xtec.cat\/iesvalles\/wp-json\/wp\/v2\/pages\/1156\/revisions\/4770"}],"up":[{"embeddable":true,"href":"https:\/\/agora.xtec.cat\/iesvalles\/wp-json\/wp\/v2\/pages\/902"}],"wp:attachment":[{"href":"https:\/\/agora.xtec.cat\/iesvalles\/wp-json\/wp\/v2\/media?parent=1156"}],"curies":[{"name":"wp","href":"https:\/\/api.w.org\/{rel}","templated":true}]}}