{"id":963,"date":"2025-02-13T10:29:12","date_gmt":"2025-02-13T09:29:12","guid":{"rendered":"https:\/\/agora.xtec.cat\/iesvalldarus\/?page_id=963"},"modified":"2025-02-13T10:34:04","modified_gmt":"2025-02-13T09:34:04","slug":"projecte-aquiproubullying","status":"publish","type":"page","link":"https:\/\/agora.xtec.cat\/iesvalldarus\/projecte-aquiproubullying\/","title":{"rendered":"Projecte #aquiproubullying"},"content":{"rendered":"\n<h2 class=\"wp-block-heading has-text-align-center has-white-color has-vivid-red-background-color has-text-color has-background has-link-color has-large-font-size wp-elements-bb060503979541a82b3a01f39fe3b827\"><strong>Projecte #aquiproubullying a l&#8217;institut Vall d&#8217;Ar\u00fas<\/strong><\/h2>\n\n\n\n<p class=\"has-white-color has-vivid-red-background-color has-text-color has-background has-link-color wp-elements-86bc2bcfe4764def1bc7176eb835a8cc\">El Programa d\u2019innovaci\u00f3 pedag\u00f2gica\u00a0<a href=\"https:\/\/xtec.gencat.cat\/ca\/centres\/projeducatiu\/convivencia\/aquiproubullying\/\" target=\"_blank\" rel=\"noreferrer noopener\"><strong>#aquiproubullying<\/strong>,<\/a>\u00a0impulsat per la Direcci\u00f3 General d&#8217;Atenci\u00f3 a la Fam\u00edlia i Comunitat Educativa, promou el benestar emocional de l\u2019alumnat, la\u00a0implicaci\u00f3 individual i col\u00b7lectiva en la millora de la conviv\u00e8ncia, i la sensibilitzaci\u00f3 envers\u00a0l\u2019assetjament escolar com a factors clau en la prevenci\u00f3. A banda, promou estrat\u00e8gies de detecci\u00f3\u00a0preventiva continuada, estructures de tipificaci\u00f3 i pautes en el proc\u00e9s d\u2019abordatge de situacions\u00a0d\u2019assetjament i ciberassetjament escolar.<\/p>\n\n\n\n<div class=\"wp-block-columns has-white-color has-vivid-red-background-color has-text-color has-background has-link-color wp-elements-f4cf5a0998121e992a12496d53a5e60c is-layout-flex wp-container-core-columns-is-layout-1 wp-block-columns-is-layout-flex\">\n<div class=\"wp-block-column is-layout-flow wp-block-column-is-layout-flow\">\n<figure class=\"wp-block-image alignfull size-full\"><a href=\"https:\/\/agora.xtec.cat\/iesvalldarus\/wp-content\/uploads\/usu2464\/2025\/02\/image-3.png\"><img loading=\"lazy\" decoding=\"async\" width=\"299\" height=\"299\" src=\"https:\/\/agora.xtec.cat\/iesvalldarus\/wp-content\/uploads\/usu2464\/2025\/02\/image-3.png\" alt=\"\" class=\"wp-image-965\" srcset=\"https:\/\/agora.xtec.cat\/iesvalldarus\/wp-content\/uploads\/usu2464\/2025\/02\/image-3.png 299w, https:\/\/agora.xtec.cat\/iesvalldarus\/wp-content\/uploads\/usu2464\/2025\/02\/image-3-150x150.png 150w\" sizes=\"auto, (max-width: 299px) 100vw, 299px\" \/><\/a><\/figure>\n<\/div>\n\n\n\n<div class=\"wp-block-column is-layout-flow wp-block-column-is-layout-flow\">\n<p>L&#8217;institut Vall d&#8217;Ar\u00fas de Vallirana participa en el projecte del Departament d&#8217;Educaci\u00f3 i Formaci\u00f3 Professional ha creat el programa d&#8217;innovaci\u00f3 pedag\u00f2gica<strong>\u00a0#aquiproubullying<\/strong>\u00a0de prevenci\u00f3, detecci\u00f3 i intervenci\u00f3 enfront de l&#8217;assetjament entre iguals.<\/p>\n\n\n\n<p>La finalitat del programa \u00e9s estimular els centres educatius a elaborar un projecte que els permeti assolir els objectius generals seg\u00fcents:<\/p>\n\n\n\n<ul class=\"wp-block-list\">\n<li>Sensibilitzar la comunitat escolar de la import\u00e0ncia de prevenir i erradicar l&#8217;assetjament entre iguals.<\/li>\n\n\n\n<li>Formar la comunitat escolar per tal de prevenir, detectar i intervenir davant possibles situacions d&#8217;assetjament entre iguals.<\/li>\n\n\n\n<li>Apoderar i implicar l&#8217;alumnat per detectar i aturar els processos d&#8217;assetjament escolar mitjan\u00e7ant accions de servei a la comunitat.<\/li>\n\n\n\n<li>Prevenir possibles situacions d<strong>&#8216;<\/strong>assetjament en el centre educatiu.<\/li>\n\n\n\n<li>Detectar, intervenir i aturar les situacions d&#8217;assetjament escolar.<\/li>\n<\/ul>\n\n\n\n<p><\/p>\n<\/div>\n<\/div>\n","protected":false},"excerpt":{"rendered":"<p>Projecte #aquiproubullying a l&#8217;institut Vall d&#8217;Ar\u00fas El Programa d\u2019innovaci\u00f3 pedag\u00f2gica\u00a0#aquiproubullying,\u00a0impulsat per la Direcci\u00f3 General d&#8217;Atenci\u00f3 a la Fam\u00edlia i Comunitat [&hellip;]<\/p>\n","protected":false},"author":1,"featured_media":0,"parent":0,"menu_order":0,"comment_status":"closed","ping_status":"close","template":"","meta":{"_bbp_topic_count":0,"_bbp_reply_count":0,"_bbp_total_topic_count":0,"_bbp_total_reply_count":0,"_bbp_voice_count":0,"_bbp_anonymous_reply_count":0,"_bbp_topic_count_hidden":0,"_bbp_reply_count_hidden":0,"_bbp_forum_subforum_count":0,"site-sidebar-layout":"default","site-content-layout":"","ast-site-content-layout":"default","site-content-style":"default","site-sidebar-style":"default","ast-global-header-display":"","ast-banner-title-visibility":"","ast-main-header-display":"","ast-hfb-above-header-display":"","ast-hfb-below-header-display":"","ast-hfb-mobile-header-display":"","site-post-title":"","ast-breadcrumbs-content":"","ast-featured-img":"","footer-sml-layout":"","theme-transparent-header-meta":"","adv-header-id-meta":"","stick-header-meta":"","header-above-stick-meta":"","header-main-stick-meta":"","header-below-stick-meta":"","astra-migrate-meta-layouts":"set","ast-page-background-enabled":"default","ast-page-background-meta":{"desktop":{"background-color":"var(--ast-global-color-4)","background-image":"","background-repeat":"repeat","background-position":"center center","background-size":"auto","background-attachment":"scroll","background-type":"","background-media":"","overlay-type":"","overlay-color":"","overlay-opacity":"","overlay-gradient":""},"tablet":{"background-color":"","background-image":"","background-repeat":"repeat","background-position":"center center","background-size":"auto","background-attachment":"scroll","background-type":"","background-media":"","overlay-type":"","overlay-color":"","overlay-opacity":"","overlay-gradient":""},"mobile":{"background-color":"","background-image":"","background-repeat":"repeat","background-position":"center center","background-size":"auto","background-attachment":"scroll","background-type":"","background-media":"","overlay-type":"","overlay-color":"","overlay-opacity":"","overlay-gradient":""}},"ast-content-background-meta":{"desktop":{"background-color":"var(--ast-global-color-5)","background-image":"","background-repeat":"repeat","background-position":"center center","background-size":"auto","background-attachment":"scroll","background-type":"","background-media":"","overlay-type":"","overlay-color":"","overlay-opacity":"","overlay-gradient":""},"tablet":{"background-color":"var(--ast-global-color-5)","background-image":"","background-repeat":"repeat","background-position":"center center","background-size":"auto","background-attachment":"scroll","background-type":"","background-media":"","overlay-type":"","overlay-color":"","overlay-opacity":"","overlay-gradient":""},"mobile":{"background-color":"var(--ast-global-color-5)","background-image":"","background-repeat":"repeat","background-position":"center center","background-size":"auto","background-attachment":"scroll","background-type":"","background-media":"","overlay-type":"","overlay-color":"","overlay-opacity":"","overlay-gradient":""}},"footnotes":""},"class_list":["post-963","page","type-page","status-publish","hentry"],"post_mailing_queue_ids":[],"_links":{"self":[{"href":"https:\/\/agora.xtec.cat\/iesvalldarus\/wp-json\/wp\/v2\/pages\/963","targetHints":{"allow":["GET"]}}],"collection":[{"href":"https:\/\/agora.xtec.cat\/iesvalldarus\/wp-json\/wp\/v2\/pages"}],"about":[{"href":"https:\/\/agora.xtec.cat\/iesvalldarus\/wp-json\/wp\/v2\/types\/page"}],"author":[{"embeddable":true,"href":"https:\/\/agora.xtec.cat\/iesvalldarus\/wp-json\/wp\/v2\/users\/1"}],"replies":[{"embeddable":true,"href":"https:\/\/agora.xtec.cat\/iesvalldarus\/wp-json\/wp\/v2\/comments?post=963"}],"version-history":[{"count":2,"href":"https:\/\/agora.xtec.cat\/iesvalldarus\/wp-json\/wp\/v2\/pages\/963\/revisions"}],"predecessor-version":[{"id":972,"href":"https:\/\/agora.xtec.cat\/iesvalldarus\/wp-json\/wp\/v2\/pages\/963\/revisions\/972"}],"wp:attachment":[{"href":"https:\/\/agora.xtec.cat\/iesvalldarus\/wp-json\/wp\/v2\/media?parent=963"}],"curies":[{"name":"wp","href":"https:\/\/api.w.org\/{rel}","templated":true}]}}

<h2 class="wp-block-heading has-text-align-center has-white-color has-vivid-red-background-color has-text-color has-background has-link-color has-large-font-size wp-elements-bb060503979541a82b3a01f39fe3b827"><strong>Projecte #aquiproubullying a l&#8217;institut Vall d&#8217;Arús</strong></h2>



<p class="has-white-color has-vivid-red-background-color has-text-color has-background has-link-color wp-elements-86bc2bcfe4764def1bc7176eb835a8cc">El Programa d’innovació pedagògica <a href="https://xtec.gencat.cat/ca/centres/projeducatiu/convivencia/aquiproubullying/" target="_blank" rel="noreferrer noopener"><strong>#aquiproubullying</strong>,</a> impulsat per la Direcció General d&#8217;Atenció a la Família i Comunitat Educativa, promou el benestar emocional de l’alumnat, la implicació individual i col·lectiva en la millora de la convivència, i la sensibilització envers l’assetjament escolar com a factors clau en la prevenció. A banda, promou estratègies de detecció preventiva continuada, estructures de tipificació i pautes en el procés d’abordatge de situacions d’assetjament i ciberassetjament escolar.</p>



<div class="wp-block-columns has-white-color has-vivid-red-background-color has-text-color has-background has-link-color wp-elements-f4cf5a0998121e992a12496d53a5e60c is-layout-flex wp-container-core-columns-is-layout-1 wp-block-columns-is-layout-flex">
<div class="wp-block-column is-layout-flow wp-block-column-is-layout-flow">
<figure class="wp-block-image alignfull size-full"><a href="https://agora.xtec.cat/iesvalldarus/wp-content/uploads/usu2464/2025/02/image-3.png"><img loading="lazy" decoding="async" width="299" height="299" src="https://agora.xtec.cat/iesvalldarus/wp-content/uploads/usu2464/2025/02/image-3.png" alt="" class="wp-image-965" srcset="https://agora.xtec.cat/iesvalldarus/wp-content/uploads/usu2464/2025/02/image-3.png 299w, https://agora.xtec.cat/iesvalldarus/wp-content/uploads/usu2464/2025/02/image-3-150x150.png 150w" sizes="auto, (max-width: 299px) 100vw, 299px" /></a></figure>
</div>



<div class="wp-block-column is-layout-flow wp-block-column-is-layout-flow">
<p>L&#8217;institut Vall d&#8217;Arús de Vallirana participa en el projecte del Departament d&#8217;Educació i Formació Professional ha creat el programa d&#8217;innovació pedagògica<strong> #aquiproubullying</strong> de prevenció, detecció i intervenció enfront de l&#8217;assetjament entre iguals.</p>



<p>La finalitat del programa és estimular els centres educatius a elaborar un projecte que els permeti assolir els objectius generals següents:</p>



<ul class="wp-block-list">
<li>Sensibilitzar la comunitat escolar de la importància de prevenir i erradicar l&#8217;assetjament entre iguals.</li>



<li>Formar la comunitat escolar per tal de prevenir, detectar i intervenir davant possibles situacions d&#8217;assetjament entre iguals.</li>



<li>Apoderar i implicar l&#8217;alumnat per detectar i aturar els processos d&#8217;assetjament escolar mitjançant accions de servei a la comunitat.</li>



<li>Prevenir possibles situacions d<strong>&#8216;</strong>assetjament en el centre educatiu.</li>



<li>Detectar, intervenir i aturar les situacions d&#8217;assetjament escolar.</li>
</ul>



<p></p>
</div>
</div>

<p>Projecte #aquiproubullying a l&#8217;institut Vall d&#8217;Arús El Programa d’innovació pedagògica #aquiproubullying, impulsat per la Direcció General d&#8217;Atenció a la Família i Comunitat [&hellip;]</p>
