{"id":959,"date":"2025-02-13T10:17:32","date_gmt":"2025-02-13T09:17:32","guid":{"rendered":"https:\/\/agora.xtec.cat\/iesvalldarus\/?page_id=959"},"modified":"2025-02-13T10:34:04","modified_gmt":"2025-02-13T09:34:04","slug":"projecte-faig","status":"publish","type":"page","link":"https:\/\/agora.xtec.cat\/iesvalldarus\/projecte-faig\/","title":{"rendered":"Projecte Faig"},"content":{"rendered":"\n<h2 class=\"wp-block-heading has-text-align-center has-vivid-green-cyan-background-color has-background\">Projecte Faig a l&#8217;institut Vall d&#8217;Ar\u00fas<\/h2>\n\n\n\n<figure class=\"wp-block-image alignfull size-large\"><a href=\"https:\/\/agora.xtec.cat\/iesvalldarus\/wp-content\/uploads\/usu2464\/2025\/02\/image-1.png\"><img loading=\"lazy\" decoding=\"async\" width=\"1024\" height=\"365\" src=\"https:\/\/agora.xtec.cat\/iesvalldarus\/wp-content\/uploads\/usu2464\/2025\/02\/image-1-1024x365.png\" alt=\"\" class=\"wp-image-960\" srcset=\"https:\/\/agora.xtec.cat\/iesvalldarus\/wp-content\/uploads\/usu2464\/2025\/02\/image-1-1024x365.png 1024w, https:\/\/agora.xtec.cat\/iesvalldarus\/wp-content\/uploads\/usu2464\/2025\/02\/image-1-300x107.png 300w, https:\/\/agora.xtec.cat\/iesvalldarus\/wp-content\/uploads\/usu2464\/2025\/02\/image-1-768x274.png 768w, https:\/\/agora.xtec.cat\/iesvalldarus\/wp-content\/uploads\/usu2464\/2025\/02\/image-1.png 1400w\" sizes=\"auto, (max-width: 1024px) 100vw, 1024px\" \/><\/a><\/figure>\n\n\n\n<div class=\"wp-block-columns has-light-green-cyan-background-color has-background is-layout-flex wp-container-core-columns-is-layout-1 wp-block-columns-is-layout-flex\">\n<div class=\"wp-block-column is-layout-flow wp-block-column-is-layout-flow\">\n<p>FAIG \u00e9s un programa experimental de suport a la innovaci\u00f3 del Departament d\u2019Educaci\u00f3 de Catalunya promogut per la Direcci\u00f3 General d\u2019Innovaci\u00f3, Digitalitzaci\u00f3 i Curr\u00edculum.<\/p>\n<\/div>\n\n\n\n<div class=\"wp-block-column is-layout-flow wp-block-column-is-layout-flow\">\n<p>FAIG dona suport a la innovaci\u00f3 educativa en centres que desenvolupen metodologies actives d\u2019aprenentatge, a trav\u00e9s de les quals infants i joves esdevenen agents clau per reimaginar el m\u00f3n envers la just\u00edcia global.<\/p>\n<\/div>\n<\/div>\n\n\n\n<p class=\"has-text-align-center has-light-green-cyan-background-color has-background has-medium-font-size\"><a href=\"https:\/\/serveiseducatius.xtec.cat\/cesire\/faig-fent-per-aprendre-imaginant-globalment\/descobreix-el-faig\/\">Descobreix el FAIG<\/a><\/p>\n\n\n\n<p><\/p>\n","protected":false},"excerpt":{"rendered":"<p>Projecte Faig a l&#8217;institut Vall d&#8217;Ar\u00fas FAIG \u00e9s un programa experimental de suport a la innovaci\u00f3 del Departament d\u2019Educaci\u00f3 de [&hellip;]<\/p>\n","protected":false},"author":1,"featured_media":0,"parent":0,"menu_order":0,"comment_status":"closed","ping_status":"close","template":"","meta":{"_bbp_topic_count":0,"_bbp_reply_count":0,"_bbp_total_topic_count":0,"_bbp_total_reply_count":0,"_bbp_voice_count":0,"_bbp_anonymous_reply_count":0,"_bbp_topic_count_hidden":0,"_bbp_reply_count_hidden":0,"_bbp_forum_subforum_count":0,"site-sidebar-layout":"default","site-content-layout":"","ast-site-content-layout":"default","site-content-style":"default","site-sidebar-style":"default","ast-global-header-display":"","ast-banner-title-visibility":"","ast-main-header-display":"","ast-hfb-above-header-display":"","ast-hfb-below-header-display":"","ast-hfb-mobile-header-display":"","site-post-title":"","ast-breadcrumbs-content":"","ast-featured-img":"","footer-sml-layout":"","theme-transparent-header-meta":"","adv-header-id-meta":"","stick-header-meta":"","header-above-stick-meta":"","header-main-stick-meta":"","header-below-stick-meta":"","astra-migrate-meta-layouts":"set","ast-page-background-enabled":"default","ast-page-background-meta":{"desktop":{"background-color":"var(--ast-global-color-4)","background-image":"","background-repeat":"repeat","background-position":"center center","background-size":"auto","background-attachment":"scroll","background-type":"","background-media":"","overlay-type":"","overlay-color":"","overlay-opacity":"","overlay-gradient":""},"tablet":{"background-color":"","background-image":"","background-repeat":"repeat","background-position":"center center","background-size":"auto","background-attachment":"scroll","background-type":"","background-media":"","overlay-type":"","overlay-color":"","overlay-opacity":"","overlay-gradient":""},"mobile":{"background-color":"","background-image":"","background-repeat":"repeat","background-position":"center center","background-size":"auto","background-attachment":"scroll","background-type":"","background-media":"","overlay-type":"","overlay-color":"","overlay-opacity":"","overlay-gradient":""}},"ast-content-background-meta":{"desktop":{"background-color":"var(--ast-global-color-5)","background-image":"","background-repeat":"repeat","background-position":"center center","background-size":"auto","background-attachment":"scroll","background-type":"","background-media":"","overlay-type":"","overlay-color":"","overlay-opacity":"","overlay-gradient":""},"tablet":{"background-color":"var(--ast-global-color-5)","background-image":"","background-repeat":"repeat","background-position":"center center","background-size":"auto","background-attachment":"scroll","background-type":"","background-media":"","overlay-type":"","overlay-color":"","overlay-opacity":"","overlay-gradient":""},"mobile":{"background-color":"var(--ast-global-color-5)","background-image":"","background-repeat":"repeat","background-position":"center center","background-size":"auto","background-attachment":"scroll","background-type":"","background-media":"","overlay-type":"","overlay-color":"","overlay-opacity":"","overlay-gradient":""}},"footnotes":""},"class_list":["post-959","page","type-page","status-publish","hentry"],"post_mailing_queue_ids":[],"_links":{"self":[{"href":"https:\/\/agora.xtec.cat\/iesvalldarus\/wp-json\/wp\/v2\/pages\/959","targetHints":{"allow":["GET"]}}],"collection":[{"href":"https:\/\/agora.xtec.cat\/iesvalldarus\/wp-json\/wp\/v2\/pages"}],"about":[{"href":"https:\/\/agora.xtec.cat\/iesvalldarus\/wp-json\/wp\/v2\/types\/page"}],"author":[{"embeddable":true,"href":"https:\/\/agora.xtec.cat\/iesvalldarus\/wp-json\/wp\/v2\/users\/1"}],"replies":[{"embeddable":true,"href":"https:\/\/agora.xtec.cat\/iesvalldarus\/wp-json\/wp\/v2\/comments?post=959"}],"version-history":[{"count":2,"href":"https:\/\/agora.xtec.cat\/iesvalldarus\/wp-json\/wp\/v2\/pages\/959\/revisions"}],"predecessor-version":[{"id":973,"href":"https:\/\/agora.xtec.cat\/iesvalldarus\/wp-json\/wp\/v2\/pages\/959\/revisions\/973"}],"wp:attachment":[{"href":"https:\/\/agora.xtec.cat\/iesvalldarus\/wp-json\/wp\/v2\/media?parent=959"}],"curies":[{"name":"wp","href":"https:\/\/api.w.org\/{rel}","templated":true}]}}

<h2 class="wp-block-heading has-text-align-center has-vivid-green-cyan-background-color has-background">Projecte Faig a l&#8217;institut Vall d&#8217;Arús</h2>



<figure class="wp-block-image alignfull size-large"><a href="https://agora.xtec.cat/iesvalldarus/wp-content/uploads/usu2464/2025/02/image-1.png"><img loading="lazy" decoding="async" width="1024" height="365" src="https://agora.xtec.cat/iesvalldarus/wp-content/uploads/usu2464/2025/02/image-1-1024x365.png" alt="" class="wp-image-960" srcset="https://agora.xtec.cat/iesvalldarus/wp-content/uploads/usu2464/2025/02/image-1-1024x365.png 1024w, https://agora.xtec.cat/iesvalldarus/wp-content/uploads/usu2464/2025/02/image-1-300x107.png 300w, https://agora.xtec.cat/iesvalldarus/wp-content/uploads/usu2464/2025/02/image-1-768x274.png 768w, https://agora.xtec.cat/iesvalldarus/wp-content/uploads/usu2464/2025/02/image-1.png 1400w" sizes="auto, (max-width: 1024px) 100vw, 1024px" /></a></figure>



<div class="wp-block-columns has-light-green-cyan-background-color has-background is-layout-flex wp-container-core-columns-is-layout-1 wp-block-columns-is-layout-flex">
<div class="wp-block-column is-layout-flow wp-block-column-is-layout-flow">
<p>FAIG és un programa experimental de suport a la innovació del Departament d’Educació de Catalunya promogut per la Direcció General d’Innovació, Digitalització i Currículum.</p>
</div>



<div class="wp-block-column is-layout-flow wp-block-column-is-layout-flow">
<p>FAIG dona suport a la innovació educativa en centres que desenvolupen metodologies actives d’aprenentatge, a través de les quals infants i joves esdevenen agents clau per reimaginar el món envers la justícia global.</p>
</div>
</div>



<p class="has-text-align-center has-light-green-cyan-background-color has-background has-medium-font-size"><a href="https://serveiseducatius.xtec.cat/cesire/faig-fent-per-aprendre-imaginant-globalment/descobreix-el-faig/">Descobreix el FAIG</a></p>



<p></p>

<p>Projecte Faig a l&#8217;institut Vall d&#8217;Arús FAIG és un programa experimental de suport a la innovació del Departament d’Educació de [&hellip;]</p>
