{"id":940,"date":"2025-02-11T11:32:08","date_gmt":"2025-02-11T10:32:08","guid":{"rendered":"https:\/\/agora.xtec.cat\/iesvalldarus\/?page_id=940"},"modified":"2025-02-12T11:58:26","modified_gmt":"2025-02-12T10:58:26","slug":"orientacio","status":"publish","type":"page","link":"https:\/\/agora.xtec.cat\/iesvalldarus\/orientacio\/","title":{"rendered":"Orientaci\u00f3"},"content":{"rendered":"\n<p class=\"has-text-align-center has-luminous-vivid-amber-color has-ast-global-color-0-background-color has-text-color has-background has-link-color has-large-font-size wp-elements-603dbbd71603778d193a08dcdbe4f199\">Orientaci\u00f3 personal i professional<\/p>\n\n\n\n<p>L&#8217;orientaci\u00f3 acad\u00e8mica \u00e9s un element fonamental en el sistema educatiu de l&#8217;educaci\u00f3 secund\u00e0ria i el batxillerat, ja que ajuda els alumnes a prendre decisions informades sobre el seu futur acad\u00e8mic i professional. Aquesta orientaci\u00f3 t\u00e9 una gran import\u00e0ncia per diversos motius:<\/p>\n\n\n\n<div class=\"wp-block-columns is-layout-flex wp-container-core-columns-is-layout-1 wp-block-columns-is-layout-flex\">\n<div class=\"wp-block-column is-layout-flow wp-block-column-is-layout-flow\">\n<p class=\"has-text-align-center\"><strong>Desenvolupament personalitzat<\/strong><\/p>\n\n\n\n<p class=\"has-text-align-left\">L&#8217;orientaci\u00f3 acad\u00e8mica permet adaptar els estudis a les necessitats, interessos i capacitats individuals de cada alumne. D\u2019aquesta manera, els estudiants poden escollir les mat\u00e8ries i els camins educatius que millor s\u2019ajusten a les seves aspiracions, evitant la frustraci\u00f3 i l\u2019abandonament escolar.<\/p>\n<\/div>\n\n\n\n<div class=\"wp-block-column is-layout-flow wp-block-column-is-layout-flow\">\n<p class=\"has-text-align-center\"><strong>Acc\u00e9s a oportunitats futures<\/strong><\/p>\n\n\n\n<p> Una bona orientaci\u00f3 ajuda els estudiants a comprendre millor les possibilitats de carrera i els camins d&#8217;estudi que poden seguir despr\u00e9s de l&#8217;educaci\u00f3 secund\u00e0ria. A l&#8217;educaci\u00f3 secund\u00e0ria obligat\u00f2ria (ESO), els alumnes poden rebre consells per triar el batxillerat o la formaci\u00f3 professional que els obri les portes als estudis superiors o al m\u00f3n laboral.<\/p>\n<\/div>\n\n\n\n<div class=\"wp-block-column is-layout-flow wp-block-column-is-layout-flow\">\n<p class=\"has-text-align-center\"><strong>Foment de la presa de decisions informada<\/strong><\/p>\n\n\n\n<p class=\"has-text-align-center\">Durant l&#8217;ESO i el batxillerat, els estudiants s\u2019enfronten a decisions crucials, com ara quines mat\u00e8ries o especialitzacions estudiar. L&#8217;orientaci\u00f3 acad\u00e8mica els proporciona les eines necess\u00e0ries per analitzar les opcions disponibles, comparar-les amb els seus interessos i habilitats, i prendre decisions responsables i raonades.<\/p>\n<\/div>\n<\/div>\n\n\n\n<div class=\"wp-block-columns is-layout-flex wp-container-core-columns-is-layout-2 wp-block-columns-is-layout-flex\">\n<div class=\"wp-block-column is-layout-flow wp-block-column-is-layout-flow\">\n<p class=\"has-text-align-center\"><strong>Prevenci\u00f3 de frac\u00e0s escolar<\/strong><\/p>\n\n\n\n<p>La manca d&#8217;orientaci\u00f3 o una orientaci\u00f3 inadequada pot generar confusi\u00f3, desmotivaci\u00f3 i fins i tot frac\u00e0s escolar. Un assessorament adequat ajuda a prevenir aquestes situacions, ja que facilita la reflexi\u00f3 i l&#8217;autoconeixement dels estudiants, millorant el seu rendiment acad\u00e8mic.<\/p>\n<\/div>\n\n\n\n<div class=\"wp-block-column is-layout-flow wp-block-column-is-layout-flow\">\n<p class=\"has-text-align-center\"><strong>Facilitar la integraci\u00f3 social i emocional<\/strong><\/p>\n\n\n\n<p class=\"has-text-align-left\"> L&#8217;orientaci\u00f3 acad\u00e8mica no es limita nom\u00e9s a l&#8217;orientaci\u00f3 educativa, sin\u00f3 tamb\u00e9 a la dimensi\u00f3 emocional i social. Els professionals de l&#8217;orientaci\u00f3 ajuden els alumnes a gestionar les pressions derivades de les eleccions acad\u00e8miques, a millorar la seva autoestima i a afrontar les dificultats personals que poden sorgir durant aquesta etapa de la vida.<\/p>\n<\/div>\n\n\n\n<div class=\"wp-block-column is-layout-flow wp-block-column-is-layout-flow\">\n<p class=\"has-text-align-center\"><strong>Foment de la vocaci\u00f3 professional<\/strong><\/p>\n\n\n\n<p>Un dels objectius clau de l&#8217;orientaci\u00f3 acad\u00e8mica \u00e9s ajudar els estudiants a descobrir les seves vocacions professionals, proporcionant-los una visi\u00f3 realista del mercat laboral i les necessitats de les diferents professions. Aix\u00f2 els permet establir plans de futur m\u00e9s coherents amb els seus interessos i aspiracions.<\/p>\n<\/div>\n<\/div>\n\n\n\n<p class=\"has-luminous-vivid-amber-color has-ast-global-color-0-background-color has-text-color has-background has-link-color has-medium-font-size wp-elements-7eb3be84d16e24ff142bbc8d9c2f1d77\"><strong>Banc de recursos d&#8217;orientaci\u00f3<\/strong><\/p>\n\n\n\n<div class=\"wp-block-columns is-layout-flex wp-container-core-columns-is-layout-3 wp-block-columns-is-layout-flex\">\n<div class=\"wp-block-column is-layout-flow wp-block-column-is-layout-flow\">\n<div data-wp-interactive=\"core\/file\" class=\"wp-block-file\"><object data-wp-bind--hidden=\"!state.hasPdfPreview\" hidden class=\"wp-block-file__embed\" data=\"https:\/\/agora.xtec.cat\/iesvalldarus\/wp-content\/uploads\/usu2464\/2025\/02\/bertelsmann_guia_padres_250206_131410.pdf\" type=\"application\/pdf\" style=\"width:100%;height:600px\" aria-label=\"Incrustaci\u00f3 del fitxer bertelsmann_guia_padres_250206_131410.\"><\/object><a id=\"wp-block-file--media-7f1db110-8465-4fe2-939a-3fdbad0b4e0f\" href=\"https:\/\/agora.xtec.cat\/iesvalldarus\/wp-content\/uploads\/usu2464\/2025\/02\/bertelsmann_guia_padres_250206_131410.pdf\">bertelsmann_guia_padres_250206_131410<\/a><a href=\"https:\/\/agora.xtec.cat\/iesvalldarus\/wp-content\/uploads\/usu2464\/2025\/02\/bertelsmann_guia_padres_250206_131410.pdf\" class=\"wp-block-file__button wp-element-button\" download aria-describedby=\"wp-block-file--media-7f1db110-8465-4fe2-939a-3fdbad0b4e0f\">Baixa<\/a><\/div>\n<\/div>\n<\/div>\n\n\n\n<p><a href=\"https:\/\/triaeducativa.gencat.cat\/ca\/orientacio\/index.html\">Orientaci\u00f3 acad\u00e8mica i professional &#8211; web Departament d&#8217;Educaci\u00f3 i Formaci\u00f3 Professional<\/a><\/p>\n","protected":false},"excerpt":{"rendered":"<p>Orientaci\u00f3 personal i professional L&#8217;orientaci\u00f3 acad\u00e8mica \u00e9s un element fonamental en el sistema educatiu de l&#8217;educaci\u00f3 secund\u00e0ria i el batxillerat, [&hellip;]<\/p>\n","protected":false},"author":1,"featured_media":0,"parent":0,"menu_order":0,"comment_status":"closed","ping_status":"close","template":"","meta":{"_bbp_topic_count":0,"_bbp_reply_count":0,"_bbp_total_topic_count":0,"_bbp_total_reply_count":0,"_bbp_voice_count":0,"_bbp_anonymous_reply_count":0,"_bbp_topic_count_hidden":0,"_bbp_reply_count_hidden":0,"_bbp_forum_subforum_count":0,"site-sidebar-layout":"default","site-content-layout":"","ast-site-content-layout":"default","site-content-style":"default","site-sidebar-style":"default","ast-global-header-display":"","ast-banner-title-visibility":"","ast-main-header-display":"","ast-hfb-above-header-display":"","ast-hfb-below-header-display":"","ast-hfb-mobile-header-display":"","site-post-title":"","ast-breadcrumbs-content":"","ast-featured-img":"","footer-sml-layout":"","theme-transparent-header-meta":"","adv-header-id-meta":"","stick-header-meta":"","header-above-stick-meta":"","header-main-stick-meta":"","header-below-stick-meta":"","astra-migrate-meta-layouts":"set","ast-page-background-enabled":"default","ast-page-background-meta":{"desktop":{"background-color":"var(--ast-global-color-4)","background-image":"","background-repeat":"repeat","background-position":"center center","background-size":"auto","background-attachment":"scroll","background-type":"","background-media":"","overlay-type":"","overlay-color":"","overlay-opacity":"","overlay-gradient":""},"tablet":{"background-color":"","background-image":"","background-repeat":"repeat","background-position":"center center","background-size":"auto","background-attachment":"scroll","background-type":"","background-media":"","overlay-type":"","overlay-color":"","overlay-opacity":"","overlay-gradient":""},"mobile":{"background-color":"","background-image":"","background-repeat":"repeat","background-position":"center center","background-size":"auto","background-attachment":"scroll","background-type":"","background-media":"","overlay-type":"","overlay-color":"","overlay-opacity":"","overlay-gradient":""}},"ast-content-background-meta":{"desktop":{"background-color":"var(--ast-global-color-5)","background-image":"","background-repeat":"repeat","background-position":"center center","background-size":"auto","background-attachment":"scroll","background-type":"","background-media":"","overlay-type":"","overlay-color":"","overlay-opacity":"","overlay-gradient":""},"tablet":{"background-color":"var(--ast-global-color-5)","background-image":"","background-repeat":"repeat","background-position":"center center","background-size":"auto","background-attachment":"scroll","background-type":"","background-media":"","overlay-type":"","overlay-color":"","overlay-opacity":"","overlay-gradient":""},"mobile":{"background-color":"var(--ast-global-color-5)","background-image":"","background-repeat":"repeat","background-position":"center center","background-size":"auto","background-attachment":"scroll","background-type":"","background-media":"","overlay-type":"","overlay-color":"","overlay-opacity":"","overlay-gradient":""}},"footnotes":""},"class_list":["post-940","page","type-page","status-publish","hentry"],"post_mailing_queue_ids":[],"_links":{"self":[{"href":"https:\/\/agora.xtec.cat\/iesvalldarus\/wp-json\/wp\/v2\/pages\/940","targetHints":{"allow":["GET"]}}],"collection":[{"href":"https:\/\/agora.xtec.cat\/iesvalldarus\/wp-json\/wp\/v2\/pages"}],"about":[{"href":"https:\/\/agora.xtec.cat\/iesvalldarus\/wp-json\/wp\/v2\/types\/page"}],"author":[{"embeddable":true,"href":"https:\/\/agora.xtec.cat\/iesvalldarus\/wp-json\/wp\/v2\/users\/1"}],"replies":[{"embeddable":true,"href":"https:\/\/agora.xtec.cat\/iesvalldarus\/wp-json\/wp\/v2\/comments?post=940"}],"version-history":[{"count":6,"href":"https:\/\/agora.xtec.cat\/iesvalldarus\/wp-json\/wp\/v2\/pages\/940\/revisions"}],"predecessor-version":[{"id":957,"href":"https:\/\/agora.xtec.cat\/iesvalldarus\/wp-json\/wp\/v2\/pages\/940\/revisions\/957"}],"wp:attachment":[{"href":"https:\/\/agora.xtec.cat\/iesvalldarus\/wp-json\/wp\/v2\/media?parent=940"}],"curies":[{"name":"wp","href":"https:\/\/api.w.org\/{rel}","templated":true}]}}

Orientació

<p class="has-text-align-center has-luminous-vivid-amber-color has-ast-global-color-0-background-color has-text-color has-background has-link-color has-large-font-size wp-elements-603dbbd71603778d193a08dcdbe4f199">Orientació personal i professional</p>



<p>L&#8217;orientació acadèmica és un element fonamental en el sistema educatiu de l&#8217;educació secundària i el batxillerat, ja que ajuda els alumnes a prendre decisions informades sobre el seu futur acadèmic i professional. Aquesta orientació té una gran importància per diversos motius:</p>



<div class="wp-block-columns is-layout-flex wp-container-core-columns-is-layout-1 wp-block-columns-is-layout-flex">
<div class="wp-block-column is-layout-flow wp-block-column-is-layout-flow">
<p class="has-text-align-center"><strong>Desenvolupament personalitzat</strong></p>



<p class="has-text-align-left">L&#8217;orientació acadèmica permet adaptar els estudis a les necessitats, interessos i capacitats individuals de cada alumne. D’aquesta manera, els estudiants poden escollir les matèries i els camins educatius que millor s’ajusten a les seves aspiracions, evitant la frustració i l’abandonament escolar.</p>
</div>



<div class="wp-block-column is-layout-flow wp-block-column-is-layout-flow">
<p class="has-text-align-center"><strong>Accés a oportunitats futures</strong></p>



<p> Una bona orientació ajuda els estudiants a comprendre millor les possibilitats de carrera i els camins d&#8217;estudi que poden seguir després de l&#8217;educació secundària. A l&#8217;educació secundària obligatòria (ESO), els alumnes poden rebre consells per triar el batxillerat o la formació professional que els obri les portes als estudis superiors o al món laboral.</p>
</div>



<div class="wp-block-column is-layout-flow wp-block-column-is-layout-flow">
<p class="has-text-align-center"><strong>Foment de la presa de decisions informada</strong></p>



<p class="has-text-align-center">Durant l&#8217;ESO i el batxillerat, els estudiants s’enfronten a decisions crucials, com ara quines matèries o especialitzacions estudiar. L&#8217;orientació acadèmica els proporciona les eines necessàries per analitzar les opcions disponibles, comparar-les amb els seus interessos i habilitats, i prendre decisions responsables i raonades.</p>
</div>
</div>



<div class="wp-block-columns is-layout-flex wp-container-core-columns-is-layout-2 wp-block-columns-is-layout-flex">
<div class="wp-block-column is-layout-flow wp-block-column-is-layout-flow">
<p class="has-text-align-center"><strong>Prevenció de fracàs escolar</strong></p>



<p>La manca d&#8217;orientació o una orientació inadequada pot generar confusió, desmotivació i fins i tot fracàs escolar. Un assessorament adequat ajuda a prevenir aquestes situacions, ja que facilita la reflexió i l&#8217;autoconeixement dels estudiants, millorant el seu rendiment acadèmic.</p>
</div>



<div class="wp-block-column is-layout-flow wp-block-column-is-layout-flow">
<p class="has-text-align-center"><strong>Facilitar la integració social i emocional</strong></p>



<p class="has-text-align-left"> L&#8217;orientació acadèmica no es limita només a l&#8217;orientació educativa, sinó també a la dimensió emocional i social. Els professionals de l&#8217;orientació ajuden els alumnes a gestionar les pressions derivades de les eleccions acadèmiques, a millorar la seva autoestima i a afrontar les dificultats personals que poden sorgir durant aquesta etapa de la vida.</p>
</div>



<div class="wp-block-column is-layout-flow wp-block-column-is-layout-flow">
<p class="has-text-align-center"><strong>Foment de la vocació professional</strong></p>



<p>Un dels objectius clau de l&#8217;orientació acadèmica és ajudar els estudiants a descobrir les seves vocacions professionals, proporcionant-los una visió realista del mercat laboral i les necessitats de les diferents professions. Això els permet establir plans de futur més coherents amb els seus interessos i aspiracions.</p>
</div>
</div>



<p class="has-luminous-vivid-amber-color has-ast-global-color-0-background-color has-text-color has-background has-link-color has-medium-font-size wp-elements-7eb3be84d16e24ff142bbc8d9c2f1d77"><strong>Banc de recursos d&#8217;orientació</strong></p>



<div class="wp-block-columns is-layout-flex wp-container-core-columns-is-layout-3 wp-block-columns-is-layout-flex">
<div class="wp-block-column is-layout-flow wp-block-column-is-layout-flow">
<div data-wp-interactive="core/file" class="wp-block-file"><object data-wp-bind--hidden="!state.hasPdfPreview" hidden class="wp-block-file__embed" data="https://agora.xtec.cat/iesvalldarus/wp-content/uploads/usu2464/2025/02/bertelsmann_guia_padres_250206_131410.pdf" type="application/pdf" style="width:100%;height:600px" aria-label="Incrustació del fitxer bertelsmann_guia_padres_250206_131410."></object><a id="wp-block-file--media-7f1db110-8465-4fe2-939a-3fdbad0b4e0f" href="https://agora.xtec.cat/iesvalldarus/wp-content/uploads/usu2464/2025/02/bertelsmann_guia_padres_250206_131410.pdf">bertelsmann_guia_padres_250206_131410</a><a href="https://agora.xtec.cat/iesvalldarus/wp-content/uploads/usu2464/2025/02/bertelsmann_guia_padres_250206_131410.pdf" class="wp-block-file__button wp-element-button" download aria-describedby="wp-block-file--media-7f1db110-8465-4fe2-939a-3fdbad0b4e0f">Baixa</a></div>
</div>
</div>



<p><a href="https://triaeducativa.gencat.cat/ca/orientacio/index.html">Orientació acadèmica i professional &#8211; web Departament d&#8217;Educació i Formació Professional</a></p>

<p>Orientació personal i professional L&#8217;orientació acadèmica és un element fonamental en el sistema educatiu de l&#8217;educació secundària i el batxillerat, [&hellip;]</p>
