{"id":773,"date":"2023-11-24T09:02:34","date_gmt":"2023-11-24T08:02:34","guid":{"rendered":"https:\/\/agora.xtec.cat\/iesvalldarus\/?page_id=773"},"modified":"2023-11-24T09:19:36","modified_gmt":"2023-11-24T08:19:36","slug":"sollicitud-de-certificat-de-nivell-de-catala","status":"publish","type":"page","link":"https:\/\/agora.xtec.cat\/iesvalldarus\/sollicitud-de-certificat-de-nivell-de-catala\/","title":{"rendered":"Sol\u00b7licitud de certificat de nivell de catal\u00e0"},"content":{"rendered":"<ul>\n<li>Els centres p\u00fablics d\u2019Educaci\u00f3 Secund\u00e0ria de Catalunya poden expedir certificats d\u2019equival\u00e8ncia del nivell de catal\u00e0 a l\u2019alumnat que ho sol\u00b7liciti i acompleixi les condicions establertes per la\u00a0normativa.<\/li>\n<li>Ho poden demanar les persones nascudes a partir de l\u2019any 1972 que volen obtenir aquest reconeixement i l\u2019itinerari educatiu de les quals s\u2019hagi portat a terme \u00edntegrament a Catalunya o, parcialment, a d\u2019altres territoris on el catal\u00e0 hi fos llengua curricular i avaluable, de manera que s\u2019hagi acabat obtenint la titulaci\u00f3 al sistema educatiu de Catalunya. Aix\u00ed doncs, la primera promoci\u00f3 escolar que t\u00e9 dret a demanar aquest reconeixement \u00e9s la que va comen\u00e7ar el primer any de l\u2019educaci\u00f3 general b\u00e0sica (EGB) el curs 1978-1979, a partir del qual l\u2019ensenyament del catal\u00e0 va ser oficial al sistema educatiu de Catalunya, tal com s\u2019estableix al\u00a0<a href=\"https:\/\/www.boe.es\/buscar\/doc.php?id=BOE-A-1978-22729\">Reial decret 2092\/1978, de 23 de juny<\/a>.<\/li>\n<li>Els documents adjuntats han de ser c\u00f2pies aut\u00e8ntiques (excepte el DNI). En cas que no disposeu de c\u00f2pies aut\u00e8ntiques, haureu de portar els originals a la Secretaria del centre.<\/li>\n<li>Quan tinguem a punt el certificat ens posarem en contacte amb tu perqu\u00e8 el vinguis a recollir a la Secretaria, presentant l\u2019original del DNI\/NIE\/Passaport acreditat en la sol\u00b7licitud. Si no pots venir personalment,\u00a0 la persona autoritzada ha de presentar el seu DNI.<\/li>\n<\/ul>\n","protected":false},"excerpt":{"rendered":"<p>Els centres p\u00fablics d\u2019Educaci\u00f3 Secund\u00e0ria de Catalunya poden expedir certificats d\u2019equival\u00e8ncia del nivell de catal\u00e0 a l\u2019alumnat que ho sol\u00b7liciti [&hellip;]<\/p>\n","protected":false},"author":1,"featured_media":0,"parent":0,"menu_order":0,"comment_status":"closed","ping_status":"closed","template":"","meta":{"_bbp_topic_count":0,"_bbp_reply_count":0,"_bbp_total_topic_count":0,"_bbp_total_reply_count":0,"_bbp_voice_count":0,"_bbp_anonymous_reply_count":0,"_bbp_topic_count_hidden":0,"_bbp_reply_count_hidden":0,"_bbp_forum_subforum_count":0,"site-sidebar-layout":"default","site-content-layout":"","ast-site-content-layout":"","site-content-style":"default","site-sidebar-style":"default","ast-global-header-display":"","ast-banner-title-visibility":"","ast-main-header-display":"","ast-hfb-above-header-display":"","ast-hfb-below-header-display":"","ast-hfb-mobile-header-display":"","site-post-title":"","ast-breadcrumbs-content":"","ast-featured-img":"","footer-sml-layout":"","theme-transparent-header-meta":"","adv-header-id-meta":"","stick-header-meta":"","header-above-stick-meta":"","header-main-stick-meta":"","header-below-stick-meta":"","astra-migrate-meta-layouts":"default","ast-page-background-enabled":"default","ast-page-background-meta":{"desktop":{"background-color":"var(--ast-global-color-4)","background-image":"","background-repeat":"repeat","background-position":"center center","background-size":"auto","background-attachment":"scroll","background-type":"","background-media":"","overlay-type":"","overlay-color":"","overlay-opacity":"","overlay-gradient":""},"tablet":{"background-color":"","background-image":"","background-repeat":"repeat","background-position":"center center","background-size":"auto","background-attachment":"scroll","background-type":"","background-media":"","overlay-type":"","overlay-color":"","overlay-opacity":"","overlay-gradient":""},"mobile":{"background-color":"","background-image":"","background-repeat":"repeat","background-position":"center center","background-size":"auto","background-attachment":"scroll","background-type":"","background-media":"","overlay-type":"","overlay-color":"","overlay-opacity":"","overlay-gradient":""}},"ast-content-background-meta":{"desktop":{"background-color":"var(--ast-global-color-5)","background-image":"","background-repeat":"repeat","background-position":"center center","background-size":"auto","background-attachment":"scroll","background-type":"","background-media":"","overlay-type":"","overlay-color":"","overlay-opacity":"","overlay-gradient":""},"tablet":{"background-color":"var(--ast-global-color-5)","background-image":"","background-repeat":"repeat","background-position":"center center","background-size":"auto","background-attachment":"scroll","background-type":"","background-media":"","overlay-type":"","overlay-color":"","overlay-opacity":"","overlay-gradient":""},"mobile":{"background-color":"var(--ast-global-color-5)","background-image":"","background-repeat":"repeat","background-position":"center center","background-size":"auto","background-attachment":"scroll","background-type":"","background-media":"","overlay-type":"","overlay-color":"","overlay-opacity":"","overlay-gradient":""}},"footnotes":""},"class_list":["post-773","page","type-page","status-publish","hentry"],"post_mailing_queue_ids":[],"_links":{"self":[{"href":"https:\/\/agora.xtec.cat\/iesvalldarus\/wp-json\/wp\/v2\/pages\/773","targetHints":{"allow":["GET"]}}],"collection":[{"href":"https:\/\/agora.xtec.cat\/iesvalldarus\/wp-json\/wp\/v2\/pages"}],"about":[{"href":"https:\/\/agora.xtec.cat\/iesvalldarus\/wp-json\/wp\/v2\/types\/page"}],"author":[{"embeddable":true,"href":"https:\/\/agora.xtec.cat\/iesvalldarus\/wp-json\/wp\/v2\/users\/1"}],"replies":[{"embeddable":true,"href":"https:\/\/agora.xtec.cat\/iesvalldarus\/wp-json\/wp\/v2\/comments?post=773"}],"version-history":[{"count":3,"href":"https:\/\/agora.xtec.cat\/iesvalldarus\/wp-json\/wp\/v2\/pages\/773\/revisions"}],"predecessor-version":[{"id":785,"href":"https:\/\/agora.xtec.cat\/iesvalldarus\/wp-json\/wp\/v2\/pages\/773\/revisions\/785"}],"wp:attachment":[{"href":"https:\/\/agora.xtec.cat\/iesvalldarus\/wp-json\/wp\/v2\/media?parent=773"}],"curies":[{"name":"wp","href":"https:\/\/api.w.org\/{rel}","templated":true}]}}

Sol·licitud de certificat de nivell de català

<ul>
<li>Els centres públics d’Educació Secundària de Catalunya poden expedir certificats d’equivalència del nivell de català a l’alumnat que ho sol·liciti i acompleixi les condicions establertes per la normativa.</li>
<li>Ho poden demanar les persones nascudes a partir de l’any 1972 que volen obtenir aquest reconeixement i l’itinerari educatiu de les quals s’hagi portat a terme íntegrament a Catalunya o, parcialment, a d’altres territoris on el català hi fos llengua curricular i avaluable, de manera que s’hagi acabat obtenint la titulació al sistema educatiu de Catalunya. Així doncs, la primera promoció escolar que té dret a demanar aquest reconeixement és la que va començar el primer any de l’educació general bàsica (EGB) el curs 1978-1979, a partir del qual l’ensenyament del català va ser oficial al sistema educatiu de Catalunya, tal com s’estableix al <a href="https://www.boe.es/buscar/doc.php?id=BOE-A-1978-22729">Reial decret 2092/1978, de 23 de juny</a>.</li>
<li>Els documents adjuntats han de ser còpies autèntiques (excepte el DNI). En cas que no disposeu de còpies autèntiques, haureu de portar els originals a la Secretaria del centre.</li>
<li>Quan tinguem a punt el certificat ens posarem en contacte amb tu perquè el vinguis a recollir a la Secretaria, presentant l’original del DNI/NIE/Passaport acreditat en la sol·licitud. Si no pots venir personalment,  la persona autoritzada ha de presentar el seu DNI.</li>
</ul>

<p>Els centres públics d’Educació Secundària de Catalunya poden expedir certificats d’equivalència del nivell de català a l’alumnat que ho sol·liciti [&hellip;]</p>
