{"id":27,"date":"2014-09-17T16:24:03","date_gmt":"2014-09-17T16:24:03","guid":{"rendered":"http:\/\/agora.xtec.cat\/iesvalldarus\/?page_id=27"},"modified":"2023-10-30T13:46:00","modified_gmt":"2023-10-30T12:46:00","slug":"historia","status":"publish","type":"page","link":"https:\/\/agora.xtec.cat\/iesvalldarus\/linstitut\/historia\/","title":{"rendered":"Hist\u00f2ria"},"content":{"rendered":"\r\n\t<div class=\"slideshow_container slideshow_container_style-light\" style=\"height: 300px; \" data-slideshow-id=\"611\" data-style-name=\"style-light\" data-style-version=\"2.3.1\" >\r\n\r\n\t\t\t\t\t<div class=\"slideshow_loading_icon\"><\/div>\r\n\t\t\r\n\t\t<div class=\"slideshow_content\" style=\"display: none;\">\r\n\r\n\t\t\t<div class=\"slideshow_view\">\r\n\t\t\t\t<div class=\"slideshow_slide slideshow_slide_image\">\r\n\t\t\t\t\t\t\t\t\t\t\t<img src=\"https:\/\/agora.xtec.cat\/iesvalldarus\/wp-content\/uploads\/usu2464\/2023\/10\/vda4.png\" alt=\"\" width=\"397\" height=\"274\" \/>\r\n\t\t\t\t\t\t\t\t\t\t<div class=\"slideshow_description_box slideshow_transparent\">\r\n\t\t\t\t\t\t\t\t\t\t\t\t\t\t\t\t\t<\/div>\r\n\t\t\t\t<\/div>\r\n\r\n\t\t\t\t\t\t<div style=\"clear: both;\"><\/div><\/div><div class=\"slideshow_view\">\r\n\t\t\t\t<div class=\"slideshow_slide slideshow_slide_image\">\r\n\t\t\t\t\t\t\t\t\t\t\t<img src=\"https:\/\/agora.xtec.cat\/iesvalldarus\/wp-content\/uploads\/usu2464\/2023\/10\/vda.png\" alt=\"vda\" width=\"445\" height=\"298\" \/>\r\n\t\t\t\t\t\t\t\t\t\t<div class=\"slideshow_description_box slideshow_transparent\">\r\n\t\t\t\t\t\t\t\t\t\t\t\t\t\t\t\t\t<\/div>\r\n\t\t\t\t<\/div>\r\n\r\n\t\t\t\t\t\t<div style=\"clear: both;\"><\/div><\/div><div class=\"slideshow_view\">\r\n\t\t\t\t<div class=\"slideshow_slide slideshow_slide_image\">\r\n\t\t\t\t\t\t\t\t\t\t\t<img src=\"https:\/\/agora.xtec.cat\/iesvalldarus\/wp-content\/uploads\/usu2464\/2023\/10\/vda2.png\" alt=\"vda2\" width=\"306\" height=\"239\" \/>\r\n\t\t\t\t\t\t\t\t\t\t<div class=\"slideshow_description_box slideshow_transparent\">\r\n\t\t\t\t\t\t\t\t\t\t\t\t\t\t\t\t\t<\/div>\r\n\t\t\t\t<\/div>\r\n\r\n\t\t\t\t\t\t<div style=\"clear: both;\"><\/div><\/div><div class=\"slideshow_view\">\r\n\t\t\t\t<div class=\"slideshow_slide slideshow_slide_image\">\r\n\t\t\t\t\t\t\t\t\t\t\t<img src=\"https:\/\/agora.xtec.cat\/iesvalldarus\/wp-content\/uploads\/usu2464\/2023\/10\/vda3-1.png\" alt=\"vda3\" width=\"454\" height=\"341\" \/>\r\n\t\t\t\t\t\t\t\t\t\t<div class=\"slideshow_description_box slideshow_transparent\">\r\n\t\t\t\t\t\t\t\t\t\t\t\t\t\t\t\t\t<\/div>\r\n\t\t\t\t<\/div>\r\n\r\n\t\t\t\t\t\t<div style=\"clear: both;\"><\/div><\/div>\r\n\t\t<\/div>\r\n\r\n\t\t<div class=\"slideshow_controlPanel slideshow_transparent\" style=\"display: none;\"><ul><li class=\"slideshow_togglePlay\" data-play-text=\"Visualitza\" data-pause-text=\"Pausa\"><\/li><\/ul><\/div>\r\n\r\n\t\t<div class=\"slideshow_button slideshow_previous slideshow_transparent\" role=\"button\" data-previous-text=\"Anterior\" style=\"display: none;\"><\/div>\r\n\t\t<div class=\"slideshow_button slideshow_next slideshow_transparent\" role=\"button\" data-next-text=\"Seg\u00fcent\" style=\"display: none;\"><\/div>\r\n\r\n\t\t<div class=\"slideshow_pagination\" style=\"display: none;\" data-go-to-text=\"V\u00e9s a la diapositiva\"><div class=\"slideshow_pagination_center\"><\/div><\/div>\r\n\r\n\t\t<!-- WordPress Slideshow Version 2.3.1 -->\r\n\r\n\t\t\t<\/div>\r\n\r\n\n<p>El curs 1993-94, el centre es trasllada a unes noves instal\u00b7lacions, l&#8217;actual Institut, situat a Vallirana, al carrer Mestres\u00a0<span class=\"hiddenSpellError\">Esqu\u00e9<\/span>\u00a0i Art\u00f3 s\/n. Deixant de banda definitivament la construcci\u00f3 de Can\u00a0<span class=\"hiddenSpellError\">Mascar\u00f2<\/span>\u00a0a Cervell\u00f3. El centre va passar a denominar-se Vall d&#8217;Ar\u00fas, que fa refer\u00e8ncia al lloc on s&#8217;ubica l&#8217;edifici.<br \/>\nLa poblaci\u00f3 escolar que recollia l&#8217;Institut pertanyia als municipis de Vallirana, Cervell\u00f3, la Palma de Cervell\u00f3 i Corbera de Llobregat.<br \/>\nEl centre es va inaugurar oficialment el<strong> 16 d&#8217;octubre del 1993<\/strong>.<br \/>\nDurant el curs 1994-95 s&#8217;inicia al centre la implantaci\u00f3 avan\u00e7ada del nou sistema educatiu que finalment va comen\u00e7ar amb els tercers d&#8217;Ensenyament Secundari Obligatori.<br \/>\nEl Primer Grau de Formaci\u00f3 Professional deixa d&#8217;oferir-se el curs 1995-96 i tamb\u00e9 2n de BUP. S&#8217;inscriu el curs 4t d&#8217;ESO.<br \/>\nEn l&#8217;any 1996-97 s&#8217;incorporen finalment els alumnes de 1r de l&#8217;ESO.<\/p>\n","protected":false},"excerpt":{"rendered":"<p>El curs 1993-94, el centre es trasllada a unes noves instal\u00b7lacions, l&#8217;actual Institut, situat a Vallirana, al carrer Mestres\u00a0Esqu\u00e9\u00a0i Art\u00f3 [&hellip;]<\/p>\n","protected":false},"author":1,"featured_media":0,"parent":19,"menu_order":20,"comment_status":"closed","ping_status":"closed","template":"page-templates\/side-menu.php","meta":{"_bbp_topic_count":0,"_bbp_reply_count":0,"_bbp_total_topic_count":0,"_bbp_total_reply_count":0,"_bbp_voice_count":0,"_bbp_anonymous_reply_count":0,"_bbp_topic_count_hidden":0,"_bbp_reply_count_hidden":0,"_bbp_forum_subforum_count":0,"site-sidebar-layout":"default","site-content-layout":"","ast-site-content-layout":"","site-content-style":"default","site-sidebar-style":"default","ast-global-header-display":"","ast-banner-title-visibility":"","ast-main-header-display":"","ast-hfb-above-header-display":"","ast-hfb-below-header-display":"","ast-hfb-mobile-header-display":"","site-post-title":"","ast-breadcrumbs-content":"","ast-featured-img":"","footer-sml-layout":"","theme-transparent-header-meta":"","adv-header-id-meta":"","stick-header-meta":"","header-above-stick-meta":"","header-main-stick-meta":"","header-below-stick-meta":"","astra-migrate-meta-layouts":"default","ast-page-background-enabled":"default","ast-page-background-meta":{"desktop":{"background-color":"var(--ast-global-color-4)","background-image":"","background-repeat":"repeat","background-position":"center center","background-size":"auto","background-attachment":"scroll","background-type":"","background-media":"","overlay-type":"","overlay-color":"","overlay-opacity":"","overlay-gradient":""},"tablet":{"background-color":"","background-image":"","background-repeat":"repeat","background-position":"center center","background-size":"auto","background-attachment":"scroll","background-type":"","background-media":"","overlay-type":"","overlay-color":"","overlay-opacity":"","overlay-gradient":""},"mobile":{"background-color":"","background-image":"","background-repeat":"repeat","background-position":"center center","background-size":"auto","background-attachment":"scroll","background-type":"","background-media":"","overlay-type":"","overlay-color":"","overlay-opacity":"","overlay-gradient":""}},"ast-content-background-meta":{"desktop":{"background-color":"var(--ast-global-color-5)","background-image":"","background-repeat":"repeat","background-position":"center center","background-size":"auto","background-attachment":"scroll","background-type":"","background-media":"","overlay-type":"","overlay-color":"","overlay-opacity":"","overlay-gradient":""},"tablet":{"background-color":"var(--ast-global-color-5)","background-image":"","background-repeat":"repeat","background-position":"center center","background-size":"auto","background-attachment":"scroll","background-type":"","background-media":"","overlay-type":"","overlay-color":"","overlay-opacity":"","overlay-gradient":""},"mobile":{"background-color":"var(--ast-global-color-5)","background-image":"","background-repeat":"repeat","background-position":"center center","background-size":"auto","background-attachment":"scroll","background-type":"","background-media":"","overlay-type":"","overlay-color":"","overlay-opacity":"","overlay-gradient":""}},"footnotes":""},"class_list":["post-27","page","type-page","status-publish","hentry"],"post_mailing_queue_ids":[],"_links":{"self":[{"href":"https:\/\/agora.xtec.cat\/iesvalldarus\/wp-json\/wp\/v2\/pages\/27","targetHints":{"allow":["GET"]}}],"collection":[{"href":"https:\/\/agora.xtec.cat\/iesvalldarus\/wp-json\/wp\/v2\/pages"}],"about":[{"href":"https:\/\/agora.xtec.cat\/iesvalldarus\/wp-json\/wp\/v2\/types\/page"}],"author":[{"embeddable":true,"href":"https:\/\/agora.xtec.cat\/iesvalldarus\/wp-json\/wp\/v2\/users\/1"}],"replies":[{"embeddable":true,"href":"https:\/\/agora.xtec.cat\/iesvalldarus\/wp-json\/wp\/v2\/comments?post=27"}],"version-history":[{"count":3,"href":"https:\/\/agora.xtec.cat\/iesvalldarus\/wp-json\/wp\/v2\/pages\/27\/revisions"}],"predecessor-version":[{"id":615,"href":"https:\/\/agora.xtec.cat\/iesvalldarus\/wp-json\/wp\/v2\/pages\/27\/revisions\/615"}],"up":[{"embeddable":true,"href":"https:\/\/agora.xtec.cat\/iesvalldarus\/wp-json\/wp\/v2\/pages\/19"}],"wp:attachment":[{"href":"https:\/\/agora.xtec.cat\/iesvalldarus\/wp-json\/wp\/v2\/media?parent=27"}],"curies":[{"name":"wp","href":"https:\/\/api.w.org\/{rel}","templated":true}]}}

Història

<div class="slideshow_container slideshow_container_style-light" style="height: 300px; " data-slideshow-id="611" data-style-name="style-light" data-style-version="2.3.1" >

					<div class="slideshow_loading_icon"></div>
		
		<div class="slideshow_content" style="display: none;">

			<div class="slideshow_view">
				<div class="slideshow_slide slideshow_slide_image">
											<img src="https://agora.xtec.cat/iesvalldarus/wp-content/uploads/usu2464/2023/10/vda4.png" alt="" width="397" height="274" />
										<div class="slideshow_description_box slideshow_transparent">
																	</div>
				</div>

						<div style="clear: both;"></div></div><div class="slideshow_view">
				<div class="slideshow_slide slideshow_slide_image">
											<img src="https://agora.xtec.cat/iesvalldarus/wp-content/uploads/usu2464/2023/10/vda.png" alt="vda" width="445" height="298" />
										<div class="slideshow_description_box slideshow_transparent">
																	</div>
				</div>

						<div style="clear: both;"></div></div><div class="slideshow_view">
				<div class="slideshow_slide slideshow_slide_image">
											<img src="https://agora.xtec.cat/iesvalldarus/wp-content/uploads/usu2464/2023/10/vda2.png" alt="vda2" width="306" height="239" />
										<div class="slideshow_description_box slideshow_transparent">
																	</div>
				</div>

						<div style="clear: both;"></div></div><div class="slideshow_view">
				<div class="slideshow_slide slideshow_slide_image">
											<img src="https://agora.xtec.cat/iesvalldarus/wp-content/uploads/usu2464/2023/10/vda3-1.png" alt="vda3" width="454" height="341" />
										<div class="slideshow_description_box slideshow_transparent">
																	</div>
				</div>

						<div style="clear: both;"></div></div>
		</div>

		<div class="slideshow_controlPanel slideshow_transparent" style="display: none;"><ul><li class="slideshow_togglePlay" data-play-text="Visualitza" data-pause-text="Pausa"></li></ul></div>

		<div class="slideshow_button slideshow_previous slideshow_transparent" role="button" data-previous-text="Anterior" style="display: none;"></div>
		<div class="slideshow_button slideshow_next slideshow_transparent" role="button" data-next-text="Següent" style="display: none;"></div>

		<div class="slideshow_pagination" style="display: none;" data-go-to-text="Vés a la diapositiva"><div class="slideshow_pagination_center"></div></div>

		<!-- WordPress Slideshow Version 2.3.1 -->

			</div>


<p>El curs 1993-94, el centre es trasllada a unes noves instal·lacions, l&#8217;actual Institut, situat a Vallirana, al carrer Mestres <span class="hiddenSpellError">Esqué</span> i Artó s/n. Deixant de banda definitivament la construcció de Can <span class="hiddenSpellError">Mascarò</span> a Cervelló. El centre va passar a denominar-se Vall d&#8217;Arús, que fa referència al lloc on s&#8217;ubica l&#8217;edifici.<br />
La població escolar que recollia l&#8217;Institut pertanyia als municipis de Vallirana, Cervelló, la Palma de Cervelló i Corbera de Llobregat.<br />
El centre es va inaugurar oficialment el<strong> 16 d&#8217;octubre del 1993</strong>.<br />
Durant el curs 1994-95 s&#8217;inicia al centre la implantació avançada del nou sistema educatiu que finalment va començar amb els tercers d&#8217;Ensenyament Secundari Obligatori.<br />
El Primer Grau de Formació Professional deixa d&#8217;oferir-se el curs 1995-96 i també 2n de BUP. S&#8217;inscriu el curs 4t d&#8217;ESO.<br />
En l&#8217;any 1996-97 s&#8217;incorporen finalment els alumnes de 1r de l&#8217;ESO.</p>

<p>El curs 1993-94, el centre es trasllada a unes noves instal·lacions, l&#8217;actual Institut, situat a Vallirana, al carrer Mestres Esqué i Artó [&hellip;]</p>
