{"id":195,"date":"2014-09-22T10:39:39","date_gmt":"2014-09-22T10:39:39","guid":{"rendered":"http:\/\/agora.xtec.cat\/iesvalldarus\/?page_id=195"},"modified":"2026-01-27T05:40:24","modified_gmt":"2026-01-27T04:40:24","slug":"estudis","status":"publish","type":"page","link":"https:\/\/agora.xtec.cat\/iesvalldarus\/estudis\/","title":{"rendered":"Oferta formativa"},"content":{"rendered":"\n<p>L\u2019Institut Vall d\u2019Ar\u00fas \u00e9s un centre p\u00fablic de Vallirana que ofereix una formaci\u00f3 acad\u00e8mica completa dins del sistema educatiu de la Generalitat de Catalunya.<\/p>\n\n\n\n<p>L\u2019oferta formativa del centre inclou:<\/p>\n\n\n\n<ul class=\"wp-block-list\">\n<li><strong>Educaci\u00f3 Secund\u00e0ria Obligat\u00f2ria (ESO)<\/strong><br>Etapa que garanteix una formaci\u00f3 integral de l\u2019alumnat, afavorint l\u2019adquisici\u00f3 de compet\u00e8ncies b\u00e0siques, l\u2019orientaci\u00f3 acad\u00e8mica i el desenvolupament personal i social.<\/li>\n\n\n\n<li><strong>Batxillerat<\/strong><br>L\u2019institut ofereix les seg\u00fcents modalitats de Batxillerat:\n<ul class=\"wp-block-list\">\n<li><strong>Batxillerat de Ci\u00e8ncies i Tecnologia<\/strong><\/li>\n\n\n\n<li><strong>Batxillerat d\u2019Humanitats i Ci\u00e8ncies Socials<\/strong><\/li>\n\n\n\n<li>Aquestes modalitats permeten a l\u2019alumnat aprofundir en els seus interessos i preparar-se tant per a estudis superiors com per al seu futur acad\u00e8mic i professional.<\/li>\n<\/ul>\n<\/li>\n<\/ul>\n\n\n\n<p><\/p>\n","protected":false},"excerpt":{"rendered":"<p>L\u2019Institut Vall d\u2019Ar\u00fas \u00e9s un centre p\u00fablic de Vallirana que ofereix una formaci\u00f3 acad\u00e8mica completa dins del sistema educatiu de [&hellip;]<\/p>\n","protected":false},"author":1,"featured_media":0,"parent":0,"menu_order":0,"comment_status":"closed","ping_status":"closed","template":"","meta":{"_bbp_topic_count":0,"_bbp_reply_count":0,"_bbp_total_topic_count":0,"_bbp_total_reply_count":0,"_bbp_voice_count":0,"_bbp_anonymous_reply_count":0,"_bbp_topic_count_hidden":0,"_bbp_reply_count_hidden":0,"_bbp_forum_subforum_count":0,"site-sidebar-layout":"default","site-content-layout":"","ast-site-content-layout":"default","site-content-style":"default","site-sidebar-style":"default","ast-global-header-display":"","ast-banner-title-visibility":"","ast-main-header-display":"","ast-hfb-above-header-display":"","ast-hfb-below-header-display":"","ast-hfb-mobile-header-display":"","site-post-title":"","ast-breadcrumbs-content":"","ast-featured-img":"","footer-sml-layout":"","theme-transparent-header-meta":"","adv-header-id-meta":"","stick-header-meta":"","header-above-stick-meta":"","header-main-stick-meta":"","header-below-stick-meta":"","astra-migrate-meta-layouts":"set","ast-page-background-enabled":"default","ast-page-background-meta":{"desktop":{"background-color":"var(--ast-global-color-4)","background-image":"","background-repeat":"repeat","background-position":"center center","background-size":"auto","background-attachment":"scroll","background-type":"","background-media":"","overlay-type":"","overlay-color":"","overlay-opacity":"","overlay-gradient":""},"tablet":{"background-color":"","background-image":"","background-repeat":"repeat","background-position":"center center","background-size":"auto","background-attachment":"scroll","background-type":"","background-media":"","overlay-type":"","overlay-color":"","overlay-opacity":"","overlay-gradient":""},"mobile":{"background-color":"","background-image":"","background-repeat":"repeat","background-position":"center center","background-size":"auto","background-attachment":"scroll","background-type":"","background-media":"","overlay-type":"","overlay-color":"","overlay-opacity":"","overlay-gradient":""}},"ast-content-background-meta":{"desktop":{"background-color":"var(--ast-global-color-5)","background-image":"","background-repeat":"repeat","background-position":"center center","background-size":"auto","background-attachment":"scroll","background-type":"","background-media":"","overlay-type":"","overlay-color":"","overlay-opacity":"","overlay-gradient":""},"tablet":{"background-color":"var(--ast-global-color-5)","background-image":"","background-repeat":"repeat","background-position":"center center","background-size":"auto","background-attachment":"scroll","background-type":"","background-media":"","overlay-type":"","overlay-color":"","overlay-opacity":"","overlay-gradient":""},"mobile":{"background-color":"var(--ast-global-color-5)","background-image":"","background-repeat":"repeat","background-position":"center center","background-size":"auto","background-attachment":"scroll","background-type":"","background-media":"","overlay-type":"","overlay-color":"","overlay-opacity":"","overlay-gradient":""}},"footnotes":""},"class_list":["post-195","page","type-page","status-publish","hentry"],"post_mailing_queue_ids":[],"_links":{"self":[{"href":"https:\/\/agora.xtec.cat\/iesvalldarus\/wp-json\/wp\/v2\/pages\/195","targetHints":{"allow":["GET"]}}],"collection":[{"href":"https:\/\/agora.xtec.cat\/iesvalldarus\/wp-json\/wp\/v2\/pages"}],"about":[{"href":"https:\/\/agora.xtec.cat\/iesvalldarus\/wp-json\/wp\/v2\/types\/page"}],"author":[{"embeddable":true,"href":"https:\/\/agora.xtec.cat\/iesvalldarus\/wp-json\/wp\/v2\/users\/1"}],"replies":[{"embeddable":true,"href":"https:\/\/agora.xtec.cat\/iesvalldarus\/wp-json\/wp\/v2\/comments?post=195"}],"version-history":[{"count":3,"href":"https:\/\/agora.xtec.cat\/iesvalldarus\/wp-json\/wp\/v2\/pages\/195\/revisions"}],"predecessor-version":[{"id":995,"href":"https:\/\/agora.xtec.cat\/iesvalldarus\/wp-json\/wp\/v2\/pages\/195\/revisions\/995"}],"wp:attachment":[{"href":"https:\/\/agora.xtec.cat\/iesvalldarus\/wp-json\/wp\/v2\/media?parent=195"}],"curies":[{"name":"wp","href":"https:\/\/api.w.org\/{rel}","templated":true}]}}