{"id":4794,"date":"2023-10-06T11:49:44","date_gmt":"2023-10-06T09:49:44","guid":{"rendered":"https:\/\/agora.xtec.cat\/iestremp\/?page_id=4794"},"modified":"2024-10-18T10:32:15","modified_gmt":"2024-10-18T08:32:15","slug":"orienta-fp","status":"publish","type":"page","link":"https:\/\/agora.xtec.cat\/iestremp\/projecte-educatiu\/programes-innovadors-fp\/orienta-fp\/","title":{"rendered":"Orienta FP"},"content":{"rendered":"<div>\n<h3><b><span style=\"font-family: arial, sans-serif;\">OrientaFP, un programa d&#8217;innovaci\u00f3 adre\u00e7at a l&#8217;orientaci\u00f3 professional\u00a0i acad\u00e8mica de l&#8217;alumnat de la FP<\/span><\/b><\/h3>\n<\/div>\n<p style=\"text-align: justify;\"><span style=\"font-family: arial, sans-serif;\"><a href=\"https:\/\/projectes.xtec.cat\/impulsfp\/categoria\/impulsfp\/orientafp\/\"><img loading=\"lazy\" decoding=\"async\" class=\"wp-image-4796 alignright\" src=\"https:\/\/agora.xtec.cat\/iestremp\/wp-content\/uploads\/usu1880\/2023\/10\/Logo-1-ImpulsFP-1024x307.png\" alt=\"\" width=\"460\" height=\"138\" srcset=\"https:\/\/agora.xtec.cat\/iestremp\/wp-content\/uploads\/usu1880\/2023\/10\/Logo-1-ImpulsFP-1024x307.png 1024w, https:\/\/agora.xtec.cat\/iestremp\/wp-content\/uploads\/usu1880\/2023\/10\/Logo-1-ImpulsFP-300x90.png 300w, https:\/\/agora.xtec.cat\/iestremp\/wp-content\/uploads\/usu1880\/2023\/10\/Logo-1-ImpulsFP-768x230.png 768w, https:\/\/agora.xtec.cat\/iestremp\/wp-content\/uploads\/usu1880\/2023\/10\/Logo-1-ImpulsFP.png 1120w\" sizes=\"auto, (max-width: 460px) 100vw, 460px\" \/><\/a>A partir del curs 23-24 l&#8217;Institut de Tremp s&#8217;incorpora al programa d&#8217;innovaci\u00f3\u00a0<a href=\"https:\/\/projectes.xtec.cat\/impulsfp\/categoria\/impulsfp\/orientafp\/\"><b>Orienta FP<\/b><\/a>.\u00a0Aquesta xarxa vol donar suport al desenvolupament tant personal com acad\u00e8mic dels alumnes que cursen els cicles. Amb un professional de refer\u00e8ncia del propi centre es fa un seguiment personalitzat de tots els alumnes a trav\u00e9s del PAT (pla d&#8217;acci\u00f3 tutorial) i el IPOP (informe personal d&#8217;orientaci\u00f3 professional) com a eines de treball.\u00a0<\/span>El programa es desenvolupa en diferents fases de les quals nosaltres ja hem assolit la primera. Aquest any portarem a terme les accions de la segona fase: els alumnes finalitzaran la seva estada al centre amb una orientaci\u00f3 professional (curr\u00edculum per compet\u00e8ncies, an\u00e0lisi dels mercats laborals&#8230;) i una orientaci\u00f3 personal (informe personal sobre les seves inquietuds, habilitats i capacitats laborals).<\/p>\n","protected":false},"excerpt":{"rendered":"<p>OrientaFP, un programa d&#8217;innovaci\u00f3 adre\u00e7at a l&#8217;orientaci\u00f3 professional\u00a0i acad\u00e8mica de l&#8217;alumnat de la FP A partir del curs 23-24 l&#8217;Institut de Tremp s&#8217;incorpora al programa d&#8217;innovaci\u00f3\u00a0Orienta FP.\u00a0Aquesta xarxa vol donar suport al desenvolupament tant personal com acad\u00e8mic dels alumnes que cursen els cicles. Amb un professional de refer\u00e8ncia del propi centre es fa un seguiment [&hellip;]<\/p>\n","protected":false},"author":5,"featured_media":0,"parent":13122,"menu_order":3,"comment_status":"closed","ping_status":"closed","template":"page-templates\/side-menu.php","meta":{"_bbp_topic_count":0,"_bbp_reply_count":0,"_bbp_total_topic_count":0,"_bbp_total_reply_count":0,"_bbp_voice_count":0,"_bbp_anonymous_reply_count":0,"_bbp_topic_count_hidden":0,"_bbp_reply_count_hidden":0,"_bbp_forum_subforum_count":0,"site-sidebar-layout":"default","site-content-layout":"","ast-site-content-layout":"","site-content-style":"default","site-sidebar-style":"default","ast-global-header-display":"","ast-banner-title-visibility":"","ast-main-header-display":"","ast-hfb-above-header-display":"","ast-hfb-below-header-display":"","ast-hfb-mobile-header-display":"","site-post-title":"","ast-breadcrumbs-content":"","ast-featured-img":"","footer-sml-layout":"","theme-transparent-header-meta":"","adv-header-id-meta":"","stick-header-meta":"","header-above-stick-meta":"","header-main-stick-meta":"","header-below-stick-meta":"","astra-migrate-meta-layouts":"default","ast-page-background-enabled":"default","ast-page-background-meta":{"desktop":{"background-color":"var(--ast-global-color-4)","background-image":"","background-repeat":"repeat","background-position":"center center","background-size":"auto","background-attachment":"scroll","background-type":"","background-media":"","overlay-type":"","overlay-color":"","overlay-opacity":"","overlay-gradient":""},"tablet":{"background-color":"","background-image":"","background-repeat":"repeat","background-position":"center center","background-size":"auto","background-attachment":"scroll","background-type":"","background-media":"","overlay-type":"","overlay-color":"","overlay-opacity":"","overlay-gradient":""},"mobile":{"background-color":"","background-image":"","background-repeat":"repeat","background-position":"center center","background-size":"auto","background-attachment":"scroll","background-type":"","background-media":"","overlay-type":"","overlay-color":"","overlay-opacity":"","overlay-gradient":""}},"ast-content-background-meta":{"desktop":{"background-color":"var(--ast-global-color-5)","background-image":"","background-repeat":"repeat","background-position":"center center","background-size":"auto","background-attachment":"scroll","background-type":"","background-media":"","overlay-type":"","overlay-color":"","overlay-opacity":"","overlay-gradient":""},"tablet":{"background-color":"var(--ast-global-color-5)","background-image":"","background-repeat":"repeat","background-position":"center center","background-size":"auto","background-attachment":"scroll","background-type":"","background-media":"","overlay-type":"","overlay-color":"","overlay-opacity":"","overlay-gradient":""},"mobile":{"background-color":"var(--ast-global-color-5)","background-image":"","background-repeat":"repeat","background-position":"center center","background-size":"auto","background-attachment":"scroll","background-type":"","background-media":"","overlay-type":"","overlay-color":"","overlay-opacity":"","overlay-gradient":""}},"footnotes":""},"class_list":["post-4794","page","type-page","status-publish","hentry"],"post_mailing_queue_ids":[],"_links":{"self":[{"href":"https:\/\/agora.xtec.cat\/iestremp\/wp-json\/wp\/v2\/pages\/4794","targetHints":{"allow":["GET"]}}],"collection":[{"href":"https:\/\/agora.xtec.cat\/iestremp\/wp-json\/wp\/v2\/pages"}],"about":[{"href":"https:\/\/agora.xtec.cat\/iestremp\/wp-json\/wp\/v2\/types\/page"}],"author":[{"embeddable":true,"href":"https:\/\/agora.xtec.cat\/iestremp\/wp-json\/wp\/v2\/users\/5"}],"replies":[{"embeddable":true,"href":"https:\/\/agora.xtec.cat\/iestremp\/wp-json\/wp\/v2\/comments?post=4794"}],"version-history":[{"count":6,"href":"https:\/\/agora.xtec.cat\/iestremp\/wp-json\/wp\/v2\/pages\/4794\/revisions"}],"predecessor-version":[{"id":4803,"href":"https:\/\/agora.xtec.cat\/iestremp\/wp-json\/wp\/v2\/pages\/4794\/revisions\/4803"}],"up":[{"embeddable":true,"href":"https:\/\/agora.xtec.cat\/iestremp\/wp-json\/wp\/v2\/pages\/13122"}],"wp:attachment":[{"href":"https:\/\/agora.xtec.cat\/iestremp\/wp-json\/wp\/v2\/media?parent=4794"}],"curies":[{"name":"wp","href":"https:\/\/api.w.org\/{rel}","templated":true}]}}