{"id":4512,"date":"2023-05-25T12:43:20","date_gmt":"2023-05-25T10:43:20","guid":{"rendered":"https:\/\/agora.xtec.cat\/iestremp\/?page_id=4512"},"modified":"2026-03-16T09:38:08","modified_gmt":"2026-03-16T08:38:08","slug":"matricula_eso","status":"publish","type":"page","link":"https:\/\/agora.xtec.cat\/iestremp\/matricula_eso\/","title":{"rendered":"Preinscripci\u00f3 i matr\u00edcula ESO (alumnat nou i amb continu\u00eftat)"},"content":{"rendered":"<p><strong>Tota la documentaci\u00f3 s\u2019ha d\u2019enviar escanejada al correu del centre: <a href=\"mailto:c5006288@xtec.cat\">c5006288@xtec.cat<\/a><\/strong><span style=\"font-weight: 400;\"> \u00a0 <\/span><i><span style=\"font-weight: 400;\">Rebreu justificant de recepci\u00f3<\/span><\/i><span style=\"font-weight: 400;\">.<\/span><\/p>\n<h4><b>1. Documentaci\u00f3 preinscripci\u00f3<\/b><b> per 1r d\u2019ESO i alumnat nou al centre de qualsevol curs de l\u2019ESO<\/b><\/h4>\n<ol>\n<li style=\"list-style-type: none;\">\n<ol>\n<li style=\"font-weight: 400;\" aria-level=\"2\"><span style=\"font-weight: 400;\">Fotoc\u00f2pia del DNI, passaport o altra documentaci\u00f3 d\u2019identitat de l\u2019alumne.<\/span><\/li>\n<li style=\"font-weight: 400;\" aria-level=\"2\"><span style=\"font-weight: 400;\">Fotoc\u00f2pia del DNI, passaport o altra documentaci\u00f3 d\u2019identitat dels pares o tutors legals.\u00a0<\/span><\/li>\n<li style=\"font-weight: 400;\" aria-level=\"2\"><span style=\"font-weight: 400;\">Fotoc\u00f2pia del Llibre de fam\u00edlia o altres documents relatius a la filiaci\u00f3.<\/span><\/li>\n<li style=\"font-weight: 400;\" aria-level=\"2\"><span style=\"font-weight: 400;\">Fotoc\u00f2pia Targeta Sanit\u00e0ria (TSI).<\/span><\/li>\n<li style=\"font-weight: 400;\" aria-level=\"2\"><span style=\"font-weight: 400;\">Certificat d\u2019empadronament, en cas que l\u2019adre\u00e7a del DNI no coincideix amb la de la sol\u00b7licitud.\u00a0<\/span><\/li>\n<li style=\"font-weight: 400;\" aria-level=\"2\"><span style=\"font-weight: 400;\">Fotoc\u00f2pia del carnet de vacunacions o certificat m\u00e8dic oficial, on figurin les dosis de vacuna rebudes amb les dates corresponents. Si l\u2019alumne no ha estat vacunat per contraindicaci\u00f3 m\u00e8dica o per altres circumst\u00e0ncies, cal presentar un certificat m\u00e8dic oficial justificatiu.<\/span><\/li>\n<li>Fitxa dades alumne\/a <span style=\"color: #ff0000;\">(no disponible)<\/span><\/li>\n<li style=\"font-weight: 400;\" aria-level=\"2\"><span style=\"font-weight: 400;\">Full de tria respectiu <\/span>\n<ul>\n<li style=\"font-weight: 400;\" aria-level=\"2\"><span style=\"font-weight: 400;\">1r ESO &#8211; Formulari <span style=\"color: #ff0000;\">(no disponible)<\/span><\/span><\/li>\n<li style=\"font-weight: 400;\" aria-level=\"2\"><span style=\"font-weight: 400;\"> 2n ESO &#8211; Formulari <span style=\"color: #ff0000;\">(no disponible)<\/span><\/span><\/li>\n<li style=\"font-weight: 400;\" aria-level=\"2\"><span style=\"font-weight: 400;\"> 3r ESO &#8211; Formulari <span style=\"color: #ff0000;\">(no disponible)<\/span><\/span><\/li>\n<li style=\"font-weight: 400;\" aria-level=\"2\"><span style=\"font-weight: 400;\"> 4t ESO &#8211; Formulari <span style=\"color: #ff0000;\">(no disponible)<\/span><\/span><\/li>\n<\/ul>\n<\/li>\n<li style=\"font-weight: 400;\" aria-level=\"2\"><span style=\"font-weight: 400;\">Full de transport de Consell Comarcal<\/span> <span style=\"font-weight: 400;\">\u00a0(alumnes de transport).<span style=\"color: #ff0000;\">(no disponible)<\/span><\/span><\/li>\n<li style=\"font-weight: 400;\" aria-level=\"2\"><span style=\"font-weight: 400;\">AFA: <\/span><span style=\"font-weight: 400;\">quota soci\/a i participaci\u00f3<\/span><span style=\"font-weight: 400;\"> en el banc de llibres curs 2026-2027. <\/span>Enviar correu a: <a style=\"font-family: inherit; font-size: 1em;\" href=\"mailto:afa@iestremp.cat\">afa@iestremp.cat<\/a><span style=\"font-weight: 400;\"> <span style=\"color: #ff0000;\">(no disponible)<\/span><\/span><\/li>\n<\/ol>\n<\/li>\n<\/ol>\n<p><span style=\"font-weight: 400;\">Llistat de llibres d&#8217;ESO 2026-2027<span style=\"color: #ff0000;\">(no disponible)<\/span><\/span><\/p>\n<h4><b>2. Documentaci\u00f3 matr\u00edcula<\/b><b> d&#8217;ESO per tot l\u2019alumnat actual al centre<\/b><\/h4>\n<ol>\n<li style=\"list-style-type: none;\">\n<ol>\n<li style=\"font-weight: 400;\" aria-level=\"2\"><span style=\"font-weight: 400;\">Full de tria respectiu <\/span>\n<ul>\n<li style=\"font-weight: 400;\" aria-level=\"2\"><span style=\"font-weight: 400;\">1r ESO &#8211; Formulari<\/span><\/li>\n<li style=\"font-weight: 400;\" aria-level=\"2\"><span style=\"font-weight: 400;\"> 2n ESO &#8211; Formulari<\/span><\/li>\n<li style=\"font-weight: 400;\" aria-level=\"2\"><span style=\"font-weight: 400;\"> 3r ESO &#8211; Formulari<\/span><\/li>\n<li style=\"font-weight: 400;\" aria-level=\"2\"><span style=\"font-weight: 400;\"> 4t ESO &#8211; Formulari<\/span><\/li>\n<\/ul>\n<\/li>\n<li style=\"font-weight: 400;\" aria-level=\"2\"><span style=\"font-weight: 400;\">Full de transport de Consell Comarcal<\/span> <span style=\"font-weight: 400;\">\u00a0(alumnes de transport).<\/span><\/li>\n<li style=\"font-weight: 400;\" aria-level=\"2\"><span style=\"font-weight: 400;\">AFA: <\/span><span style=\"font-weight: 400;\">quota soci\/a i participaci\u00f3<\/span><span style=\"font-weight: 400;\"> pel banc de llibres curs 2026-2027. <\/span>Enviar correu a: <a style=\"font-family: inherit; font-size: 1em;\" href=\"mailto:afa@iestremp.cat\">afa@iestremp.cat<\/a><span style=\"font-weight: 400;\">\u00a0<\/span><\/li>\n<li style=\"font-weight: 400;\" aria-level=\"2\"><span style=\"font-weight: 400;\">El pagament de l&#8217;asseguran\u00e7a escolar obligat\u00f2ria<\/span><span style=\"font-weight: 400;\"> per l\u2019alumnat de 3r i 4t d\u2019ESO s&#8217;inclou dins la quota de sortides d&#8217;inici de curs. S&#8217;informar\u00e0 a la reuni\u00f3 d&#8217;inici de curs.<\/span><\/li>\n<li aria-level=\"2\"><strong>Fitxa dades alumne\/a<\/strong><\/li>\n<\/ol>\n<\/li>\n<\/ol>\n<p><span style=\"font-weight: 400;\">Llistat de llibres d&#8217;ESO 2026-2027<\/span><\/p>\n<p><span style=\"font-weight: 400;\">Tota la <\/span><b>Documentaci\u00f3 ESO <\/b><span style=\"font-weight: 400;\">per la preinscripci\u00f3 i per la matr\u00edcula.<\/span><\/p>\n<table style=\"width: 85.327%; height: 425px;\">\n<tbody>\n<tr style=\"height: 122px;\">\n<td style=\"width: 37.2881%; height: 122px;\"><a href=\"https:\/\/preinscripcio.gencat.cat\/ca\/estudis\/eso\/preinscriute\/sollicitud\/\"><span style=\"font-weight: 400;\">Acc\u00e9s a formulari preinscripci\u00f3 telem\u00e0tica<\/span><\/a><\/td>\n<td style=\"width: 38.1251%; height: 122px;\"><a href=\"https:\/\/agora.xtec.cat\/iestremp\/wp-content\/uploads\/usu1880\/2026\/03\/JORNADA_PORTES_OBERTES_ESO_2026-27.pdf\"><span style=\"font-weight: 400;\">Orientaci\u00f3 ESO \u2013 <\/span><span style=\"font-weight: 400;\">Jornada de Portes obertes<\/span><\/a><\/td>\n<td style=\"width: 33.6034%; height: 122px;\">\u00a0<\/td>\n<\/tr>\n<tr style=\"height: 188px;\">\n<td style=\"width: 37.2881%; height: 188px;\"><span style=\"font-weight: 400;\">Full de tria: <\/span>\n<ul>\n<li style=\"font-weight: 400;\" aria-level=\"2\"><span style=\"font-weight: 400;\">1r ESO &#8211; Formulari<\/span><\/li>\n<li style=\"font-weight: 400;\" aria-level=\"2\"><span style=\"font-weight: 400;\"> 2n ESO &#8211; Formulari<\/span><\/li>\n<li style=\"font-weight: 400;\" aria-level=\"2\"><span style=\"font-weight: 400;\"> 3r ESO &#8211; Formulari<\/span><\/li>\n<li style=\"font-weight: 400;\" aria-level=\"2\"><span style=\"font-weight: 400;\"> 4t ESO &#8211; Formulari<\/span><\/li>\n<\/ul>\n<\/td>\n<td style=\"width: 38.1251%; height: 188px;\">\u00a0<\/td>\n<td style=\"width: 33.6034%; height: 188px;\"><span style=\"font-weight: 400;\">Full transport escolar ESO Consell Comarcal<\/span><\/td>\n<\/tr>\n<tr style=\"height: 115px;\">\n<td style=\"width: 37.2881%; height: 115px;\"><a href=\"https:\/\/drive.google.com\/file\/d\/1KweiDySoOH54Ra7zbHlk66M_EwLqWvsq\/view?usp=sharing\" target=\"_blank\" rel=\"noopener\"><span style=\"font-weight: 400;\">AFA: <\/span><\/a><span style=\"font-weight: 400;\">Quota participaci\u00f3 en el banc de llibres ESO\u00a0<\/span><\/td>\n<td style=\"width: 38.1251%; height: 115px;\"><span style=\"font-weight: 400;\"> Llistat de llibres d&#8217;ESO 2026-2027<\/span><\/td>\n<td style=\"width: 33.6034%; height: 115px;\"><a href=\"https:\/\/preinscripcio.gencat.cat\/ca\/estudis\/eso\/preinscriute\/consulta\/\"><span style=\"font-weight: 400;\">Consulta de la sol\u00b7licitud de prescripci\u00f3<\/span><\/a><\/td>\n<\/tr>\n<\/tbody>\n<\/table>\n\n\n<p><\/p>\n","protected":false},"excerpt":{"rendered":"<p>Tota la documentaci\u00f3 s\u2019ha d\u2019enviar escanejada al correu del centre: c5006288@xtec.cat \u00a0 Rebreu justificant de recepci\u00f3. 1. Documentaci\u00f3 preinscripci\u00f3 per 1r d\u2019ESO i alumnat nou al centre de qualsevol curs de l\u2019ESO Fotoc\u00f2pia del DNI, passaport o altra documentaci\u00f3 d\u2019identitat de l\u2019alumne. Fotoc\u00f2pia del DNI, passaport o altra documentaci\u00f3 d\u2019identitat dels pares o tutors legals.\u00a0 [&hellip;]<\/p>\n","protected":false},"author":1,"featured_media":0,"parent":0,"menu_order":0,"comment_status":"closed","ping_status":"closed","template":"","meta":{"_bbp_topic_count":0,"_bbp_reply_count":0,"_bbp_total_topic_count":0,"_bbp_total_reply_count":0,"_bbp_voice_count":0,"_bbp_anonymous_reply_count":0,"_bbp_topic_count_hidden":0,"_bbp_reply_count_hidden":0,"_bbp_forum_subforum_count":0,"site-sidebar-layout":"default","site-content-layout":"","ast-site-content-layout":"default","site-content-style":"default","site-sidebar-style":"default","ast-global-header-display":"","ast-banner-title-visibility":"","ast-main-header-display":"","ast-hfb-above-header-display":"","ast-hfb-below-header-display":"","ast-hfb-mobile-header-display":"","site-post-title":"","ast-breadcrumbs-content":"","ast-featured-img":"","footer-sml-layout":"","theme-transparent-header-meta":"","adv-header-id-meta":"","stick-header-meta":"","header-above-stick-meta":"","header-main-stick-meta":"","header-below-stick-meta":"","astra-migrate-meta-layouts":"set","ast-page-background-enabled":"default","ast-page-background-meta":{"desktop":{"background-color":"var(--ast-global-color-4)","background-image":"","background-repeat":"repeat","background-position":"center center","background-size":"auto","background-attachment":"scroll","background-type":"","background-media":"","overlay-type":"","overlay-color":"","overlay-opacity":"","overlay-gradient":""},"tablet":{"background-color":"","background-image":"","background-repeat":"repeat","background-position":"center center","background-size":"auto","background-attachment":"scroll","background-type":"","background-media":"","overlay-type":"","overlay-color":"","overlay-opacity":"","overlay-gradient":""},"mobile":{"background-color":"","background-image":"","background-repeat":"repeat","background-position":"center center","background-size":"auto","background-attachment":"scroll","background-type":"","background-media":"","overlay-type":"","overlay-color":"","overlay-opacity":"","overlay-gradient":""}},"ast-content-background-meta":{"desktop":{"background-color":"var(--ast-global-color-5)","background-image":"","background-repeat":"repeat","background-position":"center center","background-size":"auto","background-attachment":"scroll","background-type":"","background-media":"","overlay-type":"","overlay-color":"","overlay-opacity":"","overlay-gradient":""},"tablet":{"background-color":"var(--ast-global-color-5)","background-image":"","background-repeat":"repeat","background-position":"center center","background-size":"auto","background-attachment":"scroll","background-type":"","background-media":"","overlay-type":"","overlay-color":"","overlay-opacity":"","overlay-gradient":""},"mobile":{"background-color":"var(--ast-global-color-5)","background-image":"","background-repeat":"repeat","background-position":"center center","background-size":"auto","background-attachment":"scroll","background-type":"","background-media":"","overlay-type":"","overlay-color":"","overlay-opacity":"","overlay-gradient":""}},"footnotes":""},"class_list":["post-4512","page","type-page","status-publish","hentry"],"post_mailing_queue_ids":[],"_links":{"self":[{"href":"https:\/\/agora.xtec.cat\/iestremp\/wp-json\/wp\/v2\/pages\/4512","targetHints":{"allow":["GET"]}}],"collection":[{"href":"https:\/\/agora.xtec.cat\/iestremp\/wp-json\/wp\/v2\/pages"}],"about":[{"href":"https:\/\/agora.xtec.cat\/iestremp\/wp-json\/wp\/v2\/types\/page"}],"author":[{"embeddable":true,"href":"https:\/\/agora.xtec.cat\/iestremp\/wp-json\/wp\/v2\/users\/1"}],"replies":[{"embeddable":true,"href":"https:\/\/agora.xtec.cat\/iestremp\/wp-json\/wp\/v2\/comments?post=4512"}],"version-history":[{"count":6,"href":"https:\/\/agora.xtec.cat\/iestremp\/wp-json\/wp\/v2\/pages\/4512\/revisions"}],"predecessor-version":[{"id":14198,"href":"https:\/\/agora.xtec.cat\/iestremp\/wp-json\/wp\/v2\/pages\/4512\/revisions\/14198"}],"wp:attachment":[{"href":"https:\/\/agora.xtec.cat\/iestremp\/wp-json\/wp\/v2\/media?parent=4512"}],"curies":[{"name":"wp","href":"https:\/\/api.w.org\/{rel}","templated":true}]}}