{"id":4352,"date":"2023-03-30T09:31:44","date_gmt":"2023-03-30T07:31:44","guid":{"rendered":"https:\/\/agora.xtec.cat\/iestremp\/?page_id=4352"},"modified":"2025-06-20T10:11:41","modified_gmt":"2025-06-20T08:11:41","slug":"emergencies-sanitaries-cfgm","status":"publish","type":"page","link":"https:\/\/agora.xtec.cat\/iestremp\/estudis\/cicles-formatius\/familia-de-sanitat\/emergencies-sanitaries-cfgm\/","title":{"rendered":"T\u00cdTOL DE T\u00c8CNIC EN EMERG\u00c8NCIES SANIT\u00c0RIES (CFGM)"},"content":{"rendered":"\n<p>T\u00e8cnic en emerg\u00e8ncies sanitaris \u00e9s un <strong>cicle formatiu de grau mitj\u00e0<\/strong>. CFGM<\/p>\n\n\n\n<figure class=\"wp-block-embed alignfull is-type-wp-embed is-provider-institut-de-tremp wp-block-embed-institut-de-tremp\"><div class=\"wp-block-embed__wrapper\">\n<blockquote class=\"wp-embedded-content\" data-secret=\"nUINKnxj56\"><a href=\"https:\/\/agora.xtec.cat\/iestremp\/general\/preinscripcions-i-matricules-2025-2026\/\">Preinscripcions i matr\u00edcules 2025\/2026<\/a><\/blockquote><iframe loading=\"lazy\" class=\"wp-embedded-content\" sandbox=\"allow-scripts\" security=\"restricted\" style=\"position: absolute; visibility: hidden;\" title=\"&#8220;Preinscripcions i matr\u00edcules 2025\/2026&#8221; &#8212; Institut de Tremp\" src=\"https:\/\/agora.xtec.cat\/iestremp\/general\/preinscripcions-i-matricules-2025-2026\/embed\/#?secret=TnePZowdzT#?secret=nUINKnxj56\" data-secret=\"nUINKnxj56\" width=\"500\" height=\"282\" frameborder=\"0\" marginwidth=\"0\" marginheight=\"0\" scrolling=\"no\"><\/iframe>\n<\/div><\/figure>\n\n\n\n<p><\/p>\n\n\n\n<h3 class=\"wp-block-heading\">CONDICIONS D&#8217;ACC\u00c9S<\/h3>\n\n\n\n<p>Per accedir als estudis \u00e9s necessari complir alguna de les seg\u00fcents condicions:<\/p>\n\n\n\n<h3 class=\"wp-block-heading\"><figure><a href=\"https:\/\/agora.xtec.cat\/iestremp\/wp-content\/uploads\/usu1880\/2023\/03\/ES_AmbulanciaTecnic.png\"><img loading=\"lazy\" decoding=\"async\" width=\"283\" height=\"178\" class=\"size-full wp-image-4367 alignright\" src=\"https:\/\/agora.xtec.cat\/iestremp\/wp-content\/uploads\/usu1880\/2023\/03\/ES_AmbulanciaTecnic.png\" alt=\"\"><\/a><\/figure><\/h3>\n\n\n\n<ul class=\"wp-block-list\">\n<li>T\u00edtol de Graduat en ESO.<\/li>\n\n\n\n<li>T\u00edtol de Formaci\u00f3 Professional de Primer Grau.<\/li>\n\n\n\n<li>T\u00edtol de t\u00e8cnic.<\/li>\n\n\n\n<li>Segon Curs de BUP.<\/li>\n\n\n\n<li>Haver superat el curs espec\u00edfic per a l\u2019acc\u00e9s a CFGM.<\/li>\n\n\n\n<li>vHaver superat la prova d\u2019acc\u00e9s a la universitat per a majors de 25 anys.<\/li>\n\n\n\n<li>Haver superat la prova d\u2019acc\u00e9s a CFGM.<\/li>\n<\/ul>\n\n\n\n<h3 class=\"wp-block-heading\">PLA DE FORMACI\u00d3:<\/h3>\n\n\n\n<p>El cicle consta de 2.000 hores distribu\u00efdes en dos cursos. La formaci\u00f3 inclou:<\/p>\n\n\n\n<ul class=\"wp-block-list\">\n<li>Manteniment Mec\u00e0nic Preventiu del Vehicle<\/li>\n\n\n\n<li>Log\u00edstica Sanit\u00e0ria en Emerg\u00e8ncies<\/li>\n\n\n\n<li>Dotaci\u00f3 Sanit\u00e0ria en Emerg\u00e8ncies<\/li>\n\n\n\n<li>Atenci\u00f3 Sanit\u00e0ria Inicial en Situacions d&#8217;Emerg\u00e8ncia<\/li>\n\n\n\n<li>Atenci\u00f3 Sanit\u00e0ria Especial en Situacions d&#8217;Emerg\u00e8ncia<\/li>\n\n\n\n<li>Evacuaci\u00f3 i Trasllat de Pacients<\/li>\n\n\n\n<li>Suport Psicol\u00f2gic en Situacions d&#8217;Emerg\u00e8ncia<\/li>\n\n\n\n<li>Plans d&#8217;Emerg\u00e8ncia i Dispositius de Riscos Previsibles<\/li>\n\n\n\n<li>Teleemerg\u00e8ncies<\/li>\n\n\n\n<li>Anatomofisiologia i Patologia B\u00e0siques<\/li>\n\n\n\n<li>Formaci\u00f3 en Centres de Trebal<\/li>\n<\/ul>\n\n\n\n<h4 class=\"wp-block-heading\">HORARI LECTIU<\/h4>\n\n\n\n<figure class=\"wp-block-image alignright\"><a href=\"https:\/\/agora.xtec.cat\/iestremp\/wp-content\/uploads\/usu1880\/2023\/03\/ES_SamarretaTecnic.png\"><img loading=\"lazy\" decoding=\"async\" width=\"225\" height=\"225\" src=\"https:\/\/agora.xtec.cat\/iestremp\/wp-content\/uploads\/usu1880\/2023\/03\/ES_SamarretaTecnic.png\" alt=\"\" class=\"wp-image-4368\" srcset=\"https:\/\/agora.xtec.cat\/iestremp\/wp-content\/uploads\/usu1880\/2023\/03\/ES_SamarretaTecnic.png 225w, https:\/\/agora.xtec.cat\/iestremp\/wp-content\/uploads\/usu1880\/2023\/03\/ES_SamarretaTecnic-150x150.png 150w\" sizes=\"auto, (max-width: 225px) 100vw, 225px\" \/><\/a><\/figure>\n\n\n\n<p>De tarda de 15:20 a 21:05h<\/p>\n\n\n\n<h4 class=\"wp-block-heading\">SORTIDES ACAD\u00c8MIQUES O PROFESSIONALS<\/h4>\n\n\n\n<ol class=\"wp-block-list\">\n<li>Batxillerat<\/li>\n\n\n\n<li>A qualsevol Cicle Formatiu de Grau Superior<\/li>\n\n\n\n<li>La superaci\u00f3 d&#8217;aquest cicle formatiu permet accedir al m\u00f3n laboral com a:\n<ul class=\"wp-block-list\">\n<li>t\u00e8cnic o t\u00e8cnica en transport sanitari<\/li>\n\n\n\n<li>t\u00e8cnic o t\u00e8cnica en emerg\u00e8ncies sanit\u00e0ries<\/li>\n\n\n\n<li>operador o operadora de teleassist\u00e8ncia o de centres de coordinaci\u00f3 d&#8217;urg\u00e8ncies i emerg\u00e8ncies<\/li>\n<\/ul>\n<\/li>\n<\/ol>\n\n\n\n<p>Descarrega el <a href=\"https:\/\/agora.xtec.cat\/iestremp\/wp-content\/uploads\/usu1880\/2024\/05\/cfgm-emergencies-3-modificat.pdf\" target=\"_blank\" rel=\"noopener\">full informatiu.<\/a><\/p>\n","protected":false},"excerpt":{"rendered":"<p>T\u00e8cnic en emerg\u00e8ncies sanitaris \u00e9s un cicle formatiu de grau mitj\u00e0. CFGM CONDICIONS D&#8217;ACC\u00c9S Per accedir als estudis \u00e9s necessari complir alguna de les seg\u00fcents condicions: PLA DE FORMACI\u00d3: El cicle consta de 2.000 hores distribu\u00efdes en dos cursos. La formaci\u00f3 inclou: HORARI LECTIU De tarda de 15:20 a 21:05h SORTIDES ACAD\u00c8MIQUES O PROFESSIONALS Descarrega [&hellip;]<\/p>\n","protected":false},"author":4,"featured_media":0,"parent":562,"menu_order":0,"comment_status":"closed","ping_status":"closed","template":"","meta":{"_bbp_topic_count":0,"_bbp_reply_count":0,"_bbp_total_topic_count":0,"_bbp_total_reply_count":0,"_bbp_voice_count":0,"_bbp_anonymous_reply_count":0,"_bbp_topic_count_hidden":0,"_bbp_reply_count_hidden":0,"_bbp_forum_subforum_count":0,"site-sidebar-layout":"default","site-content-layout":"","ast-site-content-layout":"default","site-content-style":"default","site-sidebar-style":"default","ast-global-header-display":"","ast-banner-title-visibility":"","ast-main-header-display":"","ast-hfb-above-header-display":"","ast-hfb-below-header-display":"","ast-hfb-mobile-header-display":"","site-post-title":"","ast-breadcrumbs-content":"","ast-featured-img":"","footer-sml-layout":"","theme-transparent-header-meta":"","adv-header-id-meta":"","stick-header-meta":"","header-above-stick-meta":"","header-main-stick-meta":"","header-below-stick-meta":"","astra-migrate-meta-layouts":"set","ast-page-background-enabled":"default","ast-page-background-meta":{"desktop":{"background-color":"var(--ast-global-color-4)","background-image":"","background-repeat":"repeat","background-position":"center center","background-size":"auto","background-attachment":"scroll","background-type":"","background-media":"","overlay-type":"","overlay-color":"","overlay-opacity":"","overlay-gradient":""},"tablet":{"background-color":"","background-image":"","background-repeat":"repeat","background-position":"center center","background-size":"auto","background-attachment":"scroll","background-type":"","background-media":"","overlay-type":"","overlay-color":"","overlay-opacity":"","overlay-gradient":""},"mobile":{"background-color":"","background-image":"","background-repeat":"repeat","background-position":"center center","background-size":"auto","background-attachment":"scroll","background-type":"","background-media":"","overlay-type":"","overlay-color":"","overlay-opacity":"","overlay-gradient":""}},"ast-content-background-meta":{"desktop":{"background-color":"var(--ast-global-color-5)","background-image":"","background-repeat":"repeat","background-position":"center center","background-size":"auto","background-attachment":"scroll","background-type":"","background-media":"","overlay-type":"","overlay-color":"","overlay-opacity":"","overlay-gradient":""},"tablet":{"background-color":"var(--ast-global-color-5)","background-image":"","background-repeat":"repeat","background-position":"center center","background-size":"auto","background-attachment":"scroll","background-type":"","background-media":"","overlay-type":"","overlay-color":"","overlay-opacity":"","overlay-gradient":""},"mobile":{"background-color":"var(--ast-global-color-5)","background-image":"","background-repeat":"repeat","background-position":"center center","background-size":"auto","background-attachment":"scroll","background-type":"","background-media":"","overlay-type":"","overlay-color":"","overlay-opacity":"","overlay-gradient":""}},"footnotes":""},"class_list":["post-4352","page","type-page","status-publish","hentry"],"post_mailing_queue_ids":[],"_links":{"self":[{"href":"https:\/\/agora.xtec.cat\/iestremp\/wp-json\/wp\/v2\/pages\/4352","targetHints":{"allow":["GET"]}}],"collection":[{"href":"https:\/\/agora.xtec.cat\/iestremp\/wp-json\/wp\/v2\/pages"}],"about":[{"href":"https:\/\/agora.xtec.cat\/iestremp\/wp-json\/wp\/v2\/types\/page"}],"author":[{"embeddable":true,"href":"https:\/\/agora.xtec.cat\/iestremp\/wp-json\/wp\/v2\/users\/4"}],"replies":[{"embeddable":true,"href":"https:\/\/agora.xtec.cat\/iestremp\/wp-json\/wp\/v2\/comments?post=4352"}],"version-history":[{"count":6,"href":"https:\/\/agora.xtec.cat\/iestremp\/wp-json\/wp\/v2\/pages\/4352\/revisions"}],"predecessor-version":[{"id":14030,"href":"https:\/\/agora.xtec.cat\/iestremp\/wp-json\/wp\/v2\/pages\/4352\/revisions\/14030"}],"up":[{"embeddable":true,"href":"https:\/\/agora.xtec.cat\/iestremp\/wp-json\/wp\/v2\/pages\/562"}],"wp:attachment":[{"href":"https:\/\/agora.xtec.cat\/iestremp\/wp-json\/wp\/v2\/media?parent=4352"}],"curies":[{"name":"wp","href":"https:\/\/api.w.org\/{rel}","templated":true}]}}