{"id":4195,"date":"2023-02-28T12:20:26","date_gmt":"2023-02-28T11:20:26","guid":{"rendered":"https:\/\/agora.xtec.cat\/iestremp\/?page_id=4195"},"modified":"2025-09-22T11:55:39","modified_gmt":"2025-09-22T09:55:39","slug":"pagaments","status":"publish","type":"page","link":"https:\/\/agora.xtec.cat\/iestremp\/serveis\/secretaria\/pagaments\/","title":{"rendered":"Pagaments"},"content":{"rendered":"<p>Per efectuar els pagaments de les sortides i activitats del centre ho podeu fer de la seg\u00fcent manera:<\/p>\n<h2>iEduca TokApp<\/h2>\n<ul>\n<li>Aspectes a tenir en compte:\n<ul>\n<li><a href=\"https:\/\/agora.xtec.cat\/iestremp\/general\/com-baixar-se-al-mobil-lapp-ieduca-tokapp-perfil-families\/\" target=\"_blank\" rel=\"noopener\">Informaci\u00f3 de com baixar-te l&#8217;aplicaci\u00f3 al m\u00f2bil<\/a><\/li>\n<li><a href=\"https:\/\/agora.xtec.cat\/iestremp\/wp-content\/uploads\/usu1880\/2023\/11\/Guia_per_realitzar_pagaments_online_iEduca-1.pdf\" target=\"_blank\" rel=\"noopener\">Guia per realitzar pagaments amb TokApp\u00a0<\/a><\/li>\n<\/ul>\n<\/li>\n<li>iEduca permet el pagament mitjan\u00e7ant <strong>missatgeria TokApp<\/strong>.\n<ul>\n<li><strong>Tarjeta banc\u00e0ria<\/strong>: Es rebran les sol\u00b7licituds de pagament via missatgeria. Des del mateix missatge es pot introdu\u00efr una tarjeta banc\u00e0ria per efectuar els pagaments.<\/li>\n<li><strong>Bizum:<\/strong>\u00a0iEduca permet realitzar pagaments mitjan\u00e7ant Bizum. A la part inferior del missatge rebut amb la sol\u00b7licitud de pagament apareix un camp d&#8217;escriptura. En aquest camp el pagador ha d&#8217;introdu\u00efr el n\u00famero de tel\u00e8fon des del qual realitza el pagament (no el tel\u00e8fon del centre).<\/li>\n<li><a href=\"https:\/\/drive.google.com\/file\/d\/1UBvF0Q6lDVRDMN1q4NbFQOguySUNeMGb\/view?usp=sharing\">Guia per realitzar pagaments via missatgeria Tokapp<\/a>.<\/li>\n<\/ul>\n<\/li>\n<\/ul>\n<h2>Pagaments a tercers per internet<\/h2>\n<ul>\n<li>Obre la p\u00e0gina <a href=\"https:\/\/www3.caixabank.es\/apl\/pagos\/index_ca.html?CODCPR=90VPA003\" target=\"_blank\" rel=\"noopener\">Pagaments online\u00a0<\/a><\/li>\n<li>Introduir codi: <strong>0762837<\/strong><\/li>\n<li>Introduir import<\/li>\n<li>IMPORTANT\u2757Indicar NOM i COGNOM alumne\/a, CURS i SORTIDA.<\/li>\n<\/ul>\n<h2>Pagament mitjan\u00e7ant codi de barres<\/h2>\n<p><a href=\"https:\/\/agora.xtec.cat\/iestremp\/wp-content\/uploads\/usu1880\/2023\/02\/Pagament-al-caixer.jpg\"><img loading=\"lazy\" decoding=\"async\" class=\"size-full wp-image-4201 alignright\" src=\"https:\/\/agora.xtec.cat\/iestremp\/wp-content\/uploads\/usu1880\/2023\/02\/Pagament-al-caixer.jpg\" alt=\"\" width=\"169\" height=\"66\" \/><\/a>Heu d\u2019anar al caixer autom\u00e0tic de qualsevol oficina de Caixabank i seguir els passos:<\/p>\n<ul>\n<li>Introduir la vostra targeta o llibreta.<\/li>\n<li>Escollir l\u2019opci\u00f3 pagament amb codi de barres.<\/li>\n<li>Passar el codi de barres i seguir les instruccions del caixer.<br \/>Hi sortiran dos camps:<br \/>En el primer, cal teclejar l\u2019import.<br \/>En el segon, escriure el nom de l\u2019alumne\/a, el curs i sortida. Confirmar.<\/li>\n<\/ul>\n<h2>Important<b>\u2757\u2757<\/b><\/h2>\n<p><b>Cal fer els pagaments dins el <\/b><b>termini indicat. <\/b><span style=\"font-weight: 400;\">Si no s&#8217;ha fet el pagament dins el termini s&#8217;ent\u00e9n que no s&#8217;est\u00e0 interessat\/da.<\/span><\/p>\n<h2>Devolucions<\/h2>\n<p><span style=\"font-weight: 400;\">En cas que hi hagi petici\u00f3 de devoluci\u00f3 per causes justificades o for\u00e7a major c<\/span>al presentar la <a href=\"https:\/\/drive.google.com\/file\/d\/1M0Jrp1heFYB01rMouDP53fDiOb8f5q3c\/view?usp=sharing\">sol\u00b7licitud de devoluci\u00f3<\/a><span style=\"font-weight: 400;\"> degudament omplerta a la secretaria del centre o enviar-la al correu electr\u00f2nic <\/span><a href=\"mailto:secretaria@iestremp.cat?Subject=Sol\u00b7licitud de devoluci\u00f3\"><span style=\"font-weight: 400;\">secretaria<span class=\"\">@iestremp.cat<\/span><\/span><\/a><span style=\"font-weight: 400;\"><span class=\"\"> \u00a0en el termini m\u00e0xim <span style=\"text-decoration: underline;\">d&#8217;un mes<\/span> des del moment en qu\u00e8 s&#8217;hagi produ\u00eft el fet que justifica la devoluci\u00f3.<\/span><\/span><\/p>\n\n\n<p><\/p>\n","protected":false},"excerpt":{"rendered":"<p>Per efectuar els pagaments de les sortides i activitats del centre ho podeu fer de la seg\u00fcent manera: iEduca TokApp Aspectes a tenir en compte: Informaci\u00f3 de com baixar-te l&#8217;aplicaci\u00f3 al m\u00f2bil Guia per realitzar pagaments amb TokApp\u00a0 iEduca permet el pagament mitjan\u00e7ant missatgeria TokApp. Tarjeta banc\u00e0ria: Es rebran les sol\u00b7licituds de pagament via missatgeria. [&hellip;]<\/p>\n","protected":false},"author":4,"featured_media":0,"parent":3948,"menu_order":0,"comment_status":"closed","ping_status":"closed","template":"","meta":{"_bbp_topic_count":0,"_bbp_reply_count":0,"_bbp_total_topic_count":0,"_bbp_total_reply_count":0,"_bbp_voice_count":0,"_bbp_anonymous_reply_count":0,"_bbp_topic_count_hidden":0,"_bbp_reply_count_hidden":0,"_bbp_forum_subforum_count":0,"site-sidebar-layout":"default","site-content-layout":"","ast-site-content-layout":"default","site-content-style":"default","site-sidebar-style":"default","ast-global-header-display":"","ast-banner-title-visibility":"","ast-main-header-display":"","ast-hfb-above-header-display":"","ast-hfb-below-header-display":"","ast-hfb-mobile-header-display":"","site-post-title":"","ast-breadcrumbs-content":"","ast-featured-img":"","footer-sml-layout":"","theme-transparent-header-meta":"","adv-header-id-meta":"","stick-header-meta":"","header-above-stick-meta":"","header-main-stick-meta":"","header-below-stick-meta":"","astra-migrate-meta-layouts":"set","ast-page-background-enabled":"default","ast-page-background-meta":{"desktop":{"background-color":"var(--ast-global-color-4)","background-image":"","background-repeat":"repeat","background-position":"center center","background-size":"auto","background-attachment":"scroll","background-type":"","background-media":"","overlay-type":"","overlay-color":"","overlay-opacity":"","overlay-gradient":""},"tablet":{"background-color":"","background-image":"","background-repeat":"repeat","background-position":"center center","background-size":"auto","background-attachment":"scroll","background-type":"","background-media":"","overlay-type":"","overlay-color":"","overlay-opacity":"","overlay-gradient":""},"mobile":{"background-color":"","background-image":"","background-repeat":"repeat","background-position":"center center","background-size":"auto","background-attachment":"scroll","background-type":"","background-media":"","overlay-type":"","overlay-color":"","overlay-opacity":"","overlay-gradient":""}},"ast-content-background-meta":{"desktop":{"background-color":"var(--ast-global-color-5)","background-image":"","background-repeat":"repeat","background-position":"center center","background-size":"auto","background-attachment":"scroll","background-type":"","background-media":"","overlay-type":"","overlay-color":"","overlay-opacity":"","overlay-gradient":""},"tablet":{"background-color":"var(--ast-global-color-5)","background-image":"","background-repeat":"repeat","background-position":"center center","background-size":"auto","background-attachment":"scroll","background-type":"","background-media":"","overlay-type":"","overlay-color":"","overlay-opacity":"","overlay-gradient":""},"mobile":{"background-color":"var(--ast-global-color-5)","background-image":"","background-repeat":"repeat","background-position":"center center","background-size":"auto","background-attachment":"scroll","background-type":"","background-media":"","overlay-type":"","overlay-color":"","overlay-opacity":"","overlay-gradient":""}},"footnotes":""},"class_list":["post-4195","page","type-page","status-publish","hentry"],"post_mailing_queue_ids":[],"_links":{"self":[{"href":"https:\/\/agora.xtec.cat\/iestremp\/wp-json\/wp\/v2\/pages\/4195","targetHints":{"allow":["GET"]}}],"collection":[{"href":"https:\/\/agora.xtec.cat\/iestremp\/wp-json\/wp\/v2\/pages"}],"about":[{"href":"https:\/\/agora.xtec.cat\/iestremp\/wp-json\/wp\/v2\/types\/page"}],"author":[{"embeddable":true,"href":"https:\/\/agora.xtec.cat\/iestremp\/wp-json\/wp\/v2\/users\/4"}],"replies":[{"embeddable":true,"href":"https:\/\/agora.xtec.cat\/iestremp\/wp-json\/wp\/v2\/comments?post=4195"}],"version-history":[{"count":6,"href":"https:\/\/agora.xtec.cat\/iestremp\/wp-json\/wp\/v2\/pages\/4195\/revisions"}],"predecessor-version":[{"id":14078,"href":"https:\/\/agora.xtec.cat\/iestremp\/wp-json\/wp\/v2\/pages\/4195\/revisions\/14078"}],"up":[{"embeddable":true,"href":"https:\/\/agora.xtec.cat\/iestremp\/wp-json\/wp\/v2\/pages\/3948"}],"wp:attachment":[{"href":"https:\/\/agora.xtec.cat\/iestremp\/wp-json\/wp\/v2\/media?parent=4195"}],"curies":[{"name":"wp","href":"https:\/\/api.w.org\/{rel}","templated":true}]}}