{"id":3961,"date":"2022-12-20T14:14:20","date_gmt":"2022-12-20T13:14:20","guid":{"rendered":"https:\/\/agora.xtec.cat\/iestremp\/?page_id=3961"},"modified":"2026-02-26T11:31:40","modified_gmt":"2026-02-26T10:31:40","slug":"ieduca-2","status":"publish","type":"page","link":"https:\/\/agora.xtec.cat\/iestremp\/linstitut\/ieduca-2\/","title":{"rendered":"iEduca"},"content":{"rendered":"<p>L&#8217;<strong>iEduca<\/strong> \u00e9s l&#8217;eina de gesti\u00f3 i comunicaci\u00f3 que utilitza l&#8217;Institut de Tremp per fer el seguiment de l&#8217;alumnat, la comunicaci\u00f3 amb les fam\u00edlies i altres gestions de centre.<\/p>\n<p>L&#8217;alumnat i les fam\u00edlies teniu un usuari i una contrasenya per accedir a la plataforma. Les fam\u00edlies ho v\u00e0reu rebre al correu electr\u00f2nic proporcionat durant el proc\u00e9s d&#8217;inscripci\u00f3 i en el cas de l&#8217;alumnat al correu del centre.<\/p>\n<p><a href=\"https:\/\/login.ieduca.com\/\" target=\"_blank\" rel=\"noopener\">Obre l&#8217;ieduca<\/a><\/p>\n<p>El programa iEduca funciona enlla\u00e7at a la <strong>aplicaci\u00f3 per m\u00f2bils iEduca Tokapp.<\/strong> \u00c9s important que la tingueu ben instal\u00b7lada per tal de poder rebre les notificacions.<\/p>\n<p><img loading=\"lazy\" decoding=\"async\" class=\"aligncenter\" src=\"https:\/\/encrypted-tbn0.gstatic.com\/images?q=tbn:ANd9GcQ8aIz7zBW1NUXlYmwnYwGAJX7aKk1GCO-FJSzXMVewIQUfL_4ioyrnE4Q6bNwix3Qm990&amp;usqp=CAU\" alt=\"iEduca TokApp - Aplicaciones en Google Play\" width=\"284\" height=\"139\" \/><\/p>\n<p>Al seg\u00fcent enlla\u00e7 trobareu un document que explica com descarregar l\u2019aplicaci\u00f3 (per aquelles fam\u00edlies que encara no ho heu pogut fer) i com accedir a la informaci\u00f3 de l\u2019alumnat (agenda, notes, faltes d\u2019assist\u00e8ncia o de disciplina, notificacions del professorat, etc\u2026).<\/p>\n<p><a href=\"https:\/\/drive.google.com\/file\/d\/1-xOzOkj55-TkI2ZvytD6r6Ft1WRpQnSa\/view?usp=sharing\" target=\"_blank\" rel=\"noopener\">Document amb informaci\u00f3 per descarregar Tokapp<\/a><\/p>\n<p>Tamb\u00e9 adjuntem el seg\u00fcent link amb un v\u00eddeo explicatiu de com fer la instal\u00b7laci\u00f3:<\/p>\n<p><a title=\"Videotutorial tokapp\" href=\"https:\/\/www.youtube.com\/watch?v=J1A1eLSb450\" target=\"_blank\" rel=\"noopener\" data-saferedirecturl=\"https:\/\/www.google.com\/url?q=https:\/\/www.youtube.com\/watch?v%3DJ1A1eLSb450&amp;source=gmail&amp;ust=1665913468427000&amp;usg=AOvVaw3bb5lwOnSct2mEkLkIa5KL\">Videotutorial\u00a0<span class=\"il\">tokapp<\/span><\/a><\/p>\n<p>Si tot i aix\u00ed teniu problemes per accedir, escriviu un missatge a <span style=\"color: #000080;\">gestioieduca@iestremp.cat <\/span>i expliqueu que us passa.<\/p>\n<p><strong>Guies \u00fas Tokapp per fam\u00edlies.<\/strong><\/p>\n<p>A continuaci\u00f3 us facilitem una s\u00e8rie de guies d&#8217;\u00fas per als diferents tr\u00e0mits que podeu realitzar amb l&#8217;app.<\/p>\n<p><a href=\"https:\/\/drive.google.com\/file\/d\/1-1qhh0nQ7zuEu-2nUsrumP3udS3k551J\/view?usp=sharing\">Sol\u00b7licitud de justificaci\u00f3 d&#8217;abs\u00e8ncies alumnat menor d&#8217;edat<\/a><\/p>\n<p><a href=\"https:\/\/drive.google.com\/file\/d\/1UBvF0Q6lDVRDMN1q4NbFQOguySUNeMGb\/view\">Pagaments via Tokapp: Tarjeta banc\u00e0ria o Bizum\u00a0<\/a><\/p>\n<p><a href=\"https:\/\/drive.google.com\/file\/d\/1lUN13A7UrOUUqM08aQOpajyLjXF6gSGc\/view?usp=sharing\">Consulta de butlletins de comentaris i qualificacions via Tokapp<\/a><\/p>\n","protected":false},"excerpt":{"rendered":"<p>L&#8217;iEduca \u00e9s l&#8217;eina de gesti\u00f3 i comunicaci\u00f3 que utilitza l&#8217;Institut de Tremp per fer el seguiment de l&#8217;alumnat, la comunicaci\u00f3 amb les fam\u00edlies i altres gestions de centre. L&#8217;alumnat i les fam\u00edlies teniu un usuari i una contrasenya per accedir a la plataforma. Les fam\u00edlies ho v\u00e0reu rebre al correu electr\u00f2nic proporcionat durant el proc\u00e9s [&hellip;]<\/p>\n","protected":false},"author":4,"featured_media":0,"parent":19,"menu_order":4,"comment_status":"closed","ping_status":"closed","template":"","meta":{"_bbp_topic_count":0,"_bbp_reply_count":0,"_bbp_total_topic_count":0,"_bbp_total_reply_count":0,"_bbp_voice_count":0,"_bbp_anonymous_reply_count":0,"_bbp_topic_count_hidden":0,"_bbp_reply_count_hidden":0,"_bbp_forum_subforum_count":0,"site-sidebar-layout":"default","site-content-layout":"","ast-site-content-layout":"default","site-content-style":"default","site-sidebar-style":"default","ast-global-header-display":"","ast-banner-title-visibility":"","ast-main-header-display":"","ast-hfb-above-header-display":"","ast-hfb-below-header-display":"","ast-hfb-mobile-header-display":"","site-post-title":"","ast-breadcrumbs-content":"","ast-featured-img":"","footer-sml-layout":"","theme-transparent-header-meta":"","adv-header-id-meta":"","stick-header-meta":"","header-above-stick-meta":"","header-main-stick-meta":"","header-below-stick-meta":"","astra-migrate-meta-layouts":"set","ast-page-background-enabled":"default","ast-page-background-meta":{"desktop":{"background-color":"var(--ast-global-color-4)","background-image":"","background-repeat":"repeat","background-position":"center center","background-size":"auto","background-attachment":"scroll","background-type":"","background-media":"","overlay-type":"","overlay-color":"","overlay-opacity":"","overlay-gradient":""},"tablet":{"background-color":"","background-image":"","background-repeat":"repeat","background-position":"center center","background-size":"auto","background-attachment":"scroll","background-type":"","background-media":"","overlay-type":"","overlay-color":"","overlay-opacity":"","overlay-gradient":""},"mobile":{"background-color":"","background-image":"","background-repeat":"repeat","background-position":"center center","background-size":"auto","background-attachment":"scroll","background-type":"","background-media":"","overlay-type":"","overlay-color":"","overlay-opacity":"","overlay-gradient":""}},"ast-content-background-meta":{"desktop":{"background-color":"var(--ast-global-color-5)","background-image":"","background-repeat":"repeat","background-position":"center center","background-size":"auto","background-attachment":"scroll","background-type":"","background-media":"","overlay-type":"","overlay-color":"","overlay-opacity":"","overlay-gradient":""},"tablet":{"background-color":"var(--ast-global-color-5)","background-image":"","background-repeat":"repeat","background-position":"center center","background-size":"auto","background-attachment":"scroll","background-type":"","background-media":"","overlay-type":"","overlay-color":"","overlay-opacity":"","overlay-gradient":""},"mobile":{"background-color":"var(--ast-global-color-5)","background-image":"","background-repeat":"repeat","background-position":"center center","background-size":"auto","background-attachment":"scroll","background-type":"","background-media":"","overlay-type":"","overlay-color":"","overlay-opacity":"","overlay-gradient":""}},"footnotes":""},"class_list":["post-3961","page","type-page","status-publish","hentry"],"post_mailing_queue_ids":[],"_links":{"self":[{"href":"https:\/\/agora.xtec.cat\/iestremp\/wp-json\/wp\/v2\/pages\/3961","targetHints":{"allow":["GET"]}}],"collection":[{"href":"https:\/\/agora.xtec.cat\/iestremp\/wp-json\/wp\/v2\/pages"}],"about":[{"href":"https:\/\/agora.xtec.cat\/iestremp\/wp-json\/wp\/v2\/types\/page"}],"author":[{"embeddable":true,"href":"https:\/\/agora.xtec.cat\/iestremp\/wp-json\/wp\/v2\/users\/4"}],"replies":[{"embeddable":true,"href":"https:\/\/agora.xtec.cat\/iestremp\/wp-json\/wp\/v2\/comments?post=3961"}],"version-history":[{"count":6,"href":"https:\/\/agora.xtec.cat\/iestremp\/wp-json\/wp\/v2\/pages\/3961\/revisions"}],"predecessor-version":[{"id":14182,"href":"https:\/\/agora.xtec.cat\/iestremp\/wp-json\/wp\/v2\/pages\/3961\/revisions\/14182"}],"up":[{"embeddable":true,"href":"https:\/\/agora.xtec.cat\/iestremp\/wp-json\/wp\/v2\/pages\/19"}],"wp:attachment":[{"href":"https:\/\/agora.xtec.cat\/iestremp\/wp-json\/wp\/v2\/media?parent=3961"}],"curies":[{"name":"wp","href":"https:\/\/api.w.org\/{rel}","templated":true}]}}