{"id":13362,"date":"2024-10-26T15:50:56","date_gmt":"2024-10-26T13:50:56","guid":{"rendered":"https:\/\/agora.xtec.cat\/iestremp\/?page_id=13362"},"modified":"2025-01-24T10:35:59","modified_gmt":"2025-01-24T09:35:59","slug":"certificats-professionals","status":"publish","type":"page","link":"https:\/\/agora.xtec.cat\/iestremp\/estudis\/certificats-professionals\/","title":{"rendered":"Certificats Professionals"},"content":{"rendered":"\n<p>El centre imparteix M\u00f2duls Formatius del Certificat Professional de\u00a0<strong>ENAE 108 \u2013 Muntatge i manteniment d&#8217;instal\u00b7lacions solars fotovoltaiques. <\/strong><\/p>\n\n\n\n<p><strong>M\u00f2duls que s&#8217;imparteixen:&nbsp;<\/strong><\/p>\n\n\n\n<figure class=\"wp-block-table\"><table><tbody><tr><td>M0149: Electrot\u00e8cnia<\/td><td>90h<\/td><\/tr><tr><td>M0150: Replantejament i funcionament de les instal\u00b7lacions solars fotovoltaiques<\/td><td>60h<\/td><\/tr><\/tbody><\/table><\/figure>\n\n\n\n<p>Hores totals: 150 hores<\/p>\n\n\n\n<p>Inici: Dilluns 3 de febrer<\/p>\n\n\n\n<p>Dies de la setmana: dilluns, dimarts, dimecres i dijous<\/p>\n\n\n\n<p>Horari: 15.20 a 18.30<\/p>\n\n\n\n<p>Dies festius: segons calendari escolar<\/p>\n\n\n\n<p>Requisits d&#8217;acc\u00e9s m\u00ednims: graduat escolar o prova d&#8217;acc\u00e9s a grau mitj\u00e0 (nivell 2) i no est\u00e0 treballant en el moment d&#8217;apuntar-se a la OTG (Oficina de Treball).<\/p>\n\n\n\n<p>Nota: Aquests m\u00f2duls, juntament amb les unitats de compet\u00e8ncia del CGM de IEA, us atorguen el certificat complet d&#8217;instal\u00b7lacions solars fotovoltaiques<\/p>\n\n\n\n<p>Relaci\u00f3 de unitats de compet\u00e8ncia:<\/p>\n\n\n\n<p><strong>UC0835_2: Replantejar instal\u00b7lacions solars fotovoltaiques.<\/strong><\/p>\n\n\n\n<p>UC0836_2: Muntar instal\u00b7lacions solars fotovoltaiques.<br>UC0837_2: Mantenir instal\u00b7lacions solars fotovoltaiques.<\/p>\n\n\n\n<p>Per saber-ne m\u00e9s us heu de dirigir o b\u00e9 a la OTG (Oficina de Treball) o b\u00e9 al tel\u00e8fon de l&#8217;institut&nbsp;<a href=\"https:\/\/www.google.com\/search?gs_ssp=eJzj4tFP1zesMjFJSstKKjZgtFI1qDA0SjQzMUwzMDG1NDUyS02xMqgwT0kysEg1NzRJskw0MDBN9eLMzCtWKClKzS0AAD01Ek4&amp;q=ins+tremp&amp;oq=ins+tre&amp;gs_lcrp=EgZjaHJvbWUqEAgBEC4YrwEYxwEYgAQYjgUyCggAEAAY4wIYgAQyEAgBEC4YrwEYxwEYgAQYjgUyBwgCEAAYgAQyBggDEEUYOTINCAQQLhivARjHARiABDIHCAUQABiABDIGCAYQRRg8MgYIBxBFGDzSAQgyNjMxajBqN6gCALACAA&amp;sourceid=chrome&amp;ie=UTF-8#\" target=\"_blank\" rel=\"noreferrer noopener\">973 65 08 36<\/a><\/p>\n","protected":false},"excerpt":{"rendered":"<p>El centre imparteix M\u00f2duls Formatius del Certificat Professional de\u00a0ENAE 108 \u2013 Muntatge i manteniment d&#8217;instal\u00b7lacions solars fotovoltaiques. M\u00f2duls que s&#8217;imparteixen:&nbsp; M0149: Electrot\u00e8cnia 90h M0150: Replantejament i funcionament de les instal\u00b7lacions solars fotovoltaiques 60h Hores totals: 150 hores Inici: Dilluns 3 de febrer Dies de la setmana: dilluns, dimarts, dimecres i dijous Horari: 15.20 a 18.30 [&hellip;]<\/p>\n","protected":false},"author":5,"featured_media":0,"parent":195,"menu_order":5,"comment_status":"closed","ping_status":"close","template":"page-templates\/side-menu.php","meta":{"_bbp_topic_count":0,"_bbp_reply_count":0,"_bbp_total_topic_count":0,"_bbp_total_reply_count":0,"_bbp_voice_count":0,"_bbp_anonymous_reply_count":0,"_bbp_topic_count_hidden":0,"_bbp_reply_count_hidden":0,"_bbp_forum_subforum_count":0,"site-sidebar-layout":"default","site-content-layout":"","ast-site-content-layout":"","site-content-style":"default","site-sidebar-style":"default","ast-global-header-display":"","ast-banner-title-visibility":"","ast-main-header-display":"","ast-hfb-above-header-display":"","ast-hfb-below-header-display":"","ast-hfb-mobile-header-display":"","site-post-title":"","ast-breadcrumbs-content":"","ast-featured-img":"","footer-sml-layout":"","theme-transparent-header-meta":"","adv-header-id-meta":"","stick-header-meta":"","header-above-stick-meta":"","header-main-stick-meta":"","header-below-stick-meta":"","astra-migrate-meta-layouts":"default","ast-page-background-enabled":"default","ast-page-background-meta":{"desktop":{"background-color":"var(--ast-global-color-4)","background-image":"","background-repeat":"repeat","background-position":"center center","background-size":"auto","background-attachment":"scroll","background-type":"","background-media":"","overlay-type":"","overlay-color":"","overlay-opacity":"","overlay-gradient":""},"tablet":{"background-color":"","background-image":"","background-repeat":"repeat","background-position":"center center","background-size":"auto","background-attachment":"scroll","background-type":"","background-media":"","overlay-type":"","overlay-color":"","overlay-opacity":"","overlay-gradient":""},"mobile":{"background-color":"","background-image":"","background-repeat":"repeat","background-position":"center center","background-size":"auto","background-attachment":"scroll","background-type":"","background-media":"","overlay-type":"","overlay-color":"","overlay-opacity":"","overlay-gradient":""}},"ast-content-background-meta":{"desktop":{"background-color":"var(--ast-global-color-5)","background-image":"","background-repeat":"repeat","background-position":"center center","background-size":"auto","background-attachment":"scroll","background-type":"","background-media":"","overlay-type":"","overlay-color":"","overlay-opacity":"","overlay-gradient":""},"tablet":{"background-color":"var(--ast-global-color-5)","background-image":"","background-repeat":"repeat","background-position":"center center","background-size":"auto","background-attachment":"scroll","background-type":"","background-media":"","overlay-type":"","overlay-color":"","overlay-opacity":"","overlay-gradient":""},"mobile":{"background-color":"var(--ast-global-color-5)","background-image":"","background-repeat":"repeat","background-position":"center center","background-size":"auto","background-attachment":"scroll","background-type":"","background-media":"","overlay-type":"","overlay-color":"","overlay-opacity":"","overlay-gradient":""}},"footnotes":""},"class_list":["post-13362","page","type-page","status-publish","hentry"],"post_mailing_queue_ids":[],"_links":{"self":[{"href":"https:\/\/agora.xtec.cat\/iestremp\/wp-json\/wp\/v2\/pages\/13362","targetHints":{"allow":["GET"]}}],"collection":[{"href":"https:\/\/agora.xtec.cat\/iestremp\/wp-json\/wp\/v2\/pages"}],"about":[{"href":"https:\/\/agora.xtec.cat\/iestremp\/wp-json\/wp\/v2\/types\/page"}],"author":[{"embeddable":true,"href":"https:\/\/agora.xtec.cat\/iestremp\/wp-json\/wp\/v2\/users\/5"}],"replies":[{"embeddable":true,"href":"https:\/\/agora.xtec.cat\/iestremp\/wp-json\/wp\/v2\/comments?post=13362"}],"version-history":[{"count":6,"href":"https:\/\/agora.xtec.cat\/iestremp\/wp-json\/wp\/v2\/pages\/13362\/revisions"}],"predecessor-version":[{"id":13591,"href":"https:\/\/agora.xtec.cat\/iestremp\/wp-json\/wp\/v2\/pages\/13362\/revisions\/13591"}],"up":[{"embeddable":true,"href":"https:\/\/agora.xtec.cat\/iestremp\/wp-json\/wp\/v2\/pages\/195"}],"wp:attachment":[{"href":"https:\/\/agora.xtec.cat\/iestremp\/wp-json\/wp\/v2\/media?parent=13362"}],"curies":[{"name":"wp","href":"https:\/\/api.w.org\/{rel}","templated":true}]}}